{"id":865,"date":"2011-10-03T20:37:40","date_gmt":"2011-10-03T17:37:40","guid":{"rendered":"http:\/\/www.eurokolikonmaailma.fi\/blogi\/?page_id=865"},"modified":"2016-02-26T19:20:14","modified_gmt":"2016-02-26T17:20:14","slug":"taustakuvat-backgrounds","status":"publish","type":"page","link":"https:\/\/www.eurokolikonmaailma.fi\/?page_id=865","title":{"rendered":"Taustakuvat (backgrounds)"},"content":{"rendered":"<table style=\"border: 0px;\">\n<tbody>\n<tr>\n<td style=\"border: 0px;\">\u00a0<img loading=\"lazy\" decoding=\"async\" class=\"alignnone\" title=\"Taustakuva (v\u00e4rikopio) Stardican linnoituksen sis\u00e4lt\u00e4\" src=\"http:\/\/motu.eurokolikonmaailma.fi\/kuvat\/cels\/likefatherdaughter_bg_mid.jpg\" alt=\"\" width=\"82\" height=\"58\" \/><\/td>\n<td style=\"border: 0px;\"><a href=\"https:\/\/www.eurokolikonmaailma.fi\/blogi\/?page_id=1296\">Stardica, MU013<\/a><\/td>\n<\/tr>\n<tr>\n<td style=\"border: 0px;\">\u00a0<img decoding=\"async\" src=\"http:\/\/motu.eurokolikonmaailma.fi\/kuvat\/cels\/celbg_mu14_mid.jpg\" alt=\"\" width=\"82\" \/><\/td>\n<td style=\"border: 0px;\"><a href=\"https:\/\/www.eurokolikonmaailma.fi\/?page_id=3712\">Palatsin muuri, MU014<\/a><\/td>\n<\/tr>\n<tr>\n<td style=\"border: 0px;\">\u00a0<img loading=\"lazy\" decoding=\"async\" class=\"alignnone\" title=\"Taustakuva (v\u00e4rikopio) kuninkaallisen palatsin sis\u00e4lt\u00e4\" src=\"http:\/\/motu.eurokolikonmaailma.fi\/kuvat\/cels\/palace_bg_mid.jpg\" alt=\"\" width=\"82\" height=\"65\" \/><\/td>\n<td style=\"border: 0px;\"><a href=\"https:\/\/www.eurokolikonmaailma.fi\/blogi\/?page_id=1275\">Kuninkaallinen palatsi, MU017<\/a><\/td>\n<\/tr>\n<tr>\n<td style=\"border: 0px;\">\u00a0<img decoding=\"async\" src=\"http:\/\/motu.eurokolikonmaailma.fi\/kuvat\/cels\/celbg_mu20_mid.jpg\" alt=\"\" width=\"82\" \/><\/td>\n<td style=\"border: 0px;\"><a href=\"https:\/\/www.eurokolikonmaailma.fi\/?page_id=3709\">Trolla, MU020<\/a><\/td>\n<\/tr>\n<tr>\n<td style=\"border: 0px;\">\u00a0<img loading=\"lazy\" decoding=\"async\" class=\"alignnone\" title=\"Taustakuva (v\u00e4rikopio) er\u00e4\u00e4st\u00e4 kyl\u00e4st\u00e4\" src=\"http:\/\/motu.eurokolikonmaailma.fi\/kuvat\/cels\/sunder_cel_bg.jpg\" alt=\"\" width=\"82\" height=\"69\" \/><\/td>\n<td style=\"border: 0px;\"><a href=\"https:\/\/www.eurokolikonmaailma.fi\/blogi\/?page_id=1280\">Kyl\u00e4, MU120<\/a><\/td>\n<\/tr>\n<tr>\n<td style=\"border: 0px;\">\u00a0<img decoding=\"async\" src=\"http:\/\/motu.eurokolikonmaailma.fi\/kuvat\/cels\/celbg_mu125_mid.jpg\" alt=\"\" width=\"82\" \/><\/td>\n<td style=\"border: 0px;\"><a href=\"https:\/\/www.eurokolikonmaailma.fi\/?page_id=3715\">Palatsin makuukamari, MU125<\/a><\/td>\n<\/tr>\n<tr>\n<td style=\"border: 0px;\">\u00a0<img loading=\"lazy\" decoding=\"async\" class=\"alignnone\" title=\"Taustakuva (k\u00e4sinmaalattu) kuninkaallisen palatsin parvekkeesta\" src=\"http:\/\/motu.eurokolikonmaailma.fi\/kuvat\/cels\/capture_cometkeeper_background_mid.jpg\" alt=\"\" width=\"82\" height=\"68\" \/><\/td>\n<td style=\"border: 0px;\"><a href=\"https:\/\/www.eurokolikonmaailma.fi\/blogi\/?page_id=1284\">Parveke, MU126<\/a><\/td>\n<\/tr>\n<\/tbody>\n<\/table>\n","protected":false},"excerpt":{"rendered":"<p>\u00a0 Stardica, MU013 \u00a0 Palatsin muuri, MU014 \u00a0 Kuninkaallinen palatsi, MU017 \u00a0 Trolla, MU020 \u00a0 Kyl\u00e4, MU120 \u00a0 Palatsin makuukamari, MU125 \u00a0 Parveke, MU126<\/p>\n","protected":false},"author":1,"featured_media":0,"parent":857,"menu_order":0,"comment_status":"open","ping_status":"open","template":"","meta":{"footnotes":""},"class_list":["post-865","page","type-page","status-publish","hentry"],"_links":{"self":[{"href":"https:\/\/www.eurokolikonmaailma.fi\/index.php?rest_route=\/wp\/v2\/pages\/865","targetHints":{"allow":["GET"]}}],"collection":[{"href":"https:\/\/www.eurokolikonmaailma.fi\/index.php?rest_route=\/wp\/v2\/pages"}],"about":[{"href":"https:\/\/www.eurokolikonmaailma.fi\/index.php?rest_route=\/wp\/v2\/types\/page"}],"author":[{"embeddable":true,"href":"https:\/\/www.eurokolikonmaailma.fi\/index.php?rest_route=\/wp\/v2\/users\/1"}],"replies":[{"embeddable":true,"href":"https:\/\/www.eurokolikonmaailma.fi\/index.php?rest_route=%2Fwp%2Fv2%2Fcomments&post=865"}],"version-history":[{"count":13,"href":"https:\/\/www.eurokolikonmaailma.fi\/index.php?rest_route=\/wp\/v2\/pages\/865\/revisions"}],"predecessor-version":[{"id":3717,"href":"https:\/\/www.eurokolikonmaailma.fi\/index.php?rest_route=\/wp\/v2\/pages\/865\/revisions\/3717"}],"up":[{"embeddable":true,"href":"https:\/\/www.eurokolikonmaailma.fi\/index.php?rest_route=\/wp\/v2\/pages\/857"}],"wp:attachment":[{"href":"https:\/\/www.eurokolikonmaailma.fi\/index.php?rest_route=%2Fwp%2Fv2%2Fmedia&parent=865"}],"curies":[{"name":"wp","href":"https:\/\/api.w.org\/{rel}","templated":true}]}}