{"id":819,"date":"2011-09-22T22:18:08","date_gmt":"2011-09-22T19:18:08","guid":{"rendered":"http:\/\/www.eurokolikonmaailma.fi\/blogi\/?page_id=819"},"modified":"2025-09-22T16:55:35","modified_gmt":"2025-09-22T13:55:35","slug":"vhs-he-man-ja-lumokiven-kirous","status":"publish","type":"page","link":"https:\/\/www.eurokolikonmaailma.fi\/?page_id=819","title":{"rendered":"VHS: He-Man ja Lumokiven kirous"},"content":{"rendered":"<p><img loading=\"lazy\" decoding=\"async\" src=\"http:\/\/motu.eurokolikonmaailma.fi\/kuvat\/video\/hmatmotu_logo.jpg\" alt=\"\" width=\"76\" height=\"47\" \/><img loading=\"lazy\" decoding=\"async\" src=\"http:\/\/motu.eurokolikonmaailma.fi\/kuvat\/video\/vhs_logo.jpg\" alt=\"\" width=\"91\" height=\"46\" \/>\u00a0<img loading=\"lazy\" decoding=\"async\" src=\"http:\/\/motu.eurokolikonmaailma.fi\/kuvat\/video\/sallittu.jpg\" alt=\"\" width=\"56\" height=\"44\" \/><\/p>\n<h1><span style=\"font-size: xx-large;\">He-Man\u00a0and the Masters of the Universe \u00a0ja\u00a0<\/span><span style=\"font-size: xx-large;\">Lumokiven kirous<\/span><\/h1>\n<p><span class=\"Apple-style-span\" style=\"color: #000000; font-family: Georgia, 'Times New Roman', 'Bitstream Charter', Times, serif; font-size: 12px; line-height: 18px;\"><a href=\"http:\/\/motu.eurokolikonmaailma.fi\/kuvat\/video\/hmlkk_back_cover_mid.jpg\" target=\"_blank\" rel=\"noopener\"><img loading=\"lazy\" decoding=\"async\" title=\"Kasettikotelon takakansi\" src=\"http:\/\/motu.eurokolikonmaailma.fi\/kuvat\/video\/hmlkk_back_cover_mid.jpg\" alt=\"\" width=\"210\" height=\"356\" \/><\/a><\/span><span class=\"Apple-style-span\" style=\"font-family: 'Times New Roman'; line-height: normal; font-size: medium;\"><a href=\"http:\/\/motu.eurokolikonmaailma.fi\/kuvat\/video\/hmlkk_spine_mid.jpg\" target=\"_blank\" rel=\"noopener\"><img loading=\"lazy\" decoding=\"async\" title=\"Kasettikotelon sivu\" src=\"http:\/\/motu.eurokolikonmaailma.fi\/kuvat\/video\/hmlkk_spine_mid.jpg\" alt=\"\" width=\"58\" height=\"356\" \/><\/a><\/span><span class=\"Apple-style-span\" style=\"color: #000000; font-family: Georgia, 'Times New Roman', 'Bitstream Charter', Times, serif; font-size: 12px; line-height: 18px;\"><a href=\"http:\/\/motu.eurokolikonmaailma.fi\/kuvat\/video\/hmlkk_front_cover_mid.jpg\" target=\"_blank\" rel=\"noopener\"><img loading=\"lazy\" decoding=\"async\" title=\"Kasettikotelon etukansi\" src=\"http:\/\/motu.eurokolikonmaailma.fi\/kuvat\/video\/hmlkk_front_cover_mid.jpg\" alt=\"\" width=\"216\" height=\"356\" \/><\/a><span class=\"Apple-style-span\" style=\"color: #444444; font-family: Georgia, 'Bitstream Charter', serif; font-size: 16px; line-height: 24px;\"><a href=\"http:\/\/motu.eurokolikonmaailma.fi\/kuvat\/video\/VHS_case_sideview2.jpg\" target=\"_blank\" rel=\"noopener\"><img loading=\"lazy\" decoding=\"async\" title=\"Kasettikotelon kuva takaa kulmassa\" src=\"http:\/\/motu.eurokolikonmaailma.fi\/kuvat\/video\/VHS_case_sideview2.jpg\" alt=\"\" width=\"169\" height=\"356\" \/><\/a>\u00a0<\/span><\/span><span class=\"Apple-style-span\" style=\"color: #000000; font-family: Georgia, 'Times New Roman', 'Bitstream Charter', Times, serif; font-size: 12px; line-height: 18px;\"><img loading=\"lazy\" decoding=\"async\" title=\"Kasettikotelo edest\u00e4 kulmassa\" src=\"http:\/\/motu.eurokolikonmaailma.fi\/kuvat\/video\/VHS_case_sideview.jpg\" alt=\"\" width=\"165\" height=\"356\" \/><\/span><\/p>\n<blockquote><p><span class=\"Apple-style-span\" style=\"color: #000000; font-family: Georgia, 'Times New Roman', 'Bitstream Charter', Times, serif; font-size: 12px; line-height: 18px;\"><span class=\"Apple-style-span\" style=\"color: #444444; font-family: 'Times New Roman'; font-size: 16px; line-height: 24px;\">Konnamainen Evil-Lyn naamioituu Eternian asukkaaksi ja vapauttaa Matelevan Horacin, mik\u00e4 saa loukkuun kuninkaallisen perheen palatsin sis\u00e4lle.<br \/>\n<\/span><\/span><span class=\"Apple-style-span\" style=\"font-family: 'Times New Roman';\">Mik\u00e4 voisi pelastaa heid\u00e4t? Tietysti He-Man! Kautta P\u00e4\u00e4kallolinnan &#8211; min\u00e4 olen voima!<br \/>\n<\/span><span class=\"Apple-style-span\" style=\"font-family: 'Times New Roman';\">Kasetilla on kaksi muuta j\u00e4nnitt\u00e4v\u00e4\u00e4 He-Man seikkailua, mik\u00e4 tapahtuvat synk\u00e4ll\u00e4 K\u00e4\u00e4rmevuorella.<\/span><\/p><\/blockquote>\n<p><span class=\"Apple-style-span\" style=\"color: #000000; font-family: 'Times New Roman'; font-size: 22px; line-height: 32px;\">Tiedot:<\/span><\/p>\n<p><span class=\"Apple-style-span\" style=\"color: #444444; font-size: 16px; line-height: 24px;\">* Kesto: 65 minuuttia<br \/>\n<\/span>* Ik\u00e4raja: sallittu (S\/T) &#8211; I-01387<br \/>\n&#8211; sopii yleisesti kaikenik\u00e4isille<br \/>\n* Valmistumisvuosi: 1983 (VHS 1993)<br \/>\n*\u00a0\u00c4\u00e4ni: mono<br \/>\n* \u00c4\u00e4ni: Suomenkielinen puhe<br \/>\n* Dubbaus_ Golden Voice Oy<br \/>\n* Kuvakoko: 4:3<br \/>\n*\u00a01 VHS<br \/>\n* Julkaisija: Castle Video<\/p>\n<h2>Jaksoluettelo:<\/h2>\n<p>&#8211; The Curse of the Spell Stone (Lumokiven kirous)<br \/>\n&#8211; Masks of Power (Vallannaamiot*)<br \/>\n&#8211; A Beastly Side Show (Petomainen sivun\u00e4yt\u00f6s**)<\/p>\n<p>* Suomennos perustuu siihen kuinka &#8221;Masks of Power&#8221; on suomennettu ko. jaksossa.<br \/>\n* * T\u00e4ysin oma henkil\u00f6kohtainen suomennokseni jaksonimelle<\/p>\n<p><a title=\"Jaksonimike &quot;The Curse of the Spellstone&quot;\" href=\"http:\/\/motu.eurokolikonmaailma.fi\/kuvat\/video\/MU007-titlecard.jpg\" target=\"_blank\" rel=\"noopener\"><img loading=\"lazy\" decoding=\"async\" src=\"http:\/\/motu.eurokolikonmaailma.fi\/kuvat\/video\/MU007-titlecard.jpg\" alt=\"\" width=\"503\" height=\"376\" \/><\/a><\/p>\n<p><a href=\"http:\/\/motu.eurokolikonmaailma.fi\/kuvat\/video\/MU0011-titlecard.jpg\" target=\"_blank\" rel=\"noopener\"><img loading=\"lazy\" decoding=\"async\" title=\"Jaksonimike &quot;Masks of Power&quot;\" src=\"http:\/\/motu.eurokolikonmaailma.fi\/kuvat\/video\/MU0011-titlecard.jpg\" alt=\"\" width=\"503\" height=\"378\" \/><\/a><\/p>\n<p><a href=\"http:\/\/motu.eurokolikonmaailma.fi\/kuvat\/video\/weird_title_MU011.jpg\" target=\"_blank\" rel=\"noopener\"><img loading=\"lazy\" decoding=\"async\" src=\"http:\/\/motu.eurokolikonmaailma.fi\/kuvat\/video\/weird_title_MU011.jpg\" alt=\"\" width=\"503\" height=\"375\" \/><\/a><\/p>\n<p><a href=\"http:\/\/motu.eurokolikonmaailma.fi\/kuvat\/video\/MU0015-titlecard.jpg\" target=\"_blank\" rel=\"noopener\"><img loading=\"lazy\" decoding=\"async\" title=\"Jaksonimike &quot;A Beastly Sideshow&quot;\" src=\"http:\/\/motu.eurokolikonmaailma.fi\/kuvat\/video\/MU0015-titlecard.jpg\" alt=\"\" width=\"503\" height=\"376\" \/><\/a><\/p>\n<p><a href=\"http:\/\/motu.eurokolikonmaailma.fi\/kuvat\/video\/weird_title_MU015.jpg\" target=\"_blank\" rel=\"noopener\"><img loading=\"lazy\" decoding=\"async\" src=\"http:\/\/motu.eurokolikonmaailma.fi\/kuvat\/video\/weird_title_MU015.jpg\" alt=\"\" width=\"503\" height=\"369\" \/><\/a><\/p>\n<p><a href=\"http:\/\/motu.eurokolikonmaailma.fi\/kuvat\/video\/VHS_tape_front.jpg\" target=\"_blank\" rel=\"noopener\"><img loading=\"lazy\" decoding=\"async\" title=\"Kasetti p\u00e4\u00e4lt\u00e4p\u00e4in\" src=\"http:\/\/motu.eurokolikonmaailma.fi\/kuvat\/video\/VHS_tape_front.jpg\" alt=\"\" width=\"356\" height=\"199\" \/><\/a>\u00a0\u00a0 \u00a0\u00a0<a href=\"http:\/\/motu.eurokolikonmaailma.fi\/kuvat\/video\/VHS_tape_angled.jpg\" target=\"_blank\" rel=\"noopener\"><img loading=\"lazy\" decoding=\"async\" title=\"Kasetti sivulta kulmassa\" src=\"http:\/\/motu.eurokolikonmaailma.fi\/kuvat\/video\/VHS_tape_angled.jpg\" alt=\"\" width=\"324\" height=\"203\" \/><\/a><a href=\"http:\/\/motu.eurokolikonmaailma.fi\/kuvat\/video\/VHS_tape_angled2.jpg\" target=\"_blank\" rel=\"noopener\"><img loading=\"lazy\" decoding=\"async\" title=\"Kasetti ylh\u00e4\u00e4lt\u00e4 kulmassa\" src=\"http:\/\/motu.eurokolikonmaailma.fi\/kuvat\/video\/VHS_tape_angled2.jpg\" alt=\"\" width=\"378\" height=\"146\" \/><\/a><\/p>\n<h2>Audioklippej\u00e4:<\/h2>\n<p>* Alkuintro &#8211; Lumokiven kirous<\/p>\n<audio class=\"wp-audio-shortcode\" id=\"audio-819-1\" preload=\"none\" style=\"width: 100%;\" controls=\"controls\"><source type=\"audio\/mpeg\" src=\"http:\/\/motu.eurokolikonmaailma.fi\/video\/audio_lumokivi\/alkuintro_lumokivenkirous.mp3?_=1\" \/><a href=\"http:\/\/motu.eurokolikonmaailma.fi\/video\/audio_lumokivi\/alkuintro_lumokivenkirous.mp3\">http:\/\/motu.eurokolikonmaailma.fi\/video\/audio_lumokivi\/alkuintro_lumokivenkirous.mp3<\/a><\/audio>\n<p>&nbsp;<\/p>\n<p>* Alkuintro &#8211; Vallannaamiot<\/p>\n<audio class=\"wp-audio-shortcode\" id=\"audio-819-2\" preload=\"none\" style=\"width: 100%;\" controls=\"controls\"><source type=\"audio\/mpeg\" src=\"http:\/\/motu.eurokolikonmaailma.fi\/video\/audio_lumokivi\/alkuintro_lumokivenkirous2.mp3?_=2\" \/><a href=\"http:\/\/motu.eurokolikonmaailma.fi\/video\/audio_lumokivi\/alkuintro_lumokivenkirous2.mp3\">http:\/\/motu.eurokolikonmaailma.fi\/video\/audio_lumokivi\/alkuintro_lumokivenkirous2.mp3<\/a><\/audio>\n<p>&nbsp;<\/p>\n<p>* Alkuintro &#8211; Petomainen sivun\u00e4yt\u00f6s<\/p>\n<audio class=\"wp-audio-shortcode\" id=\"audio-819-3\" preload=\"none\" style=\"width: 100%;\" controls=\"controls\"><source type=\"audio\/mpeg\" src=\"http:\/\/motu.eurokolikonmaailma.fi\/video\/audio_lumokivi\/alkuintro_lumokivenkirous3.mp3?_=3\" \/><a href=\"http:\/\/motu.eurokolikonmaailma.fi\/video\/audio_lumokivi\/alkuintro_lumokivenkirous3.mp3\">http:\/\/motu.eurokolikonmaailma.fi\/video\/audio_lumokivi\/alkuintro_lumokivenkirous3.mp3<\/a><\/audio>\n","protected":false},"excerpt":{"rendered":"<p>\u00a0 He-Man\u00a0and the Masters of the Universe \u00a0ja\u00a0Lumokiven kirous \u00a0 Konnamainen Evil-Lyn naamioituu Eternian asukkaaksi ja vapauttaa Matelevan Horacin, mik\u00e4 saa loukkuun kuninkaallisen perheen palatsin sis\u00e4lle. Mik\u00e4 voisi pelastaa heid\u00e4t? Tietysti He-Man! Kautta P\u00e4\u00e4kallolinnan &#8211; min\u00e4 olen voima! Kasetilla on &hellip; <a href=\"https:\/\/www.eurokolikonmaailma.fi\/?page_id=819\">Lue loppuun <span class=\"meta-nav\">&rarr;<\/span><\/a><\/p>\n","protected":false},"author":1,"featured_media":0,"parent":962,"menu_order":0,"comment_status":"open","ping_status":"open","template":"","meta":{"footnotes":""},"class_list":["post-819","page","type-page","status-publish","hentry"],"_links":{"self":[{"href":"https:\/\/www.eurokolikonmaailma.fi\/index.php?rest_route=\/wp\/v2\/pages\/819","targetHints":{"allow":["GET"]}}],"collection":[{"href":"https:\/\/www.eurokolikonmaailma.fi\/index.php?rest_route=\/wp\/v2\/pages"}],"about":[{"href":"https:\/\/www.eurokolikonmaailma.fi\/index.php?rest_route=\/wp\/v2\/types\/page"}],"author":[{"embeddable":true,"href":"https:\/\/www.eurokolikonmaailma.fi\/index.php?rest_route=\/wp\/v2\/users\/1"}],"replies":[{"embeddable":true,"href":"https:\/\/www.eurokolikonmaailma.fi\/index.php?rest_route=%2Fwp%2Fv2%2Fcomments&post=819"}],"version-history":[{"count":19,"href":"https:\/\/www.eurokolikonmaailma.fi\/index.php?rest_route=\/wp\/v2\/pages\/819\/revisions"}],"predecessor-version":[{"id":6011,"href":"https:\/\/www.eurokolikonmaailma.fi\/index.php?rest_route=\/wp\/v2\/pages\/819\/revisions\/6011"}],"up":[{"embeddable":true,"href":"https:\/\/www.eurokolikonmaailma.fi\/index.php?rest_route=\/wp\/v2\/pages\/962"}],"wp:attachment":[{"href":"https:\/\/www.eurokolikonmaailma.fi\/index.php?rest_route=%2Fwp%2Fv2%2Fmedia&parent=819"}],"curies":[{"name":"wp","href":"https:\/\/api.w.org\/{rel}","templated":true}]}}