{"id":6014,"date":"2025-10-05T17:55:12","date_gmt":"2025-10-05T14:55:12","guid":{"rendered":"https:\/\/www.eurokolikonmaailma.fi\/?page_id=6014"},"modified":"2025-10-05T18:20:05","modified_gmt":"2025-10-05T15:20:05","slug":"he-man-and-the-masters-of-the-universe-1-2016","status":"publish","type":"page","link":"https:\/\/www.eurokolikonmaailma.fi\/?page_id=6014","title":{"rendered":"He-Man and the Masters of the Universe 1 (2016)"},"content":{"rendered":"<p><img loading=\"lazy\" decoding=\"async\" src=\"http:\/\/motu.eurokolikonmaailma.fi\/kuvat\/video\/hmatmotu_logo.jpg\" alt=\"\" width=\"76\" height=\"47\" \/><img loading=\"lazy\" decoding=\"async\" src=\"http:\/\/motu.eurokolikonmaailma.fi\/kuvat\/video\/210px-Dvd-video-logo.svg.png\" alt=\"\" width=\"78\" height=\"48\" \/><img loading=\"lazy\" decoding=\"async\" src=\"http:\/\/motu.eurokolikonmaailma.fi\/kuvat\/video\/alue2.jpg\" alt=\"\" width=\"47\" height=\"48\" \/><img loading=\"lazy\" decoding=\"async\" src=\"http:\/\/motu.eurokolikonmaailma.fi\/kuvat\/video\/k7.jpg\" alt=\"\" width=\"48\" height=\"48\" \/><img loading=\"lazy\" decoding=\"async\" class=\"alignnone size-full\" src=\"http:\/\/motu.eurokolikonmaailma.fi\/kuvat\/video\/ahdistusta.png\" width=\"47\" height=\"47\" \/><\/p>\n<h1>He-Man and the Masters of the Universe 1<\/h1>\n<p><a href=\"http:\/\/motu.eurokolikonmaailma.fi\/kuvat\/video\/hmmotu2016\/hmotu2016_d1_bc.jpg\" target=\"_blank\" rel=\"noopener\"><img loading=\"lazy\" decoding=\"async\" class=\"alignnone\" src=\"http:\/\/motu.eurokolikonmaailma.fi\/kuvat\/video\/hmmotu2016\/hmotu2016_d1_bc.jpg\" alt=\"He-Man and the Masters of the Universe DVDn takakansi, jossa jaksokuvaukset ja tekniset tiedot (molemmat l\u00f6ytyv\u00e4t tekstimuodossa alempaa sivulta).\" width=\"213\" height=\"300\" \/><\/a><a href=\"http:\/\/motu.eurokolikonmaailma.fi\/kuvat\/video\/hmmotu2016\/hmotu2016_d1_sp.jpg\" target=\"_blank\" rel=\"noopener\"><img loading=\"lazy\" decoding=\"async\" class=\"alignnone\" src=\"http:\/\/motu.eurokolikonmaailma.fi\/kuvat\/video\/hmmotu2016\/hmotu2016_d1_sp.jpg\" alt=\"He-Man and the Masters of the Universe DVDn selk\u00e4mys.\" width=\"24\" height=\"300\" \/><\/a><a href=\"http:\/\/motu.eurokolikonmaailma.fi\/kuvat\/video\/hmmotu2016\/hmotu2016_d1_fc.jpg\" target=\"_blank\" rel=\"noopener\"><img loading=\"lazy\" decoding=\"async\" class=\"alignnone\" src=\"http:\/\/motu.eurokolikonmaailma.fi\/kuvat\/video\/hmmotu2016\/hmotu2016_d1_fc.jpg\" alt=\"He-Man and the Masters of the Universe dubbi-DVDn kansi. Kuvassa He-Man sek\u00e4 muita hyvis- ja pahishahmoja.\" width=\"210\" height=\"300\" \/><\/a><\/p>\n<p><a href=\"http:\/\/motu.eurokolikonmaailma.fi\/kuvat\/video\/hmmotu2016\/hmotu2016_d1.jpg\" target=\"_blank\" rel=\"noopener\"><img loading=\"lazy\" decoding=\"async\" class=\"alignnone\" src=\"http:\/\/motu.eurokolikonmaailma.fi\/kuvat\/video\/hmmotu2016\/hmotu2016_d1.jpg\" alt=\"He-Man and the Masters of the Universe dubbi-DVD 1. Levyss\u00e4 kuvattuna He-Man.\" width=\"200\" height=\"200\" \/><\/a><\/p>\n<p>Vuonna 2016 Futurefilm julkaisi t\u00e4m\u00e4n DVDn, joka sis\u00e4lt\u00e4\u00e4 kaksi suomeksi dubattua jaksoa. N\u00e4ist\u00e4 jaksoista on olemassa jo vanhempi dubbiversio 80-luvulta (He-Man and the Masters of the Universe ja Naispaholainen -VHS), mutta t\u00e4m\u00e4 on siis t\u00e4ysin uusi t\u00e4t\u00e4 julkaisua varten tehty dubbi.<\/p>\n<p>N\u00e4it\u00e4 uusdubbauksia julkaistiin vain kahden DVDn verran, sill\u00e4 ne eiv\u00e4t oikein ottaneet tuulta alleen fanikunnan keskuudessa. Syit\u00e4 olivat mm. suhteellisen kallishinta (10 \u20ac \/ DVD eli 5 \u20ac \/ jakso) sek\u00e4 dubbien laatu.<\/p>\n<blockquote><p><strong>Episodi 1: Kosminen komeetta<\/strong><\/p>\n<p>T\u00e4ss\u00e4 jaksossa Zagrazilla on ongelma. H\u00e4n on menett\u00e4nyt itseluottamuksensa, koska ep\u00e4onnistuu kerran. Me kaikki ep\u00e4onnistumme joskus, mutta sit\u00e4 ei pit\u00e4isi koskaan pel\u00e4t\u00e4. T\u00e4ytyy aina muistaa uskoa itseens\u00e4. Kuten vanha sanonta kuuluu: jos et heti onnistu, yrit\u00e4 ja yrit\u00e4 uudestaan.<\/p>\n<p><strong>Episodi 2: Hahmosauva<\/strong><\/p>\n<p>T\u00e4ss\u00e4 jaksossa n\u00e4ette kuinka vieras tulee palatsiin ja osoittautuu ilke\u00e4ksi ja vaarallisesksi. Tietenk\u00e4\u00e4n ihmiset eiv\u00e4t oikeasti muutu el\u00e4imiksi, mutta ventovieraat eiv\u00e4t aina ole yst\u00e4v\u00e4llisi\u00e4. \u00c4l\u00e4 luota sokeasti outoihin ihmisiin, \u00e4l\u00e4 ota heilt\u00e4 mit\u00e4\u00e4n vastaan, \u00e4l\u00e4k\u00e4 l\u00e4hde heid\u00e4n mukaansa. Viisainta on joskus vain k\u00e4vell\u00e4 pois &#8211; tai He-Manin tapauksessa lent\u00e4\u00e4 pois.<\/p><\/blockquote>\n<p><strong>Tekniset tiedot:<br \/>\n<\/strong>* Kesto: n. 44 minuuttia<br \/>\n* Ik\u00e4raja: 7<br \/>\n&#8211; sopii yleisesti kaikenik\u00e4isille, mutta jotkin kohdat voivat olla sopimattomia \u00a0 \u00a0pienimmille lapsille pelottavien kohtausten vuoksi<\/p>\n<p>* Valmistumisvuosi: 1983 (DVD 2016)<br \/>\n* Aluekoodi: 2<br \/>\n* \u00c4\u00e4ni: Dolby Digital 2.0<br \/>\n* Kieli: Puhuttu suomeksi<br \/>\n* Kuvakoko: 4:3<br \/>\n* DVD-formaatti: DVD5<br \/>\n* EAN: 6416548596914<br \/>\n* Keepcase 1 DVD<br \/>\n* Julkaisija: Futurefilm<br \/>\n* Alkuper\u00e4iset jaksot: The Cosmic Comet, The Shaping Staff<\/p>\n","protected":false},"excerpt":{"rendered":"<p>He-Man and the Masters of the Universe 1 Vuonna 2016 Futurefilm julkaisi t\u00e4m\u00e4n DVDn, joka sis\u00e4lt\u00e4\u00e4 kaksi suomeksi dubattua jaksoa. N\u00e4ist\u00e4 jaksoista on olemassa jo vanhempi dubbiversio 80-luvulta (He-Man and the Masters of the Universe ja Naispaholainen -VHS), mutta t\u00e4m\u00e4 &hellip; <a href=\"https:\/\/www.eurokolikonmaailma.fi\/?page_id=6014\">Lue loppuun <span class=\"meta-nav\">&rarr;<\/span><\/a><\/p>\n","protected":false},"author":1,"featured_media":0,"parent":1056,"menu_order":0,"comment_status":"closed","ping_status":"closed","template":"","meta":{"footnotes":""},"class_list":["post-6014","page","type-page","status-publish","hentry"],"_links":{"self":[{"href":"https:\/\/www.eurokolikonmaailma.fi\/index.php?rest_route=\/wp\/v2\/pages\/6014","targetHints":{"allow":["GET"]}}],"collection":[{"href":"https:\/\/www.eurokolikonmaailma.fi\/index.php?rest_route=\/wp\/v2\/pages"}],"about":[{"href":"https:\/\/www.eurokolikonmaailma.fi\/index.php?rest_route=\/wp\/v2\/types\/page"}],"author":[{"embeddable":true,"href":"https:\/\/www.eurokolikonmaailma.fi\/index.php?rest_route=\/wp\/v2\/users\/1"}],"replies":[{"embeddable":true,"href":"https:\/\/www.eurokolikonmaailma.fi\/index.php?rest_route=%2Fwp%2Fv2%2Fcomments&post=6014"}],"version-history":[{"count":8,"href":"https:\/\/www.eurokolikonmaailma.fi\/index.php?rest_route=\/wp\/v2\/pages\/6014\/revisions"}],"predecessor-version":[{"id":6023,"href":"https:\/\/www.eurokolikonmaailma.fi\/index.php?rest_route=\/wp\/v2\/pages\/6014\/revisions\/6023"}],"up":[{"embeddable":true,"href":"https:\/\/www.eurokolikonmaailma.fi\/index.php?rest_route=\/wp\/v2\/pages\/1056"}],"wp:attachment":[{"href":"https:\/\/www.eurokolikonmaailma.fi\/index.php?rest_route=%2Fwp%2Fv2%2Fmedia&parent=6014"}],"curies":[{"name":"wp","href":"https:\/\/api.w.org\/{rel}","templated":true}]}}