{"id":5798,"date":"2025-06-09T00:22:25","date_gmt":"2025-06-08T21:22:25","guid":{"rendered":"https:\/\/www.eurokolikonmaailma.fi\/?page_id=5798"},"modified":"2025-06-09T00:24:08","modified_gmt":"2025-06-08T21:24:08","slug":"peekablue","status":"publish","type":"page","link":"https:\/\/www.eurokolikonmaailma.fi\/?page_id=5798","title":{"rendered":"Peekablue"},"content":{"rendered":"<p><img loading=\"lazy\" decoding=\"async\" style=\"color: #000000; font-family: 'Times New Roman'; line-height: normal; font-size: medium; font-weight: bold; width: 123px; height: 47px;\" src=\"http:\/\/motu.eurokolikonmaailma.fi\/kuvat\/Peekablue\/motuc.1.jpg\" alt=\"\" width=\"580\" height=\"221\" \/><img decoding=\"async\" style=\"color: #000000; font-family: 'Times New Roman'; line-height: normal; font-size: medium; font-weight: bold; width: 96px; height: 47px;\" src=\"http:\/\/motu.eurokolikonmaailma.fi\/kuvat\/Peekablue\/POP_logo.jpg\" \/><img loading=\"lazy\" decoding=\"async\" style=\"color: #000000; font-family: 'Times New Roman'; line-height: normal; font-size: medium; font-weight: bold; width: 46px; height: 47px;\" src=\"http:\/\/motu.eurokolikonmaailma.fi\/kuvat\/Peekablue\/clubeternia_burst.gif\" alt=\"\" width=\"79\" height=\"80\" \/><br style=\"color: #000000; font-family: 'Times New Roman'; font-size: medium; font-weight: bold; line-height: normal;\" \/><span style=\"color: #000000; font-family: 'Times New Roman'; font-size: medium; line-height: normal;\">Tuotekoodi: CHF12<\/span><\/p>\n<h1>Peekablue<br \/>\n&#8211; Watchful Feathered Friend<\/h1>\n<p><img loading=\"lazy\" decoding=\"async\" class=\"alignnone size-full\" src=\"http:\/\/motu.eurokolikonmaailma.fi\/kuvat\/Peekablue\/CHF12_007_600x600.jpg\" width=\"300\" height=\"300\" \/><img loading=\"lazy\" decoding=\"async\" class=\"alignnone size-full\" src=\"http:\/\/motu.eurokolikonmaailma.fi\/kuvat\/Peekablue\/CHF12_008_600x600.jpg\" width=\"300\" height=\"300\" \/><\/p>\n<p><strong>Oikea nimi:<\/strong> Penelope<\/p>\n<p>A magical princess of Etheria, Penelope has the power to see in all directions. Her fabulous peacock feathers fan out into a beautiful plumage, which is the source of her powers and makes her a master spy. She is so proud of them that she likes to strut around Etheria just to show them off. It is the eyes at the tips of these pretty plumes that give her the power of omnidirectional vision. This bird&#8217;s eye view of all Etheria lets her know when Catra and the Horde make mischief. After the Horde left Etheria, she joined She-Ra and other members of the Great Rebellion on Eternia to continue the fight for freedom and peace. During the Second Ultimate Battleground she fought side by side with Man-E-Faces, eventually falling in love with him and choosing to stay on Eternia as a member of the Masters of the Universe.<\/p>\n<p><em>Maaginen prinsessa Etherialta, Penelopella on voima n\u00e4hd\u00e4 kaikkiin suuntiin. H\u00e4nen upeat riikinkukko sulkansa asettuvat upeaksi h\u00f6yhenpeitteeksi, joka on h\u00e4nen voimiensa l\u00e4hde ja tekee h\u00e4nest\u00e4 mestarivakoojan. H\u00e4n on niin ylpe\u00e4 niist\u00e4, ett\u00e4 h\u00e4n tykk\u00e4\u00e4 tepastella ymp\u00e4ri Etheriaa niit\u00e4 esitellen. Se on h\u00f6yhenten k\u00e4rjess\u00e4 olevat silm\u00e4t, jotka antavat h\u00e4nelle voiman n\u00e4hd\u00e4 kaikkialle. T\u00e4m\u00e4 lintuperspektiivin n\u00e4k\u00f6kulma Etheriasta kertoo h\u00e4nelle, koska Catra ja Hordit tekev\u00e4t ilkeyksi\u00e4. Kun Hordit l\u00e4htiv\u00e4t Etherialta, h\u00e4n liiittyi yhteen She-Ran ja muiden Suuren Kapinan joukkojen kanssa Eternialla jatkaakseen taistelua vapauden ja rauhan puolesta. Toisen Ultimaalisen Taistelukent\u00e4n aikana h\u00e4n taisteli Man-E-Facesin kanssa rinta rinnan, lopulta rakastuen h\u00e4neen, p\u00e4\u00e4tt\u00e4en j\u00e4\u00e4d\u00e4 Eternialle Universumin Mestareiden j\u00e4senen\u00e4.<\/em><\/p>\n","protected":false},"excerpt":{"rendered":"<p>Tuotekoodi: CHF12 Peekablue &#8211; Watchful Feathered Friend Oikea nimi: Penelope A magical princess of Etheria, Penelope has the power to see in all directions. Her fabulous peacock feathers fan out into a beautiful plumage, which is the source of her &hellip; <a href=\"https:\/\/www.eurokolikonmaailma.fi\/?page_id=5798\">Lue loppuun <span class=\"meta-nav\">&rarr;<\/span><\/a><\/p>\n","protected":false},"author":1,"featured_media":0,"parent":3525,"menu_order":0,"comment_status":"closed","ping_status":"closed","template":"","meta":{"footnotes":""},"class_list":["post-5798","page","type-page","status-publish","hentry"],"_links":{"self":[{"href":"https:\/\/www.eurokolikonmaailma.fi\/index.php?rest_route=\/wp\/v2\/pages\/5798","targetHints":{"allow":["GET"]}}],"collection":[{"href":"https:\/\/www.eurokolikonmaailma.fi\/index.php?rest_route=\/wp\/v2\/pages"}],"about":[{"href":"https:\/\/www.eurokolikonmaailma.fi\/index.php?rest_route=\/wp\/v2\/types\/page"}],"author":[{"embeddable":true,"href":"https:\/\/www.eurokolikonmaailma.fi\/index.php?rest_route=\/wp\/v2\/users\/1"}],"replies":[{"embeddable":true,"href":"https:\/\/www.eurokolikonmaailma.fi\/index.php?rest_route=%2Fwp%2Fv2%2Fcomments&post=5798"}],"version-history":[{"count":2,"href":"https:\/\/www.eurokolikonmaailma.fi\/index.php?rest_route=\/wp\/v2\/pages\/5798\/revisions"}],"predecessor-version":[{"id":5803,"href":"https:\/\/www.eurokolikonmaailma.fi\/index.php?rest_route=\/wp\/v2\/pages\/5798\/revisions\/5803"}],"up":[{"embeddable":true,"href":"https:\/\/www.eurokolikonmaailma.fi\/index.php?rest_route=\/wp\/v2\/pages\/3525"}],"wp:attachment":[{"href":"https:\/\/www.eurokolikonmaailma.fi\/index.php?rest_route=%2Fwp%2Fv2%2Fmedia&parent=5798"}],"curies":[{"name":"wp","href":"https:\/\/api.w.org\/{rel}","templated":true}]}}