{"id":5786,"date":"2025-06-08T22:36:36","date_gmt":"2025-06-08T19:36:36","guid":{"rendered":"https:\/\/www.eurokolikonmaailma.fi\/?page_id=5786"},"modified":"2025-06-08T22:41:48","modified_gmt":"2025-06-08T19:41:48","slug":"madame-razz","status":"publish","type":"page","link":"https:\/\/www.eurokolikonmaailma.fi\/?page_id=5786","title":{"rendered":"Madame Razz"},"content":{"rendered":"<p><img loading=\"lazy\" decoding=\"async\" style=\"color: #000000; font-family: 'Times New Roman'; line-height: normal; font-size: medium; font-weight: bold; width: 123px; height: 47px;\" src=\"http:\/\/motu.eurokolikonmaailma.fi\/kuvat\/MadameRazz\/motuc.1.jpg\" alt=\"\" width=\"580\" height=\"221\" \/><img decoding=\"async\" style=\"color: #000000; font-family: 'Times New Roman'; line-height: normal; font-size: medium; font-weight: bold; width: 96px; height: 47px;\" src=\"http:\/\/motu.eurokolikonmaailma.fi\/kuvat\/MadameRazz\/POP_logo.jpg\" \/><img loading=\"lazy\" decoding=\"async\" style=\"color: #000000; font-family: 'Times New Roman'; line-height: normal; font-size: medium; font-weight: bold; width: 47px; height: 47px;\" src=\"http:\/\/motu.eurokolikonmaailma.fi\/kuvat\/MadameRazz\/clubetheria_logo.jpg\" alt=\"\" width=\"79\" height=\"80\" \/><br style=\"color: #000000; font-family: 'Times New Roman'; font-size: medium; font-weight: bold; line-height: normal;\" \/><span style=\"color: #000000; font-family: 'Times New Roman'; font-size: medium; line-height: normal;\">Tuotekoodi: BVH67<\/span><\/p>\n<h1>Madame Razz<br \/>\n&#8211; Magical Witch of Whispering Woods<\/h1>\n<p><img loading=\"lazy\" decoding=\"async\" class=\"alignnone size-full\" src=\"http:\/\/motu.eurokolikonmaailma.fi\/kuvat\/MadameRazz\/bhv67_003_600x600.jpg\" width=\"300\" height=\"300\" \/><img loading=\"lazy\" decoding=\"async\" class=\"alignnone size-full\" src=\"http:\/\/motu.eurokolikonmaailma.fi\/kuvat\/MadameRazz\/bhv67_004_600x600.jpg\" width=\"300\" height=\"300\" \/><\/p>\n<p><strong>Oikea nimi:<\/strong> Regina Razz<\/p>\n<p>Madame Razz is a Twigget witch who lives with her people in the Whispering Woods on Etheria. After the Battle of Brightmoon, she welcomed the surviving royal family and their supporters into the shelter of her magical forest. Helping to form the Great Rebellion, Madame Razz and her servant Broom went on to become core members of the Rebellion\u2019s leadership, especially because she is only one of three on Etheria that knows Adora is actually She-Ra, Princess of Power. Often accused of being absentminded, Razz has a tendency to mispronounce her spells, sometimes leading to comical results. Despite some flaws in her magic wielding abilities, Madame Razz is a kind soul who only wants to see Etheria free from the Horde\u2019s evil tyranny.<\/p>\n<p><em>Madame Razz on Twigget-noita, joka asuu yhdess\u00e4 kansansa kanssa Kuiskaavassa Mets\u00e4ss\u00e4 Etherialla. Brightmoonin taistelun j\u00e4lkeen, h\u00e4n toivotti tervetulleeksi selviytyneen kuninkaallisen perheen ja heid\u00e4n kannattajansa maagisen mets\u00e4n suojaan. Auttaen muodostamaan Suuren Kapinan, Madame Razzista ja h\u00e4nen apulaisestaan Broomista tuli Suuren Kapinan johtajiston ydinhahmoja, etenkin kun h\u00e4n on yksi kolmesta Etherialla, jotka tiet\u00e4v\u00e4t ett\u00e4 Adora on oikeasti She-Ra, Mahdin Prinsessa. Usein hajamieliseksi mielletty, Razzilla on tapana lausua loitsunsa v\u00e4\u00e4rin, mik\u00e4 toisinaan johtaa koomisiin seurauksiin. H\u00e4nen taian k\u00e4ytt\u00e4miseen liittyvist\u00e4 virheist\u00e4\u00e4n huolimatta. Madame Razz on kiltti sielu, joka vain haluaa n\u00e4hd\u00e4 Etherian vapaana Hordien tyrannialta.<\/em><\/p>\n","protected":false},"excerpt":{"rendered":"<p>Tuotekoodi: BVH67 Madame Razz &#8211; Magical Witch of Whispering Woods Oikea nimi: Regina Razz Madame Razz is a Twigget witch who lives with her people in the Whispering Woods on Etheria. After the Battle of Brightmoon, she welcomed the surviving &hellip; <a href=\"https:\/\/www.eurokolikonmaailma.fi\/?page_id=5786\">Lue loppuun <span class=\"meta-nav\">&rarr;<\/span><\/a><\/p>\n","protected":false},"author":1,"featured_media":0,"parent":3276,"menu_order":0,"comment_status":"closed","ping_status":"closed","template":"","meta":{"footnotes":""},"class_list":["post-5786","page","type-page","status-publish","hentry"],"_links":{"self":[{"href":"https:\/\/www.eurokolikonmaailma.fi\/index.php?rest_route=\/wp\/v2\/pages\/5786","targetHints":{"allow":["GET"]}}],"collection":[{"href":"https:\/\/www.eurokolikonmaailma.fi\/index.php?rest_route=\/wp\/v2\/pages"}],"about":[{"href":"https:\/\/www.eurokolikonmaailma.fi\/index.php?rest_route=\/wp\/v2\/types\/page"}],"author":[{"embeddable":true,"href":"https:\/\/www.eurokolikonmaailma.fi\/index.php?rest_route=\/wp\/v2\/users\/1"}],"replies":[{"embeddable":true,"href":"https:\/\/www.eurokolikonmaailma.fi\/index.php?rest_route=%2Fwp%2Fv2%2Fcomments&post=5786"}],"version-history":[{"count":1,"href":"https:\/\/www.eurokolikonmaailma.fi\/index.php?rest_route=\/wp\/v2\/pages\/5786\/revisions"}],"predecessor-version":[{"id":5787,"href":"https:\/\/www.eurokolikonmaailma.fi\/index.php?rest_route=\/wp\/v2\/pages\/5786\/revisions\/5787"}],"up":[{"embeddable":true,"href":"https:\/\/www.eurokolikonmaailma.fi\/index.php?rest_route=\/wp\/v2\/pages\/3276"}],"wp:attachment":[{"href":"https:\/\/www.eurokolikonmaailma.fi\/index.php?rest_route=%2Fwp%2Fv2%2Fmedia&parent=5786"}],"curies":[{"name":"wp","href":"https:\/\/api.w.org\/{rel}","templated":true}]}}