{"id":5533,"date":"2025-05-29T21:24:08","date_gmt":"2025-05-29T18:24:08","guid":{"rendered":"https:\/\/www.eurokolikonmaailma.fi\/?page_id=5533"},"modified":"2025-05-30T00:52:15","modified_gmt":"2025-05-29T21:52:15","slug":"strong-or","status":"publish","type":"page","link":"https:\/\/www.eurokolikonmaailma.fi\/?page_id=5533","title":{"rendered":"Strong-Or"},"content":{"rendered":"<p><img loading=\"lazy\" decoding=\"async\" style=\"color: #000000; font-family: 'Times New Roman'; line-height: normal; font-size: medium; font-weight: bold; width: 123px; height: 47px;\" src=\"http:\/\/motu.eurokolikonmaailma.fi\/kuvat\/Strongor\/motuc.1.jpg\" alt=\"\" width=\"580\" height=\"221\" \/> \u00a0<img loading=\"lazy\" decoding=\"async\" class=\"alignnone size-full wp-image-5504\" src=\"https:\/\/motu.eurokolikonmaailma.fi\/kuvat\/Strongor\/FilmationLogo_small.png\" alt=\"\" width=\"46\" height=\"47\" \/><br style=\"color: #000000; font-family: 'Times New Roman'; font-size: medium; font-weight: bold; line-height: normal;\" \/><span style=\"color: #000000; font-family: 'Times New Roman'; font-size: medium; line-height: normal;\">Tuotekoodi: Y4317<\/span><\/p>\n<h1>Strong-Or<br \/>\n&#8211; Evil Power-Punching Warrior<\/h1>\n<p><img loading=\"lazy\" decoding=\"async\" class=\"alignnone size-full wp-image-5530\" src=\"https:\/\/motu.eurokolikonmaailma.fi\/kuvat\/Strongor\/strongor_card_front.jpg\" alt=\"\" width=\"209\" height=\"300\" \/> <img loading=\"lazy\" decoding=\"async\" class=\"alignnone size-full wp-image-5529\" src=\"https:\/\/motu.eurokolikonmaailma.fi\/kuvat\/Strongor\/strongor_card_back.jpg\" alt=\"\" width=\"218\" height=\"300\" \/><\/p>\n<p><strong>Oikea nimi:<\/strong> Dalmus Fu<\/p>\n<p>Originally a worker in the photanium mines of Phantos, Dalmus lost his right arm and parts of his face when a mechanical press folder malfunctioned. Desiring to become a super strong menace, the master metal-worker stole large amounts of photanium, the strongest metal in the universe, from the mines and created a new face and telescoping arm. After Strong-Or&#8217;s thievery was discovered, Queen Elmora banished him from her kingdom. Years later, he returned with Skeletor\u00ae to invade the photanium mines, but when He-Man\u00ae freed Queen Elmora from Skeletor&#8217;s influence, Strong-Or\u2122 was forced out of Phantos once again. Strong-Or\u2122 has a powerful punch that extends great distances and is nearly as strong as He-Man\u00ae.<\/p>\n<p><em>Alunperin ty\u00f6ntekij\u00e4 Phantosin photanium kaivoksilla, Dalmus menetti oikean k\u00e4tens\u00e4 ja osan kasvoistaan, kun mekaaninen pr\u00e4ssi vikaantui. Haluten tulla super vahvaksi uhaksi, mestari metallity\u00f6l\u00e4inen varasti suuren m\u00e4\u00e4r\u00e4n photaniumia, maailmankaikkeuden vahvinta metallia, kaivoksesta ja loi itselleen uudet kasvot sek\u00e4 teleskooppisen k\u00e4den. Kun Strong-Orin varkaus tajuttiin, kuningatar Elmora karkoitti h\u00e4net valtakunnastaan. Vuosia my\u00f6hemmin, h\u00e4n palasi Skeletorin kanssa valtaamaan photanium kaivokset, mutta kun He-Man vapautti kuningatar Elmoran Skeletorin lumouksesta, Strong-Or oli pakotettu pois Phantosilta j\u00e4lleen kerran. Strong-Orilla on voimakas isku, joka ulottuu pitkien matkojen p\u00e4\u00e4h\u00e4n ja on melkein yht\u00e4 vahva kuin He-Man.<\/em><\/p>\n","protected":false},"excerpt":{"rendered":"<p>\u00a0Tuotekoodi: Y4317 Strong-Or &#8211; Evil Power-Punching Warrior Oikea nimi: Dalmus Fu Originally a worker in the photanium mines of Phantos, Dalmus lost his right arm and parts of his face when a mechanical press folder malfunctioned. Desiring to become a &hellip; <a href=\"https:\/\/www.eurokolikonmaailma.fi\/?page_id=5533\">Lue loppuun <span class=\"meta-nav\">&rarr;<\/span><\/a><\/p>\n","protected":false},"author":1,"featured_media":0,"parent":2119,"menu_order":0,"comment_status":"closed","ping_status":"closed","template":"","meta":{"footnotes":""},"class_list":["post-5533","page","type-page","status-publish","hentry"],"_links":{"self":[{"href":"https:\/\/www.eurokolikonmaailma.fi\/index.php?rest_route=\/wp\/v2\/pages\/5533","targetHints":{"allow":["GET"]}}],"collection":[{"href":"https:\/\/www.eurokolikonmaailma.fi\/index.php?rest_route=\/wp\/v2\/pages"}],"about":[{"href":"https:\/\/www.eurokolikonmaailma.fi\/index.php?rest_route=\/wp\/v2\/types\/page"}],"author":[{"embeddable":true,"href":"https:\/\/www.eurokolikonmaailma.fi\/index.php?rest_route=\/wp\/v2\/users\/1"}],"replies":[{"embeddable":true,"href":"https:\/\/www.eurokolikonmaailma.fi\/index.php?rest_route=%2Fwp%2Fv2%2Fcomments&post=5533"}],"version-history":[{"count":2,"href":"https:\/\/www.eurokolikonmaailma.fi\/index.php?rest_route=\/wp\/v2\/pages\/5533\/revisions"}],"predecessor-version":[{"id":5574,"href":"https:\/\/www.eurokolikonmaailma.fi\/index.php?rest_route=\/wp\/v2\/pages\/5533\/revisions\/5574"}],"up":[{"embeddable":true,"href":"https:\/\/www.eurokolikonmaailma.fi\/index.php?rest_route=\/wp\/v2\/pages\/2119"}],"wp:attachment":[{"href":"https:\/\/www.eurokolikonmaailma.fi\/index.php?rest_route=%2Fwp%2Fv2%2Fmedia&parent=5533"}],"curies":[{"name":"wp","href":"https:\/\/api.w.org\/{rel}","templated":true}]}}