{"id":5514,"date":"2025-05-29T19:30:33","date_gmt":"2025-05-29T16:30:33","guid":{"rendered":"https:\/\/www.eurokolikonmaailma.fi\/?page_id=5514"},"modified":"2025-05-30T00:31:23","modified_gmt":"2025-05-29T21:31:23","slug":"nepthu","status":"publish","type":"page","link":"https:\/\/www.eurokolikonmaailma.fi\/?page_id=5514","title":{"rendered":"Nepthu"},"content":{"rendered":"<p><img loading=\"lazy\" decoding=\"async\" style=\"color: #000000; font-family: 'Times New Roman'; line-height: normal; font-size: medium; font-weight: bold; width: 123px; height: 47px;\" src=\"http:\/\/motu.eurokolikonmaailma.fi\/kuvat\/Nepthu\/motuc.1.jpg\" alt=\"\" width=\"580\" height=\"221\" \/> \u00a0<img loading=\"lazy\" decoding=\"async\" class=\"alignnone size-full wp-image-5504\" src=\"https:\/\/motu.eurokolikonmaailma.fi\/kuvat\/Nepthu\/FilmationLogo_small.png\" alt=\"\" width=\"46\" height=\"47\" \/><br style=\"color: #000000; font-family: 'Times New Roman'; font-size: medium; font-weight: bold; line-height: normal;\" \/><span style=\"color: #000000; font-family: 'Times New Roman'; font-size: medium; line-height: normal;\">Tuotekoodi: Y7733<\/span><\/p>\n<h1>Nepthu<br \/>\n&#8211; Wicked Sun Sorcerer<\/h1>\n<p><img loading=\"lazy\" decoding=\"async\" class=\"alignnone size-full wp-image-5515\" src=\"https:\/\/motu.eurokolikonmaailma.fi\/kuvat\/Nepthu\/Y7733_004_600x600.jpg\" alt=\"\" width=\"300\" height=\"300\" \/> <img loading=\"lazy\" decoding=\"async\" class=\"alignnone size-full wp-image-5516\" src=\"https:\/\/motu.eurokolikonmaailma.fi\/kuvat\/Nepthu\/Y7733_005_600x600.jpg\" alt=\"\" width=\"300\" height=\"300\" \/><\/p>\n<p><strong>Oikea nimi:<\/strong> Nepthu Sencri<\/p>\n<p>A devoted servant to Count Marzo\u00ae, Nepthu\u2122 was devastated when his master was transformed into a powerless, old man and vowed revenge. Without magical ability of his own, he spent years scouring the Sands of Fire and Sands of Time until he was also an old man. Nepthu\u2122 eventually found the Temple of the Sun and within it the Sun Scarab and was transformed into a young wizard with a fervent desire to control the universe. His scarab was destroyed by He-Man\u00ae, leaving him powerless, but he transformed once more when he pledged his devotion to King Hssss\u2122 during the Second Ultimate Battleground. Nepthu\u2122 has powerful magical abilities that include freezing energy blasts as well as the ability to block telepathy and create an army made out of sand.<\/p>\n<p><em>Kreivi Marzon vannoutunut palvelija, Nepthu oli murtunut, kun h\u00e4nen mestarinsa muutettiin voimattomaksi, vanhaksi mieheksi ja vannoi kostoa. Ilman omia maagisia kykyj\u00e4, h\u00e4n vietti vuosia koluten\u00a0 Tulen ja ajan hiekkoja, kunnes h\u00e4nkin oli vanha mies. Nepthu lopulta l\u00f6ysi Auringon temppelin sek\u00e4 sen sis\u00e4lt\u00e4 Aurinkokuoriaisen, ja muuttui nuoreksi velhoksi, joka haluaa hallita maailmankaikkeutta. H\u00e4nen kuoriaisensa tuhoutui He-Manin toimesta, j\u00e4tt\u00e4en h\u00e4net voimattomaksi, mutta muuttui viel\u00e4 kerran, kun h\u00e4n vannoi uskollisuutta King Hssss:lle Toisen Ultimaalisen Taistelukent\u00e4n aikana. Nepthulla on mahtavia maagisia kykyj\u00e4, joihin lukeutuvat energias\u00e4teiden j\u00e4\u00e4dytys, kuin my\u00f6s kyky torjua telepatia ja luoda hiekasta armeija.<\/em><\/p>\n","protected":false},"excerpt":{"rendered":"<p>\u00a0Tuotekoodi: Y7733 Nepthu &#8211; Wicked Sun Sorcerer Oikea nimi: Nepthu Sencri A devoted servant to Count Marzo\u00ae, Nepthu\u2122 was devastated when his master was transformed into a powerless, old man and vowed revenge. Without magical ability of his own, he &hellip; <a href=\"https:\/\/www.eurokolikonmaailma.fi\/?page_id=5514\">Lue loppuun <span class=\"meta-nav\">&rarr;<\/span><\/a><\/p>\n","protected":false},"author":1,"featured_media":0,"parent":2119,"menu_order":0,"comment_status":"closed","ping_status":"closed","template":"","meta":{"footnotes":""},"class_list":["post-5514","page","type-page","status-publish","hentry"],"_links":{"self":[{"href":"https:\/\/www.eurokolikonmaailma.fi\/index.php?rest_route=\/wp\/v2\/pages\/5514","targetHints":{"allow":["GET"]}}],"collection":[{"href":"https:\/\/www.eurokolikonmaailma.fi\/index.php?rest_route=\/wp\/v2\/pages"}],"about":[{"href":"https:\/\/www.eurokolikonmaailma.fi\/index.php?rest_route=\/wp\/v2\/types\/page"}],"author":[{"embeddable":true,"href":"https:\/\/www.eurokolikonmaailma.fi\/index.php?rest_route=\/wp\/v2\/users\/1"}],"replies":[{"embeddable":true,"href":"https:\/\/www.eurokolikonmaailma.fi\/index.php?rest_route=%2Fwp%2Fv2%2Fcomments&post=5514"}],"version-history":[{"count":3,"href":"https:\/\/www.eurokolikonmaailma.fi\/index.php?rest_route=\/wp\/v2\/pages\/5514\/revisions"}],"predecessor-version":[{"id":5569,"href":"https:\/\/www.eurokolikonmaailma.fi\/index.php?rest_route=\/wp\/v2\/pages\/5514\/revisions\/5569"}],"up":[{"embeddable":true,"href":"https:\/\/www.eurokolikonmaailma.fi\/index.php?rest_route=\/wp\/v2\/pages\/2119"}],"wp:attachment":[{"href":"https:\/\/www.eurokolikonmaailma.fi\/index.php?rest_route=%2Fwp%2Fv2%2Fmedia&parent=5514"}],"curies":[{"name":"wp","href":"https:\/\/api.w.org\/{rel}","templated":true}]}}