{"id":5507,"date":"2025-05-29T18:45:31","date_gmt":"2025-05-29T15:45:31","guid":{"rendered":"https:\/\/www.eurokolikonmaailma.fi\/?page_id=5507"},"modified":"2025-05-30T00:29:11","modified_gmt":"2025-05-29T21:29:11","slug":"batros","status":"publish","type":"page","link":"https:\/\/www.eurokolikonmaailma.fi\/?page_id=5507","title":{"rendered":"Batros"},"content":{"rendered":"<p><img loading=\"lazy\" decoding=\"async\" style=\"color: #000000; font-family: 'Times New Roman'; line-height: normal; font-size: medium; font-weight: bold; width: 123px; height: 47px;\" src=\"http:\/\/motu.eurokolikonmaailma.fi\/kuvat\/Batros\/motuc.1.jpg\" alt=\"\" width=\"580\" height=\"221\" \/> \u00a0<img loading=\"lazy\" decoding=\"async\" class=\"alignnone size-full wp-image-5504\" src=\"https:\/\/motu.eurokolikonmaailma.fi\/kuvat\/Batros\/FilmationLogo_small.png\" alt=\"\" width=\"46\" height=\"47\" \/><br style=\"color: #000000; font-family: 'Times New Roman'; font-size: medium; font-weight: bold; line-height: normal;\" \/><span style=\"color: #000000; font-family: 'Times New Roman'; font-size: medium; line-height: normal;\">Tuotekoodi: Y7732<\/span><\/p>\n<h1>Batros<br \/>\n&#8211; Evil Master of Theft<\/h1>\n<p><img loading=\"lazy\" decoding=\"async\" class=\"alignnone size-full wp-image-5508\" src=\"https:\/\/motu.eurokolikonmaailma.fi\/kuvat\/Batros\/Y7732_003_600x600.jpg\" alt=\"\" width=\"300\" height=\"300\" \/> <img loading=\"lazy\" decoding=\"async\" class=\"alignnone size-full wp-image-5509\" src=\"https:\/\/motu.eurokolikonmaailma.fi\/kuvat\/Batros\/Y7732_004_600x600.jpg\" alt=\"\" width=\"300\" height=\"300\" \/><\/p>\n<p><strong>Oikea nimi:<\/strong> Wiley<\/p>\n<p>Deep in the Dark Hemisphere resides a treacherous race of half-man half-bat pirates&#8211;none more sinister than Batros\u2122, a shadowy mercenary-for-hire. Batros\u2122 views alliances with contempt, but pairs up with Skeletor\u00ae when it gets him closer to his goal of seizing the Powers of Grayskull\u2122 for himself. In one adventure, Batros\u2122 conspired with the Overlord of Evil\u2122 to filch all royal records and books from the Eternos Library. Although this shady plot ultimately met with failure, Batros\u2122 remained a stealthy enemy of the Masters of the Universe\u00ae and all who fight for freedom on Eternia\u00ae. Batros\u2122 is a dark mercenary trained in the art of thievery!<\/p>\n<p><em>Syv\u00e4ll\u00e4 Pime\u00e4ll\u00e4 Pallonpuoliskolla asustaa petollisten puoli-ihmis-puoli-lepakko piraattien rotu&#8211; joista kukaan ei ole pahempi kuin Batros, h\u00e4m\u00e4r\u00e4per\u00e4inen palkkasoturi. Batros halveksuu liittoutumia, mutta yhdist\u00e4\u00e4 voimansa Skeletorin kanssa, kun se autaa h\u00e4nt\u00e4 p\u00e4\u00e4sem\u00e4\u00e4n l\u00e4hemm\u00e4s tavoitettaan, kaappaamaan Grayskullin Voimat. Er\u00e4\u00e4ss\u00e4 seikkailussa, Batros juoni yhdess\u00e4 Pahuuden Ylilordin kanssa n\u00e4pist\u00e4\u00e4kseen kuninkaalliset asiakirjat ja kirjat Eternoksen kirjastosta. Vaikka t\u00e4m\u00e4 juoni lopulta ep\u00e4onnistuikin, Batros pysyi Universumin mestareiden ja kaikkien vapautensa puolesta taistelevien viekkaana vastustajana. Batros on pime\u00e4 palkkasoturi ja koulutettu varas!<\/em><\/p>\n","protected":false},"excerpt":{"rendered":"<p>\u00a0Tuotekoodi: Y7732 Batros &#8211; Evil Master of Theft Oikea nimi: Wiley Deep in the Dark Hemisphere resides a treacherous race of half-man half-bat pirates&#8211;none more sinister than Batros\u2122, a shadowy mercenary-for-hire. Batros\u2122 views alliances with contempt, but pairs up with &hellip; <a href=\"https:\/\/www.eurokolikonmaailma.fi\/?page_id=5507\">Lue loppuun <span class=\"meta-nav\">&rarr;<\/span><\/a><\/p>\n","protected":false},"author":1,"featured_media":0,"parent":2119,"menu_order":0,"comment_status":"closed","ping_status":"closed","template":"","meta":{"footnotes":""},"class_list":["post-5507","page","type-page","status-publish","hentry"],"_links":{"self":[{"href":"https:\/\/www.eurokolikonmaailma.fi\/index.php?rest_route=\/wp\/v2\/pages\/5507","targetHints":{"allow":["GET"]}}],"collection":[{"href":"https:\/\/www.eurokolikonmaailma.fi\/index.php?rest_route=\/wp\/v2\/pages"}],"about":[{"href":"https:\/\/www.eurokolikonmaailma.fi\/index.php?rest_route=\/wp\/v2\/types\/page"}],"author":[{"embeddable":true,"href":"https:\/\/www.eurokolikonmaailma.fi\/index.php?rest_route=\/wp\/v2\/users\/1"}],"replies":[{"embeddable":true,"href":"https:\/\/www.eurokolikonmaailma.fi\/index.php?rest_route=%2Fwp%2Fv2%2Fcomments&post=5507"}],"version-history":[{"count":4,"href":"https:\/\/www.eurokolikonmaailma.fi\/index.php?rest_route=\/wp\/v2\/pages\/5507\/revisions"}],"predecessor-version":[{"id":5511,"href":"https:\/\/www.eurokolikonmaailma.fi\/index.php?rest_route=\/wp\/v2\/pages\/5507\/revisions\/5511"}],"up":[{"embeddable":true,"href":"https:\/\/www.eurokolikonmaailma.fi\/index.php?rest_route=\/wp\/v2\/pages\/2119"}],"wp:attachment":[{"href":"https:\/\/www.eurokolikonmaailma.fi\/index.php?rest_route=%2Fwp%2Fv2%2Fmedia&parent=5507"}],"curies":[{"name":"wp","href":"https:\/\/api.w.org\/{rel}","templated":true}]}}