{"id":5173,"date":"2023-08-04T23:39:21","date_gmt":"2023-08-04T20:39:21","guid":{"rendered":"https:\/\/www.eurokolikonmaailma.fi\/?page_id=5173"},"modified":"2025-05-24T21:11:34","modified_gmt":"2025-05-24T18:11:34","slug":"vhs-he-man-voittamaton","status":"publish","type":"page","link":"https:\/\/www.eurokolikonmaailma.fi\/?page_id=5173","title":{"rendered":"VHS: He-Man Voittamaton"},"content":{"rendered":"<p><img loading=\"lazy\" decoding=\"async\" src=\"http:\/\/motu.eurokolikonmaailma.fi\/kuvat\/video\/hmatmotu_logo.jpg\" alt=\"\" width=\"76\" height=\"47\" \/> <img loading=\"lazy\" decoding=\"async\" src=\"http:\/\/motu.eurokolikonmaailma.fi\/kuvat\/video\/vhs_logo.jpg\" alt=\"\" width=\"91\" height=\"46\" \/> <img loading=\"lazy\" decoding=\"async\" src=\"http:\/\/motu.eurokolikonmaailma.fi\/kuvat\/video\/sallittu.jpg\" alt=\"\" width=\"56\" height=\"44\" \/><\/p>\n<h1>He-Man voittamaton (He-Man &amp; She-Ra a Christmas Special)<\/h1>\n<p><a href=\"https:\/\/motu.eurokolikonmaailma.fi\/kuvat\/video\/hmv_tk.jpg\" target=\"_blank\" rel=\"noopener\"><img loading=\"lazy\" decoding=\"async\" class=\"alignnone\" src=\"https:\/\/motu.eurokolikonmaailma.fi\/kuvat\/video\/hmv_tk.jpg\" alt=\"\" width=\"196\" height=\"300\" \/><\/a><a href=\"https:\/\/motu.eurokolikonmaailma.fi\/kuvat\/video\/hmv_s.jpg\" target=\"_blank\" rel=\"noopener\"><img loading=\"lazy\" decoding=\"async\" class=\"alignnone\" src=\"https:\/\/motu.eurokolikonmaailma.fi\/kuvat\/video\/hmv_s.jpg\" alt=\"\" width=\"44\" height=\"300\" \/><\/a><a href=\"https:\/\/motu.eurokolikonmaailma.fi\/kuvat\/video\/hmv_ek.jpg\" target=\"_blank\" rel=\"noopener\"><img loading=\"lazy\" decoding=\"async\" class=\"alignnone\" src=\"https:\/\/motu.eurokolikonmaailma.fi\/kuvat\/video\/hmv_ek.jpg\" alt=\"\" width=\"191\" height=\"300\" \/><\/a><\/p>\n<p>T\u00e4m\u00e4 VHS-julkaisu oli itselleni ensikosketukseni She-Raan. Silloin en viel\u00e4 tiennyt kuka She-Ra on. En my\u00f6sk\u00e4\u00e4n osannut silloin viel\u00e4 lukea, joten en senk\u00e4\u00e4n vuoksi tajunnut, ett\u00e4 kyseess\u00e4 on He-Manin sisko. Ihmettelin vain, ett\u00e4 kuka on t\u00e4m\u00e4 nainen, joka tiet\u00e4\u00e4 He-Manin\/Adamin salaisuuden. T\u00e4m\u00e4n julkaisun my\u00f6t\u00e4 aloin juhlimaan aina joulun aikaan He-Manin syntt\u00e4reit\u00e4 (en en\u00e4\u00e4 nykyisin).<\/p>\n<p>T\u00e4m\u00e4 kasetti on ristiriidassa itsens\u00e4 kanssa, sill\u00e4 videokasetissa lukee isolla, ett\u00e4 &#8221;T\u00c4M\u00c4 KASETTI ON MYYTY YKSITYISEEN KOTIK\u00c4YTT\u00d6\u00d6N. EI MYYNTIIN TAI VUOKRATTAVAKSI.&#8221; Mutta pieni pr\u00e4ntti takakannessa kertoo, ett\u00e4 videokasetti &#8221;on tarkoitettu ainoastaan yksityiselle kuluttajalle vuokrattavaksi.&#8221;<\/p>\n<blockquote>\n<h2>Universumin j\u00e4tit saavat kutsumattomia vieraita maasta!<\/h2>\n<p>KAIKKI ALKOI SIIT\u00c4, KUN TAIKURI ORKO VET\u00c4ISI V\u00c4\u00c4R\u00c4ST\u00c4 VIVUSTA&#8230;<\/p>\n<p>HE-MAN ja h\u00e4nen yst\u00e4v\u00e4ns\u00e4 MAN-AT-ARMS testaavat uutta avaruusajokkiaan. Sill\u00e4 on tarkoitus p\u00e4\u00e4st\u00e4 vakoilemaan SKELETORIA, joka aikoo vallata ETERNIA-planeetan. ORKO tuo taikuriveijari &#8211; sotkee kuitenkin suunnitelmat hiipim\u00e4ll\u00e4 uteliaisuuksissaan SKY SPY &#8211; ajokkiin tutkimusmatkalle. Vet\u00e4isy v\u00e4\u00e4r\u00e4st\u00e4 vivusta, ja hups! &#8211; liikkeell\u00e4 ollaan!!! Alkaa uskomaton seikkailu, jonka seurauksena Universumin j\u00e4tit tulevat tarvitsemaan kaikki voimakeinonsa selviyty\u00e4kseen&#8230;<\/p><\/blockquote>\n<h2><strong>Tiedot<\/strong><\/h2>\n<p>* Kesto: n. 50 minuuttia<br \/>\n* Ik\u00e4raja: sallittu (S\/T) &#8211; I-00174<br \/>\n&#8211; sopii yleisesti kaikenik\u00e4isille<br \/>\n* Valmistumisvuosi: 1985<br \/>\n* \u00c4\u00e4ni: hi-fi<br \/>\n* Tekstitys: Suomenkielinen teksti<br \/>\n* Kuvakoko: 4:3<br \/>\n*\u00a01 VHS<br \/>\n* Julkaisija: Egmont Film<\/p>\n","protected":false},"excerpt":{"rendered":"<p>He-Man voittamaton (He-Man &amp; She-Ra a Christmas Special) T\u00e4m\u00e4 VHS-julkaisu oli itselleni ensikosketukseni She-Raan. Silloin en viel\u00e4 tiennyt kuka She-Ra on. En my\u00f6sk\u00e4\u00e4n osannut silloin viel\u00e4 lukea, joten en senk\u00e4\u00e4n vuoksi tajunnut, ett\u00e4 kyseess\u00e4 on He-Manin sisko. Ihmettelin vain, ett\u00e4 &hellip; <a href=\"https:\/\/www.eurokolikonmaailma.fi\/?page_id=5173\">Lue loppuun <span class=\"meta-nav\">&rarr;<\/span><\/a><\/p>\n","protected":false},"author":1,"featured_media":0,"parent":962,"menu_order":0,"comment_status":"closed","ping_status":"closed","template":"","meta":{"footnotes":""},"class_list":["post-5173","page","type-page","status-publish","hentry"],"_links":{"self":[{"href":"https:\/\/www.eurokolikonmaailma.fi\/index.php?rest_route=\/wp\/v2\/pages\/5173","targetHints":{"allow":["GET"]}}],"collection":[{"href":"https:\/\/www.eurokolikonmaailma.fi\/index.php?rest_route=\/wp\/v2\/pages"}],"about":[{"href":"https:\/\/www.eurokolikonmaailma.fi\/index.php?rest_route=\/wp\/v2\/types\/page"}],"author":[{"embeddable":true,"href":"https:\/\/www.eurokolikonmaailma.fi\/index.php?rest_route=\/wp\/v2\/users\/1"}],"replies":[{"embeddable":true,"href":"https:\/\/www.eurokolikonmaailma.fi\/index.php?rest_route=%2Fwp%2Fv2%2Fcomments&post=5173"}],"version-history":[{"count":9,"href":"https:\/\/www.eurokolikonmaailma.fi\/index.php?rest_route=\/wp\/v2\/pages\/5173\/revisions"}],"predecessor-version":[{"id":5390,"href":"https:\/\/www.eurokolikonmaailma.fi\/index.php?rest_route=\/wp\/v2\/pages\/5173\/revisions\/5390"}],"up":[{"embeddable":true,"href":"https:\/\/www.eurokolikonmaailma.fi\/index.php?rest_route=\/wp\/v2\/pages\/962"}],"wp:attachment":[{"href":"https:\/\/www.eurokolikonmaailma.fi\/index.php?rest_route=%2Fwp%2Fv2%2Fmedia&parent=5173"}],"curies":[{"name":"wp","href":"https:\/\/api.w.org\/{rel}","templated":true}]}}