{"id":5004,"date":"2023-07-29T19:08:02","date_gmt":"2023-07-29T16:08:02","guid":{"rendered":"https:\/\/www.eurokolikonmaailma.fi\/?page_id=5004"},"modified":"2026-02-13T22:24:02","modified_gmt":"2026-02-13T20:24:02","slug":"he-man-the-eternity-war-2014-16","status":"publish","type":"page","link":"https:\/\/www.eurokolikonmaailma.fi\/?page_id=5004","title":{"rendered":"He-Man: The Eternity War (2014-16)"},"content":{"rendered":"<p>T\u00e4m\u00e4 DC Comicsin julkaisema Masters of the Universe maksisarja on suoraa jatkoa ja eeppinen p\u00e4\u00e4t\u00f6s aiemmille DC Comicsin (2012-2014) He-Man and the Masters of the Universe -sarjakuville. T\u00e4m\u00e4 sarja l\u00f6ytyy itselt\u00e4ni digijulkaisuina sek\u00e4 numerot 1-6 painettuna kokoelmana.<\/p>\n<table style=\"border: 0px;\">\n<tbody>\n<tr style=\"border: 0px;\">\n<td style=\"border: 0px;\"><img loading=\"lazy\" decoding=\"async\" src=\"http:\/\/motu.eurokolikonmaailma.fi\/kuvat\/sarjis\/DIG032986_1._SX640_QL80_TTD_.jpg\" alt=\"\" width=\"122\" height=\"189\" \/><\/td>\n<td style=\"border: 0px;\"><img loading=\"lazy\" decoding=\"async\" src=\"http:\/\/motu.eurokolikonmaailma.fi\/kuvat\/sarjis\/DIG050373_1._SX640_QL80_TTD_.jpg\" alt=\"\" width=\"122\" height=\"189\" \/><\/td>\n<td style=\"border: 0px;\"><img loading=\"lazy\" decoding=\"async\" src=\"http:\/\/motu.eurokolikonmaailma.fi\/kuvat\/sarjis\/DIG052767_2._SX640_QL80_TTD_.jpg\" alt=\"\" width=\"122\" height=\"189\" \/><\/td>\n<td style=\"border: 0px;\"><img loading=\"lazy\" decoding=\"async\" src=\"http:\/\/motu.eurokolikonmaailma.fi\/kuvat\/sarjis\/DIG054555_2._SX640_QL80_TTD_.jpg\" alt=\"\" width=\"122\" height=\"189\" \/><\/td>\n<\/tr>\n<tr style=\"border: 0px;\">\n<td style=\"border: 0px;\"><span style=\"color: #000000;\"><b>Part 1: Flesh and<br \/>\nBlood<\/b><\/span><\/td>\n<td style=\"border: 0px;\"><strong>Part 2: Light<br \/>\nand Dark<\/strong><\/td>\n<td style=\"border: 0px;\"><strong>Part 3: Time<br \/>\nand Fire<\/strong><\/td>\n<td style=\"border: 0px;\"><strong>Part 4: Threats<br \/>\nand Promises<\/strong><\/td>\n<\/tr>\n<tr style=\"border: 0px;\">\n<td style=\"border: 0px;\"><img loading=\"lazy\" decoding=\"async\" src=\"http:\/\/motu.eurokolikonmaailma.fi\/kuvat\/sarjis\/DIG056263_2._SX640_QL80_TTD_.jpg\" alt=\"\" width=\"122\" height=\"189\" \/><\/td>\n<td style=\"border: 0px;\"><img loading=\"lazy\" decoding=\"async\" src=\"http:\/\/motu.eurokolikonmaailma.fi\/kuvat\/sarjis\/DIG057880_1._SX640_QL80_TTD_.jpg\" alt=\"\" width=\"122\" height=\"189\" \/><\/td>\n<td style=\"border: 0px;\"><img loading=\"lazy\" decoding=\"async\" src=\"http:\/\/motu.eurokolikonmaailma.fi\/kuvat\/sarjis\/DIG060008_2._SX640_QL80_TTD_.jpg\" alt=\"\" width=\"122\" height=\"189\" \/><\/td>\n<td style=\"border: 0px;\"><img loading=\"lazy\" decoding=\"async\" src=\"http:\/\/motu.eurokolikonmaailma.fi\/kuvat\/sarjis\/DIG061212_2._SX640_QL80_TTD_.jpg\" alt=\"\" width=\"122\" height=\"189\" \/><\/td>\n<\/tr>\n<tr style=\"border: 0px;\">\n<td style=\"border: 0px;\"><strong>Part 5: Past and<br \/>\nFuture<\/strong><\/td>\n<td style=\"border: 0px;\"><strong>Part 6: Now and<br \/>\nForever<\/strong><\/td>\n<td style=\"border: 0px;\"><strong>Part 7: Master<br \/>\nof Death<\/strong><\/td>\n<td style=\"border: 0px;\"><strong>Part 8:\u00a0The End<br \/>\nof All Fear<\/strong><\/td>\n<\/tr>\n<tr style=\"border: 0px;\">\n<td style=\"border: 0px;\"><img loading=\"lazy\" decoding=\"async\" src=\"http:\/\/motu.eurokolikonmaailma.fi\/kuvat\/sarjis\/DIG062932_2._SX640_QL80_TTD_.jpg\" alt=\"\" width=\"122\" height=\"189\" \/><\/td>\n<td style=\"border: 0px;\"><img loading=\"lazy\" decoding=\"async\" src=\"http:\/\/motu.eurokolikonmaailma.fi\/kuvat\/sarjis\/272858._SX640_QL80_TTD_.jpg\" alt=\"\" width=\"122\" height=\"189\" \/><\/td>\n<td style=\"border: 0px;\"><img loading=\"lazy\" decoding=\"async\" src=\"http:\/\/motu.eurokolikonmaailma.fi\/kuvat\/sarjis\/297514._SX640_QL80_TTD_.jpg\" alt=\"\" width=\"122\" height=\"189\" \/><\/td>\n<td style=\"border: 0px;\"><img loading=\"lazy\" decoding=\"async\" src=\"http:\/\/motu.eurokolikonmaailma.fi\/kuvat\/sarjis\/309248._SX640_QL80_TTD_.jpg\" alt=\"\" width=\"122\" height=\"189\" \/><\/td>\n<\/tr>\n<tr style=\"border: 0px;\">\n<td style=\"border: 0px;\"><strong>Part 9:\u00a0Dominion<\/strong><\/td>\n<td style=\"border: 0px;\"><strong>Part 10:\u00a0Defiance<\/strong><\/td>\n<td style=\"border: 0px;\"><strong>Part 11:\u00a0The<br \/>\nUnkindest Cut<\/strong><\/td>\n<td style=\"border: 0px;\"><strong>Part 12:\u00a0Shattered<\/strong><\/td>\n<\/tr>\n<tr style=\"border: 0px;\">\n<td style=\"border: 0px;\"><img loading=\"lazy\" decoding=\"async\" src=\"http:\/\/motu.eurokolikonmaailma.fi\/kuvat\/sarjis\/315816._SX640_QL80_TTD_.jpg\" alt=\"\" width=\"122\" height=\"189\" \/><\/td>\n<td style=\"border: 0px;\"><img loading=\"lazy\" decoding=\"async\" src=\"http:\/\/motu.eurokolikonmaailma.fi\/kuvat\/sarjis\/325341._SX640_QL80_TTD_.jpg\" alt=\"\" width=\"122\" height=\"189\" \/><\/td>\n<td style=\"border: 0px;\"><img loading=\"lazy\" decoding=\"async\" src=\"http:\/\/motu.eurokolikonmaailma.fi\/kuvat\/sarjis\/337376._SX640_QL80_TTD_.jpg\" alt=\"\" width=\"122\" height=\"189\" \/><\/td>\n<td style=\"border: 0px;\"><\/td>\n<\/tr>\n<tr style=\"border: 0px;\">\n<td style=\"border: 0px;\"><strong>Part 13:\u00a0The End<br \/>\nof All Worlds<\/strong><\/td>\n<td style=\"border: 0px;\"><strong>Part 14:\u00a0Death<br \/>\nEternal<\/strong><\/td>\n<td style=\"border: 0px;\"><strong>Part 15: Facing<br \/>\nthe Future<\/strong><\/td>\n<\/tr>\n<\/tbody>\n<\/table>\n","protected":false},"excerpt":{"rendered":"<p>T\u00e4m\u00e4 DC Comicsin julkaisema Masters of the Universe maksisarja on suoraa jatkoa ja eeppinen p\u00e4\u00e4t\u00f6s aiemmille DC Comicsin (2012-2014) He-Man and the Masters of the Universe -sarjakuville. T\u00e4m\u00e4 sarja l\u00f6ytyy itselt\u00e4ni digijulkaisuina sek\u00e4 numerot 1-6 painettuna kokoelmana. Part 1: Flesh &hellip; <a href=\"https:\/\/www.eurokolikonmaailma.fi\/?page_id=5004\">Lue loppuun <span class=\"meta-nav\">&rarr;<\/span><\/a><\/p>\n","protected":false},"author":1,"featured_media":0,"parent":1151,"menu_order":0,"comment_status":"closed","ping_status":"closed","template":"","meta":{"footnotes":""},"class_list":["post-5004","page","type-page","status-publish","hentry"],"_links":{"self":[{"href":"https:\/\/www.eurokolikonmaailma.fi\/index.php?rest_route=\/wp\/v2\/pages\/5004","targetHints":{"allow":["GET"]}}],"collection":[{"href":"https:\/\/www.eurokolikonmaailma.fi\/index.php?rest_route=\/wp\/v2\/pages"}],"about":[{"href":"https:\/\/www.eurokolikonmaailma.fi\/index.php?rest_route=\/wp\/v2\/types\/page"}],"author":[{"embeddable":true,"href":"https:\/\/www.eurokolikonmaailma.fi\/index.php?rest_route=\/wp\/v2\/users\/1"}],"replies":[{"embeddable":true,"href":"https:\/\/www.eurokolikonmaailma.fi\/index.php?rest_route=%2Fwp%2Fv2%2Fcomments&post=5004"}],"version-history":[{"count":3,"href":"https:\/\/www.eurokolikonmaailma.fi\/index.php?rest_route=\/wp\/v2\/pages\/5004\/revisions"}],"predecessor-version":[{"id":6063,"href":"https:\/\/www.eurokolikonmaailma.fi\/index.php?rest_route=\/wp\/v2\/pages\/5004\/revisions\/6063"}],"up":[{"embeddable":true,"href":"https:\/\/www.eurokolikonmaailma.fi\/index.php?rest_route=\/wp\/v2\/pages\/1151"}],"wp:attachment":[{"href":"https:\/\/www.eurokolikonmaailma.fi\/index.php?rest_route=%2Fwp%2Fv2%2Fmedia&parent=5004"}],"curies":[{"name":"wp","href":"https:\/\/api.w.org\/{rel}","templated":true}]}}