{"id":4704,"date":"2023-07-28T00:37:45","date_gmt":"2023-07-27T21:37:45","guid":{"rendered":"https:\/\/www.eurokolikonmaailma.fi\/?page_id=4704"},"modified":"2025-05-24T23:36:20","modified_gmt":"2025-05-24T20:36:20","slug":"power-of-grayskull-the-definitive-history-of-he-man-and-the-masters-of-the-universe-dokumentti","status":"publish","type":"page","link":"https:\/\/www.eurokolikonmaailma.fi\/?page_id=4704","title":{"rendered":"Power of Grayskull: The Definitive History of He-Man and the Masters of the Universe -dokumentti"},"content":{"rendered":"<p><img loading=\"lazy\" decoding=\"async\" src=\"https:\/\/motu.eurokolikonmaailma.fi\/kuvat\/video\/hmatmotu_logo.jpg\" alt=\"\" width=\"75\" height=\"47\" border=\"0\" \/> <img loading=\"lazy\" decoding=\"async\" src=\"https:\/\/motu.eurokolikonmaailma.fi\/kuvat\/video\/she_ra_logo.jpg\" alt=\"\" width=\"90\" height=\"47\" border=\"0\" \/> <img loading=\"lazy\" decoding=\"async\" class=\"alignnone wp-image-4687\" src=\"https:\/\/motu.eurokolikonmaailma.fi\/kuvat\/video\/br_logo.png\" alt=\"\" width=\"93\" height=\"50\" \/> <img loading=\"lazy\" decoding=\"async\" src=\"https:\/\/motu.eurokolikonmaailma.fi\/kuvat\/video\/210px-Dvd-video-logo.svg.png\" alt=\"\" width=\"75\" height=\"47\" border=\"0\" \/> <img loading=\"lazy\" decoding=\"async\" class=\"alignnone wp-image-4686\" src=\"https:\/\/motu.eurokolikonmaailma.fi\/kuvat\/video\/br_reg_rabc.png\" alt=\"\" width=\"50\" height=\"50\" \/><\/p>\r\n<p><a href=\"https:\/\/motu.eurokolikonmaailma.fi\/kuvat\/video\/pog_tk_m.jpg\" target=\"_blank\" rel=\"noopener\"><img loading=\"lazy\" decoding=\"async\" class=\"alignnone size-medium\" src=\"https:\/\/motu.eurokolikonmaailma.fi\/kuvat\/video\/pog_tk_m.jpg\" alt=\"\" width=\"262\" height=\"300\" \/><\/a><a href=\"https:\/\/motu.eurokolikonmaailma.fi\/kuvat\/video\/pog_s_m.jpg\" target=\"_blank\" rel=\"noopener\"><img loading=\"lazy\" decoding=\"async\" class=\"alignnone\" src=\"https:\/\/motu.eurokolikonmaailma.fi\/kuvat\/video\/pog_s_m.jpg\" alt=\"\" width=\"23\" height=\"300\" \/><\/a><a href=\"https:\/\/motu.eurokolikonmaailma.fi\/kuvat\/video\/pog_ek_m.jpg\" target=\"_blank\" rel=\"noopener\"><img loading=\"lazy\" decoding=\"async\" class=\"alignnone size-medium\" src=\"https:\/\/motu.eurokolikonmaailma.fi\/kuvat\/video\/pog_ek_m.jpg\" alt=\"\" width=\"262\" height=\"300\" \/><\/a><\/p>\r\n\r\n<p>Vuonna 2018 julkaistu Kickstarter-rahoitettu dokumentti Masters of the Universe -brandin historiasta. Blu-Ray -versio oli saatavana vain <a href=\"https:\/\/www.kickstarter.com\/projects\/definitivefilms\/power-of-grayskull\" target=\"_blank\" rel=\"noreferrer noopener\">Kickstarter-projektin<\/a> kautta, jonka rahoittamiseen itsekin osallistuin. Blu-Ray-versio dokumentista l\u00f6ytyy my\u00f6s <a href=\"https:\/\/www.eurokolikonmaailma.fi\/?page_id=4711\">The Eternia Collection<\/a> -julkaisusta. T\u00e4m\u00e4 erityisjulkaisu sis\u00e4lt\u00e4\u00e4 dokumentin Blu-Raylla sek\u00e4 DVD:ll\u00e4.<\/p>\r\n\r\n\r\n\r\n<blockquote class=\"wp-block-quote is-layout-flow wp-block-quote-is-layout-flow\">\r\n\r\n\r\n<p><em>THANK YOU ALL OF OUR AMAZING KICKSTARTER BACKERS WHO MADE THIS MOVIE POSSIBLE<\/em><\/p>\r\n\r\n\r\n\r\n<p><em>BY THE POWER OF GRAYSKULL!<\/em><\/p>\r\n\r\n\r\n\r\n<p><em>In the early 1980s He-Man arrived on the scene and hit the world with a punch as powerful as the character himself.<\/em><\/p>\r\n\r\n\r\n\r\n<p><em>Designed in the wake of Conan the barbarian and under the shadow of Star Wars, He-Man&#8217;s surprising popularity spawned a multi billion dollar empire the included toys, comic books, cartoons, live-action movies and a literal sister spinoff show &#8211; She-Ra &#8211; and continues to appeal to a ravenous fanbase today.<\/em><\/p>\r\n\r\n\r\n\r\n<p><em>Watch as artists, creators and collaborators dig deep, tell tales and share the surprising developments of an unlikely, unparalleled pop culture success in this Definitive History of He-Man and the Masters of the Universe.<\/em><\/p>\r\n\r\n\r\n\r\n<p><em>Do you have the power?<\/em><\/p>\r\n<\/blockquote>\r\n\r\n\r\n\r\n<p><strong>Lis\u00e4materiaali<\/strong><br \/>* The Fans of the Masters of the Universe<br \/>* Yli nelj\u00e4 tuntia verkosta ladattavaa extra materiaalia: Behind the Scenes -materiaalia, editoimatonta haastattelumateriaalia, poisj\u00e4tetty\u00e4 materiaalia ja lyhyt She-Ra -dokumentti.<\/p>\r\n\r\n\r\n\r\n<p><strong>Ominaisuudet:<\/strong><br \/>* Ik\u00e4raja: ei luokiteltu (mutta soveltuu kaikenik\u00e4isille)<br \/>* Kesto: 95 min<br \/>* Valmistumisvuosi: 2018<br \/>* Aluekoodi: alue vapaa \/ kaikki alueet<br \/>* \u00c4\u00e4ni: Dolby Digital 5.1<br \/>* Kieli: Englanti<br \/>* Tekstitys: Englanti (dokumenttielokuva)<br \/>* Kuvakoko: 1:1.85<br \/>* Formaatti: 1080p High Definition<br \/>* Julkaisija: Definitive Film Inc.<br \/><br \/><\/p>\r\n","protected":false},"excerpt":{"rendered":"<p>Vuonna 2018 julkaistu Kickstarter-rahoitettu dokumentti Masters of the Universe -brandin historiasta. Blu-Ray -versio oli saatavana vain Kickstarter-projektin kautta, jonka rahoittamiseen itsekin osallistuin. Blu-Ray-versio dokumentista l\u00f6ytyy my\u00f6s The Eternia Collection -julkaisusta. T\u00e4m\u00e4 erityisjulkaisu sis\u00e4lt\u00e4\u00e4 dokumentin Blu-Raylla sek\u00e4 DVD:ll\u00e4. THANK YOU ALL &hellip; <a href=\"https:\/\/www.eurokolikonmaailma.fi\/?page_id=4704\">Lue loppuun <span class=\"meta-nav\">&rarr;<\/span><\/a><\/p>\n","protected":false},"author":1,"featured_media":0,"parent":4667,"menu_order":0,"comment_status":"closed","ping_status":"closed","template":"","meta":{"footnotes":""},"class_list":["post-4704","page","type-page","status-publish","hentry"],"_links":{"self":[{"href":"https:\/\/www.eurokolikonmaailma.fi\/index.php?rest_route=\/wp\/v2\/pages\/4704","targetHints":{"allow":["GET"]}}],"collection":[{"href":"https:\/\/www.eurokolikonmaailma.fi\/index.php?rest_route=\/wp\/v2\/pages"}],"about":[{"href":"https:\/\/www.eurokolikonmaailma.fi\/index.php?rest_route=\/wp\/v2\/types\/page"}],"author":[{"embeddable":true,"href":"https:\/\/www.eurokolikonmaailma.fi\/index.php?rest_route=\/wp\/v2\/users\/1"}],"replies":[{"embeddable":true,"href":"https:\/\/www.eurokolikonmaailma.fi\/index.php?rest_route=%2Fwp%2Fv2%2Fcomments&post=4704"}],"version-history":[{"count":13,"href":"https:\/\/www.eurokolikonmaailma.fi\/index.php?rest_route=\/wp\/v2\/pages\/4704\/revisions"}],"predecessor-version":[{"id":5409,"href":"https:\/\/www.eurokolikonmaailma.fi\/index.php?rest_route=\/wp\/v2\/pages\/4704\/revisions\/5409"}],"up":[{"embeddable":true,"href":"https:\/\/www.eurokolikonmaailma.fi\/index.php?rest_route=\/wp\/v2\/pages\/4667"}],"wp:attachment":[{"href":"https:\/\/www.eurokolikonmaailma.fi\/index.php?rest_route=%2Fwp%2Fv2%2Fmedia&parent=4704"}],"curies":[{"name":"wp","href":"https:\/\/api.w.org\/{rel}","templated":true}]}}