{"id":399,"date":"2011-06-12T15:49:14","date_gmt":"2011-06-12T12:49:14","guid":{"rendered":"http:\/\/www.eurokolikonmaailma.fi\/blogi\/?page_id=399"},"modified":"2025-06-14T23:28:16","modified_gmt":"2025-06-14T20:28:16","slug":"suomisarjakuva-288","status":"publish","type":"page","link":"https:\/\/www.eurokolikonmaailma.fi\/?page_id=399","title":{"rendered":"Suomisarjakuva 2\/88"},"content":{"rendered":"<h1><span style=\"font-size: x-large;\">2<\/span><span style=\"font-size: x-large;\"> \/ 1988 (13,50 mk)<\/span><\/h1>\n<p><span style=\"font-size: x-large;\"><img loading=\"lazy\" decoding=\"async\" src=\"http:\/\/motu.eurokolikonmaailma.fi\/kuvat\/sarjis\/img032.jpg\" alt=\"\" width=\"320\" height=\"500\" border=\"0\" \/><\/span><\/p>\n<h2><span style=\"font-size: large;\">Tarinat<\/span><\/h2>\n<p>&#8211; Kohtalokkaat amuletit (To Tempt the Gods),\u00a0MOTU DC#1, joulukuu 1982<br \/>\n&#8211; Avain P\u00e4\u00e4kallolinnaan (The Key to Castle Grayskull),\u00a0MOTU DC#2, tammikuu 1983<br \/>\n&#8211; Ratkaisun aika (Within These Walls&#8230; Armageddon),\u00a0MOTU DC#3, helmikuu 1983<\/p>\n<p><em>Seuraavia sivuja ei ole syyst\u00e4 tai toisesta Suomennettu eik\u00e4 t\u00e4ss\u00e4 lehdess\u00e4 julkaistu:<\/em><br \/>\n&#8211; To Tempt the Gods s.\u00a0<a href=\"https:\/\/motu.eurokolikonmaailma.fi\/kuvat\/sarjis\/img032_m.jpg\" target=\"_blank\" rel=\"noopener\">4<\/a>,\u00a0<a href=\"https:\/\/motu.eurokolikonmaailma.fi\/kuvat\/sarjis\/img034_m.jpg\" target=\"_blank\" rel=\"noopener\">11<\/a>,\u00a0<a href=\"https:\/\/motu.eurokolikonmaailma.fi\/kuvat\/sarjis\/img041_m.jpg\" target=\"_blank\" rel=\"noopener\">14<\/a><br \/>\n&#8211; The Key to Castle Grayskull s.\u00a0<a href=\"https:\/\/motu.eurokolikonmaailma.fi\/kuvat\/sarjis\/img042_m.jpg\" target=\"_blank\" rel=\"noopener\">21<\/a>,\u00a0<a href=\"https:\/\/motu.eurokolikonmaailma.fi\/kuvat\/sarjis\/img043_m.jpg\" target=\"_blank\" rel=\"noopener\">23<\/a><\/p>\n<p>Oma lehteni on t\u00e4ynn\u00e4 punaisia tussituhruja, kiitos pikkuveljeni, joka p\u00e4\u00e4sti taiteellisuutensa valloilleen lehte\u00e4 kohtaan ollessaan vajaa parivuotias.<\/p>\n<p><strong>Lue lehti:<\/strong><br \/>\n<div class=\"_3d-flip-book  fb3d-fullscreen-mode full-size\" data-id=\"4304\" data-mode=\"fullscreen\" data-title=\"false\" data-template=\"short-white-book-view\" data-lightbox=\"dark-shadow\" data-urlparam=\"fb3d-page\" data-page-n=\"0\" data-pdf=\"\" data-tax=\"null\" data-thumbnail=\"\" data-cols=\"3\" data-book-template=\"default\" data-trigger=\"\"><\/div><script type=\"text\/javascript\">window.FB3D_CLIENT_DATA = window.FB3D_CLIENT_DATA || [];FB3D_CLIENT_DATA.push('eyJwb3N0cyI6eyI0MzA0Ijp7IklEIjo0MzA0LCJ0aXRsZSI6Ik1PVFUgMlwvMTk4OCIsInR5cGUiOiJwZGYiLCJyZWFkeV9mdW5jdGlvbiI6IiIsImJvb2tfc3R5bGUiOiJ2b2x1bWUiLCJib29rX3RlbXBsYXRlIjoibm9uZSIsIm91dGxpbmUiOltdLCJkYXRhIjp7InBvc3RfSUQiOiI0MzAzIiwiZ3VpZCI6Imh0dHA6XC9cL3d3dy5ldXJva29saWtvbm1hYWlsbWEuZmlcL2Jsb2dpXC93cC1jb250ZW50XC91cGxvYWRzXC8yMDE5XC8wNlwvTWFzdGVycy1vZi10aGUtVW5pdmVyc2UtMDItMTk4OC5wZGYiLCJwZGZfcGFnZXMiOiI2OCIsInBhZ2VzX2N1c3RvbWl6YXRpb24iOiJub25lIn0sInRodW1ibmFpbCI6eyJkYXRhIjp7InBvc3RfSUQiOiIwIn0sInR5cGUiOiJhdXRvIn0sInByb3BzIjp7ImJhY2tncm91bmRDb2xvciI6ImF1dG8iLCJiYWNrZ3JvdW5kSW1hZ2UiOiJhdXRvIiwiYmFja2dyb3VuZFN0eWxlIjoiYXV0byIsImhpZ2hsaWdodExpbmtzIjoiYXV0byIsImxpZ2h0aW5nIjoiYXV0byIsInNpbmdsZVBhZ2VNb2RlIjoiYXV0byIsImNhY2hlZFBhZ2VzIjoiYXV0byIsInJlbmRlckluYWN0aXZlUGFnZXMiOiJhdXRvIiwicmVuZGVySW5hY3RpdmVQYWdlc09uTW9iaWxlIjoiYXV0byIsInJlbmRlcldoaWxlRmxpcHBpbmciOiJhdXRvIiwicHJlbG9hZFBhZ2VzIjoiYXV0byIsImF1dG9QbGF5RHVyYXRpb24iOiJhdXRvIiwicnRsIjoiYXV0byIsImludGVyYWN0aXZlQ29ybmVycyI6ImF1dG8iLCJtYXhEZXB0aCI6ImF1dG8iLCJzaGVldCI6eyJzdGFydFZlbG9jaXR5IjoiYXV0byIsIndhdmUiOiJhdXRvIiwic2hhcGUiOiJhdXRvIiwid2lkdGhUZXhlbHMiOiJhdXRvIiwiY29sb3IiOiJhdXRvIiwic2lkZSI6ImF1dG8iLCJzdHJldGNoSW1hZ2VzIjoiYXV0byIsImNvcm5lckRldmlhdGlvbiI6ImF1dG8iLCJmbGV4aWJpbGl0eSI6ImF1dG8iLCJmbGV4aWJsZUNvcm5lciI6ImF1dG8iLCJiZW5kaW5nIjoiYXV0byIsImhlaWdodFRleGVscyI6ImF1dG8ifSwiY292ZXIiOnsid2F2ZSI6ImF1dG8iLCJjb2xvciI6ImF1dG8iLCJzaWRlIjoiYXV0byIsInN0cmV0Y2hJbWFnZXMiOiJhdXRvIiwiYmluZGVyVGV4dHVyZSI6ImF1dG8iLCJkZXB0aCI6ImF1dG8iLCJwYWRkaW5nIjoiYXV0byIsInN0YXJ0VmVsb2NpdHkiOiJhdXRvIiwiZmxleGliaWxpdHkiOiJhdXRvIiwiZmxleGlibGVDb3JuZXIiOiJhdXRvIiwiYmVuZGluZyI6ImF1dG8iLCJ3aWR0aFRleGVscyI6ImF1dG8iLCJoZWlnaHRUZXhlbHMiOiJhdXRvIiwibWFzcyI6ImF1dG8iLCJzaGFwZSI6ImF1dG8ifSwicGFnZSI6eyJ3YXZlIjoiYXV0byIsImNvbG9yIjoiYXV0byIsInNpZGUiOiJhdXRvIiwic3RyZXRjaEltYWdlcyI6ImF1dG8iLCJkZXB0aCI6ImF1dG8iLCJzdGFydFZlbG9jaXR5IjoiYXV0byIsImZsZXhpYmlsaXR5IjoiYXV0byIsImZsZXhpYmxlQ29ybmVyIjoiYXV0byIsImJlbmRpbmciOiJhdXRvIiwid2lkdGhUZXhlbHMiOiJhdXRvIiwiaGVpZ2h0VGV4ZWxzIjoiYXV0byIsIm1hc3MiOiJhdXRvIiwic2hhcGUiOiJhdXRvIn0sImhlaWdodCI6ImF1dG8iLCJ3aWR0aCI6ImF1dG8iLCJncmF2aXR5IjoiYXV0byIsInBhZ2VzRm9yUHJlZGljdGluZyI6ImF1dG8ifSwiY29udHJvbFByb3BzIjp7ImFjdGlvbnMiOnsiY21kVG9jIjp7ImVuYWJsZWQiOiJhdXRvIiwiZW5hYmxlZEluTmFycm93IjoiYXV0byIsImFjdGl2ZSI6ImF1dG8iLCJkZWZhdWx0VGFiIjoiYXV0byJ9LCJjbWRBdXRvUGxheSI6eyJlbmFibGVkIjoiYXV0byIsImVuYWJsZWRJbk5hcnJvdyI6ImF1dG8iLCJhY3RpdmUiOiJhdXRvIn0sImNtZFNhdmUiOnsiZW5hYmxlZCI6IjAiLCJlbmFibGVkSW5OYXJyb3ciOiIwIn0sImNtZFByaW50Ijp7ImVuYWJsZWQiOiIwIiwiZW5hYmxlZEluTmFycm93IjoiMCJ9LCJjbWRTaW5nbGVQYWdlIjp7ImVuYWJsZWQiOiJhdXRvIiwiZW5hYmxlZEluTmFycm93IjoiYXV0byIsImFjdGl2ZSI6ImF1dG8iLCJhY3RpdmVGb3JNb2JpbGUiOiJhdXRvIn0sIndpZFRvb2xiYXIiOnsiZW5hYmxlZCI6ImF1dG8iLCJlbmFibGVkSW5OYXJyb3ciOiJhdXRvIn19fSwiYXV0b1RodW1ibmFpbCI6Imh0dHBzOlwvXC93d3cuZXVyb2tvbGlrb25tYWFpbG1hLmZpXC9ibG9naVwvd3AtY29udGVudFwvdXBsb2Fkc1wvM2QtZmxpcC1ib29rXC9hdXRvLXRodW1ibmFpbHNcLzQzMDQucG5nIiwicG9zdF9uYW1lIjoibW90dS0yLTE5ODgiLCJwb3N0X3R5cGUiOiIzZC1mbGlwLWJvb2sifX0sInBhZ2VzIjpbXSwiZmlyc3RQYWdlcyI6W119');window.FB3D_CLIENT_LOCALE && FB3D_CLIENT_LOCALE.render && FB3D_CLIENT_LOCALE.render();<\/script><\/p>\n","protected":false},"excerpt":{"rendered":"<p>2 \/ 1988 (13,50 mk) Tarinat &#8211; Kohtalokkaat amuletit (To Tempt the Gods),\u00a0MOTU DC#1, joulukuu 1982 &#8211; Avain P\u00e4\u00e4kallolinnaan (The Key to Castle Grayskull),\u00a0MOTU DC#2, tammikuu 1983 &#8211; Ratkaisun aika (Within These Walls&#8230; Armageddon),\u00a0MOTU DC#3, helmikuu 1983 Seuraavia sivuja ei &hellip; <a href=\"https:\/\/www.eurokolikonmaailma.fi\/?page_id=399\">Lue loppuun <span class=\"meta-nav\">&rarr;<\/span><\/a><\/p>\n","protected":false},"author":1,"featured_media":0,"parent":438,"menu_order":0,"comment_status":"open","ping_status":"closed","template":"","meta":{"footnotes":""},"class_list":["post-399","page","type-page","status-publish","hentry"],"_links":{"self":[{"href":"https:\/\/www.eurokolikonmaailma.fi\/index.php?rest_route=\/wp\/v2\/pages\/399","targetHints":{"allow":["GET"]}}],"collection":[{"href":"https:\/\/www.eurokolikonmaailma.fi\/index.php?rest_route=\/wp\/v2\/pages"}],"about":[{"href":"https:\/\/www.eurokolikonmaailma.fi\/index.php?rest_route=\/wp\/v2\/types\/page"}],"author":[{"embeddable":true,"href":"https:\/\/www.eurokolikonmaailma.fi\/index.php?rest_route=\/wp\/v2\/users\/1"}],"replies":[{"embeddable":true,"href":"https:\/\/www.eurokolikonmaailma.fi\/index.php?rest_route=%2Fwp%2Fv2%2Fcomments&post=399"}],"version-history":[{"count":9,"href":"https:\/\/www.eurokolikonmaailma.fi\/index.php?rest_route=\/wp\/v2\/pages\/399\/revisions"}],"predecessor-version":[{"id":5863,"href":"https:\/\/www.eurokolikonmaailma.fi\/index.php?rest_route=\/wp\/v2\/pages\/399\/revisions\/5863"}],"up":[{"embeddable":true,"href":"https:\/\/www.eurokolikonmaailma.fi\/index.php?rest_route=\/wp\/v2\/pages\/438"}],"wp:attachment":[{"href":"https:\/\/www.eurokolikonmaailma.fi\/index.php?rest_route=%2Fwp%2Fv2%2Fmedia&parent=399"}],"curies":[{"name":"wp","href":"https:\/\/api.w.org\/{rel}","templated":true}]}}