{"id":3704,"date":"2016-02-26T18:50:06","date_gmt":"2016-02-26T16:50:06","guid":{"rendered":"http:\/\/www.eurokolikonmaailma.fi\/?page_id=3704"},"modified":"2016-02-26T18:50:06","modified_gmt":"2016-02-26T16:50:06","slug":"teela-starchild-prinssi-adam-ja-bowena-mu125","status":"publish","type":"page","link":"https:\/\/www.eurokolikonmaailma.fi\/?page_id=3704","title":{"rendered":"Teela, Starchild, Prinssi Adam ja Bowena, MU125"},"content":{"rendered":"<p><img decoding=\"async\" src=\"http:\/\/motu.eurokolikonmaailma.fi\/kuvat\/cels\/sc_cel_mu125_mid.jpg\" alt=\"\" width=\"630\" \/>K\u00e4sinmaalattu animaatiokalvo (monitasoinen) + v\u00e4rikopio taustakuva<br \/>\n&#8211; kalvoja ei saanut kunnolla irti toisistaan.<\/p>\n<p><img decoding=\"async\" src=\"http:\/\/motu.eurokolikonmaailma.fi\/kuvat\/cels\/starchild_cel_in_ep.jpg\" alt=\"\" width=\"503\" \/><br \/>\nKuvankaappaus kohdasta, jossa animaatiokalvoa on k\u00e4ytetty. Ei ole varmaa onko kaappaus oikeasta framesta, sill\u00e4 Adamin ilmeit\u00e4 ei kunnolla n\u00e4e ja niit\u00e4 lukuun ottamatta\u00a0kohtaus on t\u00e4ysin staattinen.<\/p>\n<p><strong>Teela, Starchild, Prinssi Adam ja Bowena\u00a0<\/strong>&#8211;\u00a0<em>He-Man and the Masters of the Universe<\/em><strong>\u00a0<\/strong>-animaatiosarjan jaksosta #125, &#8221;Bargain with Evil&#8221;.<\/p>\n","protected":false},"excerpt":{"rendered":"<p>K\u00e4sinmaalattu animaatiokalvo (monitasoinen) + v\u00e4rikopio taustakuva &#8211; kalvoja ei saanut kunnolla irti toisistaan. Kuvankaappaus kohdasta, jossa animaatiokalvoa on k\u00e4ytetty. Ei ole varmaa onko kaappaus oikeasta framesta, sill\u00e4 Adamin ilmeit\u00e4 ei kunnolla n\u00e4e ja niit\u00e4 lukuun ottamatta\u00a0kohtaus on t\u00e4ysin staattinen. Teela, &hellip; <a href=\"https:\/\/www.eurokolikonmaailma.fi\/?page_id=3704\">Lue loppuun <span class=\"meta-nav\">&rarr;<\/span><\/a><\/p>\n","protected":false},"author":1,"featured_media":0,"parent":861,"menu_order":0,"comment_status":"closed","ping_status":"closed","template":"","meta":{"footnotes":""},"class_list":["post-3704","page","type-page","status-publish","hentry"],"_links":{"self":[{"href":"https:\/\/www.eurokolikonmaailma.fi\/index.php?rest_route=\/wp\/v2\/pages\/3704","targetHints":{"allow":["GET"]}}],"collection":[{"href":"https:\/\/www.eurokolikonmaailma.fi\/index.php?rest_route=\/wp\/v2\/pages"}],"about":[{"href":"https:\/\/www.eurokolikonmaailma.fi\/index.php?rest_route=\/wp\/v2\/types\/page"}],"author":[{"embeddable":true,"href":"https:\/\/www.eurokolikonmaailma.fi\/index.php?rest_route=\/wp\/v2\/users\/1"}],"replies":[{"embeddable":true,"href":"https:\/\/www.eurokolikonmaailma.fi\/index.php?rest_route=%2Fwp%2Fv2%2Fcomments&post=3704"}],"version-history":[{"count":1,"href":"https:\/\/www.eurokolikonmaailma.fi\/index.php?rest_route=\/wp\/v2\/pages\/3704\/revisions"}],"predecessor-version":[{"id":3707,"href":"https:\/\/www.eurokolikonmaailma.fi\/index.php?rest_route=\/wp\/v2\/pages\/3704\/revisions\/3707"}],"up":[{"embeddable":true,"href":"https:\/\/www.eurokolikonmaailma.fi\/index.php?rest_route=\/wp\/v2\/pages\/861"}],"wp:attachment":[{"href":"https:\/\/www.eurokolikonmaailma.fi\/index.php?rest_route=%2Fwp%2Fv2%2Fmedia&parent=3704"}],"curies":[{"name":"wp","href":"https:\/\/api.w.org\/{rel}","templated":true}]}}