{"id":3654,"date":"2015-05-01T21:33:24","date_gmt":"2015-05-01T18:33:24","guid":{"rendered":"http:\/\/www.eurokolikonmaailma.fi\/?page_id=3654"},"modified":"2015-05-01T21:33:24","modified_gmt":"2015-05-01T18:33:24","slug":"suomisarjakuva-1289","status":"publish","type":"page","link":"https:\/\/www.eurokolikonmaailma.fi\/?page_id=3654","title":{"rendered":"Suomisarjakuva 12\/89"},"content":{"rendered":"<h1><span style=\"font-size: x-large;\">12 \/ 1989 (9,90 mk)<\/span><\/h1>\n<p><img decoding=\"async\" src=\"http:\/\/motu.eurokolikonmaailma.fi\/kuvat\/sarjis\/img263.jpg\" alt=\"\" \/><\/p>\n<h2><span style=\"font-size: large;\">Tarinat<\/span><\/h2>\n<p>&#8211; Hy\u00f6kk\u00e4ys P\u00e4\u00e4kallolinnaan (Inside Castle Grayskull), UK MOTU Adventure Magazine 13\/89 &#8211; alkuper\u00e4istarina &#8221;Sturm auf Castle Grayskull&#8221; Ehapa Saksa 5\/88, toukokuu<br \/>\n&#8211; Turnajaiset (Contest of Champions), UK MOTU numero 69\/88, marraskuu &#8211; alkuper\u00e4istarina &#8221;Turnier der Tapferen&#8221; Ehapa Saksa 6\/88, kes\u00e4kuu<br \/>\n&#8211; El\u00e4m\u00e4n kukka (The Flower of Life), UK MOTU numero 71\/88, joulukuu &#8211; alkuper\u00e4istarina &#8221;Die Blume des Lebens&#8221; Ehapa Saksa 7\/88, kes\u00e4kuu<br \/>\n&#8211; Kaksoisolentojen kaksintaistelu (Double Trouble), UK MOTU Adventure Magazine 14\/89, maaliskuu &#8211; alkuper\u00e4istarina &#8221;Duell der Doppelg\u00e4nger&#8221; Ehapa Saksa 8\/88, elokuu<\/p>\n","protected":false},"excerpt":{"rendered":"<p>12 \/ 1989 (9,90 mk) Tarinat &#8211; Hy\u00f6kk\u00e4ys P\u00e4\u00e4kallolinnaan (Inside Castle Grayskull), UK MOTU Adventure Magazine 13\/89 &#8211; alkuper\u00e4istarina &#8221;Sturm auf Castle Grayskull&#8221; Ehapa Saksa 5\/88, toukokuu &#8211; Turnajaiset (Contest of Champions), UK MOTU numero 69\/88, marraskuu &#8211; alkuper\u00e4istarina &#8221;Turnier &hellip; <a href=\"https:\/\/www.eurokolikonmaailma.fi\/?page_id=3654\">Lue loppuun <span class=\"meta-nav\">&rarr;<\/span><\/a><\/p>\n","protected":false},"author":1,"featured_media":0,"parent":440,"menu_order":0,"comment_status":"open","ping_status":"open","template":"","meta":{"footnotes":""},"class_list":["post-3654","page","type-page","status-publish","hentry"],"_links":{"self":[{"href":"https:\/\/www.eurokolikonmaailma.fi\/index.php?rest_route=\/wp\/v2\/pages\/3654","targetHints":{"allow":["GET"]}}],"collection":[{"href":"https:\/\/www.eurokolikonmaailma.fi\/index.php?rest_route=\/wp\/v2\/pages"}],"about":[{"href":"https:\/\/www.eurokolikonmaailma.fi\/index.php?rest_route=\/wp\/v2\/types\/page"}],"author":[{"embeddable":true,"href":"https:\/\/www.eurokolikonmaailma.fi\/index.php?rest_route=\/wp\/v2\/users\/1"}],"replies":[{"embeddable":true,"href":"https:\/\/www.eurokolikonmaailma.fi\/index.php?rest_route=%2Fwp%2Fv2%2Fcomments&post=3654"}],"version-history":[{"count":1,"href":"https:\/\/www.eurokolikonmaailma.fi\/index.php?rest_route=\/wp\/v2\/pages\/3654\/revisions"}],"predecessor-version":[{"id":3655,"href":"https:\/\/www.eurokolikonmaailma.fi\/index.php?rest_route=\/wp\/v2\/pages\/3654\/revisions\/3655"}],"up":[{"embeddable":true,"href":"https:\/\/www.eurokolikonmaailma.fi\/index.php?rest_route=\/wp\/v2\/pages\/440"}],"wp:attachment":[{"href":"https:\/\/www.eurokolikonmaailma.fi\/index.php?rest_route=%2Fwp%2Fv2%2Fmedia&parent=3654"}],"curies":[{"name":"wp","href":"https:\/\/api.w.org\/{rel}","templated":true}]}}