{"id":3642,"date":"2015-05-01T21:21:58","date_gmt":"2015-05-01T18:21:58","guid":{"rendered":"http:\/\/www.eurokolikonmaailma.fi\/?page_id=3642"},"modified":"2022-12-06T17:45:18","modified_gmt":"2022-12-06T15:45:18","slug":"suomisarjakuva-789","status":"publish","type":"page","link":"https:\/\/www.eurokolikonmaailma.fi\/?page_id=3642","title":{"rendered":"Suomisarjakuva 07\/89"},"content":{"rendered":"<h1><span style=\"font-size: x-large;\">7 \/ 1989 (9,50 mk)<\/span><\/h1>\n<p><img decoding=\"async\" src=\"http:\/\/motu.eurokolikonmaailma.fi\/kuvat\/sarjis\/img266.jpg\" alt=\"\" \/><\/p>\n<h2><span style=\"font-size: large;\">Tarinat<\/span><\/h2>\n<p>&#8211; Hy\u00f6nteishy\u00f6kk\u00e4ys (Insect Invasion), UK MOTU numero 48-49\/88, tammikuu<br \/>\n&#8211; Kaksintaistelu Eternialla (Showdown on Eternia), UK MOTU numero 47\/87, joulukuu<br \/>\n&#8211; Kuninkaallinen henkivartija (Of Champions and Kings), UK MOTU numero 48\/88, tammikuu<br \/>\n&#8211; Salaper\u00e4iset hirvi\u00f6t (Monster Mayhem), UK MOTU numero 33\/87, kes\u00e4kuu<br \/>\n&#8211; Velho nimelt\u00e4 Hordak! (Hordak the Mystic), UK MOTU numero 33\/87, kes\u00e4kuu<\/p>\n","protected":false},"excerpt":{"rendered":"<p>7 \/ 1989 (9,50 mk) Tarinat &#8211; Hy\u00f6nteishy\u00f6kk\u00e4ys (Insect Invasion), UK MOTU numero 48-49\/88, tammikuu &#8211; Kaksintaistelu Eternialla (Showdown on Eternia), UK MOTU numero 47\/87, joulukuu &#8211; Kuninkaallinen henkivartija (Of Champions and Kings), UK MOTU numero 48\/88, tammikuu &#8211; Salaper\u00e4iset &hellip; <a href=\"https:\/\/www.eurokolikonmaailma.fi\/?page_id=3642\">Lue loppuun <span class=\"meta-nav\">&rarr;<\/span><\/a><\/p>\n","protected":false},"author":1,"featured_media":0,"parent":440,"menu_order":0,"comment_status":"open","ping_status":"closed","template":"","meta":{"footnotes":""},"class_list":["post-3642","page","type-page","status-publish","hentry"],"_links":{"self":[{"href":"https:\/\/www.eurokolikonmaailma.fi\/index.php?rest_route=\/wp\/v2\/pages\/3642","targetHints":{"allow":["GET"]}}],"collection":[{"href":"https:\/\/www.eurokolikonmaailma.fi\/index.php?rest_route=\/wp\/v2\/pages"}],"about":[{"href":"https:\/\/www.eurokolikonmaailma.fi\/index.php?rest_route=\/wp\/v2\/types\/page"}],"author":[{"embeddable":true,"href":"https:\/\/www.eurokolikonmaailma.fi\/index.php?rest_route=\/wp\/v2\/users\/1"}],"replies":[{"embeddable":true,"href":"https:\/\/www.eurokolikonmaailma.fi\/index.php?rest_route=%2Fwp%2Fv2%2Fcomments&post=3642"}],"version-history":[{"count":3,"href":"https:\/\/www.eurokolikonmaailma.fi\/index.php?rest_route=\/wp\/v2\/pages\/3642\/revisions"}],"predecessor-version":[{"id":4628,"href":"https:\/\/www.eurokolikonmaailma.fi\/index.php?rest_route=\/wp\/v2\/pages\/3642\/revisions\/4628"}],"up":[{"embeddable":true,"href":"https:\/\/www.eurokolikonmaailma.fi\/index.php?rest_route=\/wp\/v2\/pages\/440"}],"wp:attachment":[{"href":"https:\/\/www.eurokolikonmaailma.fi\/index.php?rest_route=%2Fwp%2Fv2%2Fmedia&parent=3642"}],"curies":[{"name":"wp","href":"https:\/\/api.w.org\/{rel}","templated":true}]}}