{"id":294,"date":"2011-05-29T22:56:03","date_gmt":"2011-05-29T19:56:03","guid":{"rendered":"http:\/\/www.eurokolikonmaailma.fi\/blogi\/?page_id=294"},"modified":"2025-06-15T00:41:31","modified_gmt":"2025-06-14T21:41:31","slug":"2011-2","status":"publish","type":"page","link":"https:\/\/www.eurokolikonmaailma.fi\/?page_id=294","title":{"rendered":"2011"},"content":{"rendered":"<h2>Itselt\u00e4ni l\u00f6ytyv\u00e4t vuonna 2011 julkaistut Masters of the universe Classics hahmot\/tuotteet<\/h2>\n<h3><strong>\u00a0Perushahmot\u00a0<\/strong><\/h3>\n<table style=\"border: 0px;\">\n<tbody>\n<tr>\n<td style=\"border: 0px;\"><a href=\"https:\/\/www.eurokolikonmaailma.fi\/blogi\/?page_id=2292\"><img loading=\"lazy\" decoding=\"async\" class=\"aligncenter\" src=\"http:\/\/motu.eurokolikonmaailma.fi\/kuvat\/Vikor\/vikor_main.jpg\" alt=\"\" width=\"106\" height=\"151\" \/><\/a><\/td>\n<td style=\"border: 0px;\"><a href=\"https:\/\/www.eurokolikonmaailma.fi\/blogi\/?page_id=314\"><img loading=\"lazy\" decoding=\"async\" class=\"aligncenter\" src=\"http:\/\/motu.eurokolikonmaailma.fi\/kuvat\/Bow\/bow_main.jpg\" alt=\"\" width=\"91\" height=\"151\" \/><\/a><\/td>\n<td style=\"border: 0px;\"><a href=\"https:\/\/www.eurokolikonmaailma.fi\/blogi\/?page_id=268\"><img loading=\"lazy\" decoding=\"async\" class=\"aligncenter\" src=\"http:\/\/motu.eurokolikonmaailma.fi\/kuvat\/King_Hssss\/hssss_main.jpg\" alt=\"\" width=\"105\" height=\"151\" \/><\/a><\/td>\n<\/tr>\n<tr>\n<td style=\"border: 0px; text-align: center;\"><strong><span style=\"color: #008000;\">\u00a0Vikor<\/span><\/strong><\/td>\n<td style=\"border: 0px; text-align: center;\"><strong><span style=\"color: #008000;\">Bow<\/span><\/strong><\/td>\n<td style=\"border: 0px; text-align: center;\"><strong><span style=\"color: #ff0000;\">King Hssss<\/span><\/strong><\/td>\n<\/tr>\n<tr>\n<td style=\"border: 0px; text-align: center;\"><strong><span style=\"color: #008000;\">\u00a0<\/span><\/strong><\/td>\n<td style=\"border: 0px; text-align: center;\"><\/td>\n<td style=\"border: 0px; text-align: center;\"><\/td>\n<\/tr>\n<tr>\n<td style=\"border: 0px;\"><a href=\"https:\/\/www.eurokolikonmaailma.fi\/blogi\/?page_id=184\"><img loading=\"lazy\" decoding=\"async\" class=\"aligncenter\" src=\"http:\/\/motu.eurokolikonmaailma.fi\/kuvat\/Sy-Klone\/sk_main.jpg\" alt=\"\" width=\"94\" height=\"151\" \/><\/a><\/td>\n<td style=\"border: 0px;\"><a href=\"https:\/\/www.eurokolikonmaailma.fi\/blogi\/?page_id=503\"><img loading=\"lazy\" decoding=\"async\" class=\"aligncenter\" src=\"http:\/\/motu.eurokolikonmaailma.fi\/kuvat\/catra\/catra_main.jpg\" alt=\"\" width=\"83\" height=\"151\" \/><\/a><\/td>\n<td style=\"border: 0px;\"><a href=\"https:\/\/www.eurokolikonmaailma.fi\/blogi\/?page_id=2299\"><img loading=\"lazy\" decoding=\"async\" class=\"aligncenter\" src=\"http:\/\/motu.eurokolikonmaailma.fi\/kuvat\/faceless_one\/T5736_fullsizeimage1.jpg\" alt=\"\" width=\"108\" height=\"151\" \/><\/a><\/td>\n<\/tr>\n<tr>\n<td style=\"border: 0px; text-align: center;\"><strong><span style=\"color: #008000;\">\u00a0Sy-Klone<\/span><\/strong><\/td>\n<td style=\"border: 0px; text-align: center;\"><strong><span style=\"color: #ff0000;\">Catra<\/span><\/strong><\/td>\n<td style=\"border: 0px; text-align: center;\"><strong><span style=\"color: #008000;\">* The Faceless One<\/span><\/strong><\/td>\n<\/tr>\n<tr>\n<td style=\"border: 0px; text-align: center;\"><strong><span style=\"color: #008000;\">\u00a0<\/span><\/strong><\/td>\n<td style=\"border: 0px; text-align: center;\"><strong><span style=\"color: #ff0000;\">\u00a0<\/span><\/strong><\/td>\n<td style=\"border: 0px; text-align: center;\"><\/td>\n<\/tr>\n<tr>\n<td style=\"border: 0px;\"><a href=\"https:\/\/www.eurokolikonmaailma.fi\/blogi\/?page_id=2297\"><img loading=\"lazy\" decoding=\"async\" class=\"aligncenter\" src=\"http:\/\/motu.eurokolikonmaailma.fi\/kuvat\/clawful\/T5798_fullsizeimage01.jpg\" alt=\"\" width=\"108\" height=\"151\" \/><\/a><\/td>\n<td style=\"border: 0px;\"><a href=\"https:\/\/www.eurokolikonmaailma.fi\/blogi\/?page_id=880\"><img loading=\"lazy\" decoding=\"async\" class=\"aligncenter\" src=\"http:\/\/motu.eurokolikonmaailma.fi\/kuvat\/Man_e_faces\/mef_main.jpg\" alt=\"\" width=\"71\" height=\"151\" \/><\/a><\/td>\n<td style=\"border: 0px;\"><a href=\"https:\/\/www.eurokolikonmaailma.fi\/blogi\/?page_id=909\"><img loading=\"lazy\" decoding=\"async\" class=\"aligncenter\" src=\"http:\/\/motu.eurokolikonmaailma.fi\/kuvat\/Leech\/lh_main.jpg\" alt=\"\" width=\"109\" height=\"151\" \/><\/a><\/td>\n<\/tr>\n<tr>\n<td style=\"border: 0px; text-align: center;\"><strong><span style=\"color: #ff0000;\">* Clawful<\/span><\/strong><\/td>\n<td style=\"border: 0px; text-align: center;\"><strong><span style=\"color: #008000;\">Man-E-Faces<\/span><\/strong><\/td>\n<td style=\"border: 0px; text-align: center;\"><strong><span style=\"color: #ff0000;\">Leech<\/span><\/strong><\/td>\n<\/tr>\n<tr>\n<td style=\"border: 0px; text-align: center;\"><\/td>\n<td style=\"border: 0px; text-align: center;\"><\/td>\n<td style=\"border: 0px;\"><\/td>\n<\/tr>\n<tr>\n<td style=\"border: 0px;\">\u00a0<a href=\"https:\/\/www.eurokolikonmaailma.fi\/blogi\/?page_id=2304\"><img loading=\"lazy\" decoding=\"async\" src=\"http:\/\/motu.eurokolikonmaailma.fi\/kuvat\/icarius\/Icarius_fullsizeimage01.jpg\" alt=\"\" width=\"128\" height=\"151\" \/><\/a><\/td>\n<td style=\"border: 0px;\"><a href=\"https:\/\/www.eurokolikonmaailma.fi\/blogi\/?page_id=2307\"><img loading=\"lazy\" decoding=\"async\" class=\"aligncenter\" src=\"http:\/\/motu.eurokolikonmaailma.fi\/kuvat\/snout_spout\/T5802_fullsizeimage01.jpg\" alt=\"\" width=\"130\" height=\"151\" \/><\/a><\/td>\n<td style=\"border: 0px;\"><a href=\"https:\/\/www.eurokolikonmaailma.fi\/blogi\/?page_id=2311\"><img loading=\"lazy\" decoding=\"async\" class=\"aligncenter\" src=\"http:\/\/motu.eurokolikonmaailma.fi\/kuvat\/demo_man\/DemoMan_fullsizeimage01.jpg\" alt=\"\" width=\"115\" height=\"151\" \/><\/a><\/td>\n<\/tr>\n<tr>\n<td style=\"border: 0px; text-align: center;\">\u00a0<strong><span style=\"color: #008000;\">* Icarius<\/span><\/strong><\/td>\n<td style=\"border: 0px; text-align: center;\"><strong><span style=\"color: #008000;\">* Snout Spout\u00a0<\/span><\/strong><\/td>\n<td style=\"border: 0px; text-align: center;\"><strong><span style=\"color: #ff0000;\">* Demo-Man<\/span><\/strong><\/td>\n<\/tr>\n<tr>\n<td style=\"border: 0px; text-align: center;\"><strong><span style=\"color: #008000;\">\u00a0<\/span><\/strong><\/td>\n<td style=\"border: 0px; text-align: center;\"><\/td>\n<td style=\"border: 0px; text-align: center;\"><\/td>\n<\/tr>\n<\/tbody>\n<\/table>\n<p><strong>Bonus-\/spesiaalihahmot<\/strong><\/p>\n<table style=\"border: 0px;\">\n<tbody>\n<tr>\n<td style=\"border: 0px;\"><a href=\"https:\/\/www.eurokolikonmaailma.fi\/blogi\/?page_id=2315\"><img loading=\"lazy\" decoding=\"async\" class=\" aligncenter\" src=\"http:\/\/motu.eurokolikonmaailma.fi\/kuvat\/palace_guards\/R6290_fullsizeimage01.jpg\" alt=\"\" width=\"185\" height=\"151\" \/><\/a><\/td>\n<td style=\"border: 0px;\"><a href=\"https:\/\/www.eurokolikonmaailma.fi\/blogi\/?page_id=2319\"><img loading=\"lazy\" decoding=\"async\" class=\" aligncenter\" src=\"http:\/\/motu.eurokolikonmaailma.fi\/kuvat\/Shadow_Beast\/T5808_fullsizeimage01.jpg\" alt=\"\" width=\"133\" height=\"151\" \/><\/a><\/td>\n<td style=\"border: 0px;\"><a href=\"https:\/\/www.eurokolikonmaailma.fi\/blogi\/?page_id=2322\"><img loading=\"lazy\" decoding=\"async\" class=\" aligncenter\" src=\"http:\/\/motu.eurokolikonmaailma.fi\/kuvat\/Pre_heman\/pdh_main.jpg\" alt=\"\" width=\"101\" height=\"151\" \/><\/a><\/td>\n<\/tr>\n<tr>\n<td style=\"border-width: 0px; text-align: center;\"><strong><span style=\"color: #008000;\">* Eterniana Palace Guards 2-pack<\/span><\/strong><\/td>\n<td style=\"border: 0px; text-align: center;\"><strong><span style=\"color: #ff0000;\">* Shadow Beast<\/span><\/strong><\/td>\n<td style=\"border: 0px; text-align: center;\"><strong><span style=\"color: #008000;\">Preternia Disguise He-Man<\/span><\/strong><\/td>\n<\/tr>\n<tr>\n<td style=\"border: 0px; text-align: center;\"><strong><span style=\"color: #008000;\">Vastaa vuoden 2010 viimeista suurhahmoa<\/span><\/strong><\/td>\n<td style=\"border: 0px; text-align: center;\"><strong><span style=\"color: #ff0000;\">suurhahmo<\/span><\/strong><strong><span style=\"color: #ff0000;\">(1. vuosinelj\u00e4nnes)<\/span><\/strong><\/td>\n<td style=\"border: 0px; text-align: center;\"><strong><span style=\"color: #008000;\">spesiaalihah-mo 6&#8243; (vain tilauspalvelun j\u00e4senille)<\/span><\/strong><\/td>\n<\/tr>\n<tr>\n<td style=\"border: 0px; text-align: center;\"><\/td>\n<td style=\"border: 0px; text-align: center;\"><\/td>\n<td style=\"border: 0px; text-align: center;\"><\/td>\n<\/tr>\n<tr>\n<td style=\"border: 0px;\"><a href=\"https:\/\/www.eurokolikonmaailma.fi\/blogi\/?page_id=286\"><img loading=\"lazy\" decoding=\"async\" class=\"aligncenter\" src=\"http:\/\/motu.eurokolikonmaailma.fi\/kuvat\/battle_skeletor\/bas_main.jpg\" alt=\"\" width=\"98\" height=\"151\" \/><\/a><\/td>\n<td style=\"border: 0px;\"><a href=\"https:\/\/www.eurokolikonmaailma.fi\/blogi\/?page_id=257\"><img loading=\"lazy\" decoding=\"async\" class=\"aligncenter\" src=\"http:\/\/motu.eurokolikonmaailma.fi\/kuvat\/Panthor\/pr_armor_helmet_front_angle.jpg\" alt=\"\" width=\"176\" height=\"148\" \/><\/a><\/td>\n<td style=\"border: 0px;\"><a href=\"https:\/\/www.eurokolikonmaailma.fi\/blogi\/?page_id=523\"><img loading=\"lazy\" decoding=\"async\" class=\"aligncenter\" src=\"http:\/\/motu.eurokolikonmaailma.fi\/kuvat\/battle_teela\/bgt_main.jpg\" alt=\"\" width=\"74\" height=\"151\" \/><\/a><\/td>\n<\/tr>\n<tr>\n<td style=\"border: 0px; text-align: center;\"><strong><span style=\"color: #ff0000;\">Battle Armor Skeletor<\/span><\/strong><\/td>\n<td style=\"border: 0px; text-align: center;\"><strong><span style=\"color: #ff0000;\">Panthor<\/span><\/strong><\/td>\n<td style=\"border: 0px; text-align: center;\"><strong><span style=\"color: #008000;\">Battleground Teela<\/span><\/strong><\/td>\n<\/tr>\n<tr>\n<td style=\"border: 0px; text-align: center;\"><strong><strong><span style=\"color: #ff0000;\">6&#8243; bonus<\/span><\/strong><\/strong><strong><span style=\"color: #ff0000;\">(1. vuosinelj\u00e4nnes)<\/span><\/strong><\/td>\n<td style=\"border: 0px; text-align: center;\"><strong><strong><span style=\"color: #ff0000;\">petohahmo<\/span><\/strong><\/strong><strong><span style=\"color: #ff0000;\">(2. vuosinelj\u00e4nnes)<\/span><\/strong><\/td>\n<td style=\"border: 0px; text-align: center;\"><strong><span style=\"color: #008000;\">6&#8243; bonus (2.\u00a0vuosinelj\u00e4nnes)<\/span><\/strong><\/td>\n<\/tr>\n<tr>\n<td style=\"border: 0px; text-align: center;\"><\/td>\n<td style=\"border: 0px; text-align: center;\"><\/td>\n<td style=\"border: 0px; text-align: center;\"><\/td>\n<\/tr>\n<tr>\n<td style=\"border: 0px;\">\u00a0<strong><a href=\"https:\/\/www.eurokolikonmaailma.fi\/blogi\/?page_id=840\"><img loading=\"lazy\" decoding=\"async\" src=\"http:\/\/motu.eurokolikonmaailma.fi\/kuvat\/queen_marlena\/qm_main.jpg\" alt=\"\" width=\"79\" height=\"151\" \/><\/a><strong><img loading=\"lazy\" decoding=\"async\" src=\"http:\/\/motu.eurokolikonmaailma.fi\/kuvat\/queen_marlena\/cg_main.jpg\" alt=\"\" width=\"56\" height=\"151\" \/><\/strong><\/strong><\/td>\n<td style=\"border: 0px;\"><a href=\"https:\/\/www.eurokolikonmaailma.fi\/blogi\/?page_id=2326\"><img loading=\"lazy\" decoding=\"async\" class=\"aligncenter\" src=\"http:\/\/motu.eurokolikonmaailma.fi\/kuvat\/Megator\/Megator_fullsizeimage01.jpg\" alt=\"\" width=\"108\" height=\"151\" \/><\/a><\/td>\n<td style=\"border: 0px;\"><a href=\"https:\/\/www.eurokolikonmaailma.fi\/blogi\/?page_id=1994\"><img loading=\"lazy\" decoding=\"async\" class=\"aligncenter\" src=\"http:\/\/motu.eurokolikonmaailma.fi\/kuvat\/Hurricane_hordak\/hh_main.jpg\" alt=\"\" width=\"96\" height=\"150\" \/><\/a><\/td>\n<\/tr>\n<tr>\n<td style=\"border: 0px; text-align: center;\">\u00a0<strong><span style=\"color: #008000;\">Queen Marlena \/ Captain Glenn<\/span><\/strong><\/td>\n<td style=\"border: 0px; text-align: center;\"><strong><span style=\"color: #ff0000;\">* Megator<\/span><\/strong><\/td>\n<td style=\"border: 0px; text-align: center;\"><strong><span style=\"color: #ff0000;\">Hurricane Hordak<\/span><\/strong><\/td>\n<\/tr>\n<tr>\n<td style=\"border: 0px; text-align: center;\">\u00a0<strong><span style=\"color: #008000;\">SDCC-spesiaali<\/span><\/strong><\/td>\n<td style=\"border: 0px; text-align: center;\"><strong><span style=\"color: #ff0000;\">\u00a0suurhahmo 12&#8243; (3. vuosinelj\u00e4nnes)<\/span><\/strong><\/td>\n<td style=\"border: 0px; text-align: center;\"><strong><span style=\"color: #ff0000;\">6&#8243; bonus (3. vuosinelj\u00e4nnes)<\/span><\/strong><\/td>\n<\/tr>\n<tr>\n<td style=\"border: 0px; text-align: center;\"><\/td>\n<td style=\"border: 0px; text-align: center;\"><\/td>\n<td style=\"border: 0px; text-align: center;\"><\/td>\n<\/tr>\n<tr>\n<td style=\"border: 0px;\">\u00a0<a href=\"https:\/\/www.eurokolikonmaailma.fi\/?page_id=2330\"><img loading=\"lazy\" decoding=\"async\" src=\"http:\/\/motu.eurokolikonmaailma.fi\/kuvat\/bp_shera\/V0686_fullsizeimage01.jpg\" alt=\"\" width=\"114\" height=\"151\" \/><\/a><\/td>\n<td style=\"border: 0px;\"><a href=\"https:\/\/www.eurokolikonmaailma.fi\/blogi\/?page_id=2335\"><img loading=\"lazy\" decoding=\"async\" class=\"aligncenter\" src=\"http:\/\/motu.eurokolikonmaailma.fi\/kuvat\/swiftwind\/DSC_0097_fullsizeimage.jpg\" alt=\"\" width=\"122\" height=\"151\" \/><\/a><\/td>\n<td style=\"border: 0px;\"><a href=\"https:\/\/www.eurokolikonmaailma.fi\/blogi\/?page_id=2340\"><img loading=\"lazy\" decoding=\"async\" class=\" aligncenter\" src=\"http:\/\/motu.eurokolikonmaailma.fi\/kuvat\/battle_evillyn\/EvilLynn_fullsizeimage02.jpg\" alt=\"\" width=\"90\" height=\"151\" \/><\/a><\/td>\n<\/tr>\n<tr>\n<td style=\"border: 0px; text-align: center;\"><strong><span style=\"color: #008000;\">* Bubble Power She-Ra<\/span><\/strong><\/td>\n<td style=\"border: 0px; text-align: center;\"><strong><span style=\"color: #008000;\">* Swiftwind<\/span><\/strong><\/td>\n<td style=\"border: 0px; text-align: center;\"><strong><span style=\"color: #ff0000;\">* Battleground Evil-Lyn<\/span><\/strong><\/td>\n<\/tr>\n<tr>\n<td style=\"border: 0px; text-align: center;\"><strong><span style=\"color: #008000;\">6&#8243; bonus (ei-Club Eternia)<\/span><\/strong><\/td>\n<td style=\"border: 0px; text-align: center;\"><strong><span style=\"color: #008000;\">suurhahmo (4. vuosinelj\u00e4nnes)<\/span><\/strong><\/td>\n<td style=\"border: 0px; text-align: center;\"><strong><span style=\"color: #ff0000;\">6&#8243; bonus (4. vuosinelj\u00e4nnes)<\/span><\/strong><\/td>\n<\/tr>\n<tr>\n<td style=\"border: 0px; text-align: center;\"><\/td>\n<td style=\"border: 0px; text-align: center;\"><\/td>\n<td style=\"border: 0px; text-align: center;\"><\/td>\n<\/tr>\n<\/tbody>\n<\/table>\n<h3><strong>Ei-hahmojulkaisut<\/strong><\/h3>\n<table style=\"border: 0px;\">\n<tbody>\n<tr>\n<td style=\"border: 0px;\"><\/td>\n<td style=\"border: 0px;\"><a href=\"https:\/\/www.eurokolikonmaailma.fi\/blogi\/?page_id=2346\"><img loading=\"lazy\" decoding=\"async\" class=\"aligncenter\" style=\"border: 0px;\" src=\"http:\/\/motu.eurokolikonmaailma.fi\/kuvat\/maps\/etheria_map.jpg\" alt=\"\" width=\"219\" height=\"150\" border=\"0\" \/><\/a><\/td>\n<td style=\"border: 0px;\"><a href=\"https:\/\/www.eurokolikonmaailma.fi\/blogi\/?page_id=2349\"><img loading=\"lazy\" decoding=\"async\" class=\"aligncenter\" style=\"border: 0px;\" src=\"http:\/\/motu.eurokolikonmaailma.fi\/kuvat\/Weapons_rak\/weapons_rak2.jpg\" alt=\"\" width=\"101\" height=\"150\" border=\"0\" \/><\/a><\/td>\n<\/tr>\n<tr>\n<td style=\"border: 0px; text-align: center;\"><\/td>\n<td style=\"border: 0px; text-align: center;\">\u00a0*\u00a0<strong><span style=\"color: #008000;\">Etheria -julistekartta<\/span><\/strong><\/td>\n<td style=\"border: 0px; text-align: center;\">\u00a0*\u00a0<strong><span style=\"color: #008000;\">Aseteline<\/span><\/strong><\/td>\n<\/tr>\n<tr>\n<td style=\"border: 0px;\"><\/td>\n<td style=\"border: 0px; text-align: center;\"><strong><span style=\"color: #008000;\">extraetu, vain tlauspalvelun j\u00e4senille (76 x 51 cm)<\/span><\/strong><\/td>\n<td style=\"border: 0px;\"><\/td>\n<\/tr>\n<tr>\n<td style=\"border: 0px; text-align: center;\"><\/td>\n<td style=\"border: 0px; text-align: center;\"><\/td>\n<td style=\"border: 0px; text-align: center;\"><\/td>\n<\/tr>\n<tr>\n<td style=\"border: 0px; text-align: center;\"><\/td>\n<td style=\"border: 0px;\"><\/td>\n<td style=\"border: 0px;\"><\/td>\n<\/tr>\n<tr>\n<td style=\"border: 0px; text-align: center;\"><\/td>\n<td style=\"border: 0px; text-align: center;\"><\/td>\n<td style=\"border: 0px;\"><\/td>\n<\/tr>\n<tr>\n<td style=\"border: 0px;\"><\/td>\n<td style=\"border: 0px;\"><\/td>\n<td style=\"border: 0px;\"><\/td>\n<\/tr>\n<tr>\n<td style=\"border: 0px; text-align: center;\"><\/td>\n<td style=\"border: 0px; text-align: center;\"><\/td>\n<td style=\"border: 0px;\"><\/td>\n<\/tr>\n<\/tbody>\n<\/table>\n<h3><\/h3>\n","protected":false},"excerpt":{"rendered":"<p>Itselt\u00e4ni l\u00f6ytyv\u00e4t vuonna 2011 julkaistut Masters of the universe Classics hahmot\/tuotteet \u00a0Perushahmot\u00a0 \u00a0Vikor Bow King Hssss \u00a0 \u00a0Sy-Klone Catra * The Faceless One \u00a0 \u00a0 * Clawful Man-E-Faces Leech \u00a0 \u00a0* Icarius * Snout Spout\u00a0 * Demo-Man \u00a0 Bonus-\/spesiaalihahmot * &hellip; <a href=\"https:\/\/www.eurokolikonmaailma.fi\/?page_id=294\">Lue loppuun <span class=\"meta-nav\">&rarr;<\/span><\/a><\/p>\n","protected":false},"author":1,"featured_media":0,"parent":24,"menu_order":0,"comment_status":"open","ping_status":"closed","template":"","meta":{"footnotes":""},"class_list":["post-294","page","type-page","status-publish","hentry"],"_links":{"self":[{"href":"https:\/\/www.eurokolikonmaailma.fi\/index.php?rest_route=\/wp\/v2\/pages\/294","targetHints":{"allow":["GET"]}}],"collection":[{"href":"https:\/\/www.eurokolikonmaailma.fi\/index.php?rest_route=\/wp\/v2\/pages"}],"about":[{"href":"https:\/\/www.eurokolikonmaailma.fi\/index.php?rest_route=\/wp\/v2\/types\/page"}],"author":[{"embeddable":true,"href":"https:\/\/www.eurokolikonmaailma.fi\/index.php?rest_route=\/wp\/v2\/users\/1"}],"replies":[{"embeddable":true,"href":"https:\/\/www.eurokolikonmaailma.fi\/index.php?rest_route=%2Fwp%2Fv2%2Fcomments&post=294"}],"version-history":[{"count":140,"href":"https:\/\/www.eurokolikonmaailma.fi\/index.php?rest_route=\/wp\/v2\/pages\/294\/revisions"}],"predecessor-version":[{"id":5871,"href":"https:\/\/www.eurokolikonmaailma.fi\/index.php?rest_route=\/wp\/v2\/pages\/294\/revisions\/5871"}],"up":[{"embeddable":true,"href":"https:\/\/www.eurokolikonmaailma.fi\/index.php?rest_route=\/wp\/v2\/pages\/24"}],"wp:attachment":[{"href":"https:\/\/www.eurokolikonmaailma.fi\/index.php?rest_route=%2Fwp%2Fv2%2Fmedia&parent=294"}],"curies":[{"name":"wp","href":"https:\/\/api.w.org\/{rel}","templated":true}]}}