{"id":2762,"date":"2012-12-29T15:04:49","date_gmt":"2012-12-29T13:04:49","guid":{"rendered":"http:\/\/www.eurokolikonmaailma.fi\/?page_id=2762"},"modified":"2013-01-02T14:56:15","modified_gmt":"2013-01-02T12:56:15","slug":"procrustus","status":"publish","type":"page","link":"https:\/\/www.eurokolikonmaailma.fi\/?page_id=2762","title":{"rendered":"Procrustus"},"content":{"rendered":"<p><img loading=\"lazy\" decoding=\"async\" style=\"color: #000000; font-family: 'Times New Roman'; line-height: normal; font-size: medium; font-weight: bold; width: 123px; height: 47px;\" alt=\"\" src=\"http:\/\/motu.eurokolikonmaailma.fi\/kuvat\/Procrustus\/motuc.1.jpg\" width=\"580\" height=\"221\" \/><img loading=\"lazy\" decoding=\"async\" style=\"color: #000000; font-family: 'Times New Roman'; line-height: normal; font-size: medium; font-weight: bold; width: 46px; height: 47px;\" alt=\"\" src=\"http:\/\/motu.eurokolikonmaailma.fi\/kuvat\/Procrustus\/clubeternia_burst.gif\" width=\"79\" height=\"80\" \/><img loading=\"lazy\" decoding=\"async\" style=\"color: #000000; font-family: 'Times New Roman'; line-height: normal; font-size: medium; font-weight: bold; width: 57px; height: 47px;\" alt=\"\" src=\"http:\/\/motu.eurokolikonmaailma.fi\/kuvat\/Procrustus\/30th_MOTUClogo.jpg\" width=\"1034\" height=\"846\" \/><br style=\"color: #000000; font-family: 'Times New Roman'; font-size: medium; font-weight: bold; line-height: normal;\" \/><span style=\"color: #000000; font-family: 'Times New Roman'; font-size: medium; line-height: normal;\" data-mce-mark=\"1\">Tuotekoodi:\u00a0W8892<\/span><\/p>\n<h1>Procrustus<br \/>\n&#8211; Giant Guardian of Magic<\/h1>\n<p><img decoding=\"async\" style=\"-webkit-user-select: none;\" alt=\"\" src=\"http:\/\/motu.eurokolikonmaailma.fi\/kuvat\/Procrustus\/W8892_fullsizeimage03.jpg\" \/>\u00a0 \u00a0 \u00a0<img decoding=\"async\" style=\"-webkit-user-select: none;\" alt=\"\" src=\"http:\/\/motu.eurokolikonmaailma.fi\/kuvat\/Procrustus\/W8892_fullsizeimage04.jpg\" \/><\/p>\n<p><strong>Oikea nimi:<\/strong> Procrustus<\/p>\n<p>After the Gods created the Five Dimensions, they hid their secret magic in the form of a star inside the core of a small planet in the center of the dimension of Eternia. Naming the planet after the dimension it resided in, they assigned the immortal four-armed giant Procrustus to remain there and guard their magical secrets. Over the millenia, the magic began to seep out, and many wise magicians learned to tap into these powers for both good and evil. In time, the ruthless warlock Hordak attempted to break apart Eternia using a spell of separation in order to access the magic&#8217;s source. Although his spell was thwarted, Procrustus was now forced to literally hold the planet together remaining forever at the planet&#8217;s core!<\/p>\n<p><em>Kun Jumalat olivat luoneet Viisi Ulottuvuutta, he piilottivat salaiset taikavoimansa t\u00e4hden muodossa pienen Eternia-ulottuvuuden keskipisteess\u00e4 sijaitsevan planeetan ytimeen. Nimeten planeetan ulottuvuuden mukaan, he m\u00e4\u00e4r\u00e4siv\u00e4t kuolemattoman nelik\u00e4tisen j\u00e4ttil\u00e4isen Procrustusin pysym\u00e4\u00e4n siell\u00e4 ja vartioimaan maagisia salaisuuksiaan. Vuosituhannen aikana, taika alkoi vuotamaan ulos, ja useat viisaat taikavoimien haltijat oppivat k\u00e4ytt\u00e4m\u00e4\u00e4n n\u00e4it\u00e4 voimia niin hyv\u00e4\u00e4n kuin pahaankin. Aikanaan, h\u00e4ik\u00e4ilem\u00e4t\u00f6n velho Hordak yritti halkaista Eternian k\u00e4ytt\u00e4en Eriytt\u00e4misen taikaa p\u00e4\u00e4st\u00e4kseen k\u00e4siksi magian l\u00e4hteeseen. Vaikka h\u00e4nen loitsunsa pys\u00e4ytettiin, Procrustus oli nyt pakotettu kirjaimellisesti pit\u00e4m\u00e4\u00e4n planeettaa kasassa pysyen ikuisesti planeetan ytimess\u00e4!<\/em><\/p>\n<p><strong>Hinta:<\/strong> $40\/$44 (tilauspalveluhinta\/myyntip\u00e4iv\u00e4n hinta)<\/p>\n","protected":false},"excerpt":{"rendered":"<p>Tuotekoodi:\u00a0W8892 Procrustus &#8211; Giant Guardian of Magic \u00a0 \u00a0 \u00a0 Oikea nimi: Procrustus After the Gods created the Five Dimensions, they hid their secret magic in the form of a star inside the core of a small planet in the &hellip; <a href=\"https:\/\/www.eurokolikonmaailma.fi\/?page_id=2762\">Lue loppuun <span class=\"meta-nav\">&rarr;<\/span><\/a><\/p>\n","protected":false},"author":1,"featured_media":0,"parent":1478,"menu_order":0,"comment_status":"open","ping_status":"open","template":"","meta":{"footnotes":""},"class_list":["post-2762","page","type-page","status-publish","hentry"],"_links":{"self":[{"href":"https:\/\/www.eurokolikonmaailma.fi\/index.php?rest_route=\/wp\/v2\/pages\/2762","targetHints":{"allow":["GET"]}}],"collection":[{"href":"https:\/\/www.eurokolikonmaailma.fi\/index.php?rest_route=\/wp\/v2\/pages"}],"about":[{"href":"https:\/\/www.eurokolikonmaailma.fi\/index.php?rest_route=\/wp\/v2\/types\/page"}],"author":[{"embeddable":true,"href":"https:\/\/www.eurokolikonmaailma.fi\/index.php?rest_route=\/wp\/v2\/users\/1"}],"replies":[{"embeddable":true,"href":"https:\/\/www.eurokolikonmaailma.fi\/index.php?rest_route=%2Fwp%2Fv2%2Fcomments&post=2762"}],"version-history":[{"count":2,"href":"https:\/\/www.eurokolikonmaailma.fi\/index.php?rest_route=\/wp\/v2\/pages\/2762\/revisions"}],"predecessor-version":[{"id":2766,"href":"https:\/\/www.eurokolikonmaailma.fi\/index.php?rest_route=\/wp\/v2\/pages\/2762\/revisions\/2766"}],"up":[{"embeddable":true,"href":"https:\/\/www.eurokolikonmaailma.fi\/index.php?rest_route=\/wp\/v2\/pages\/1478"}],"wp:attachment":[{"href":"https:\/\/www.eurokolikonmaailma.fi\/index.php?rest_route=%2Fwp%2Fv2%2Fmedia&parent=2762"}],"curies":[{"name":"wp","href":"https:\/\/api.w.org\/{rel}","templated":true}]}}