{"id":2686,"date":"2012-11-16T14:55:57","date_gmt":"2012-11-16T12:55:57","guid":{"rendered":"http:\/\/www.eurokolikonmaailma.fi\/?page_id=2686"},"modified":"2012-11-16T14:55:57","modified_gmt":"2012-11-16T12:55:57","slug":"he-man-and-the-masters-of-the-universe-osa-2-adamin-rohkeus","status":"publish","type":"page","link":"https:\/\/www.eurokolikonmaailma.fi\/?page_id=2686","title":{"rendered":"He-Man and the Masters of the Universe, Osa 2: Adamin rohkeus"},"content":{"rendered":"<p><img loading=\"lazy\" decoding=\"async\" src=\"http:\/\/motu.eurokolikonmaailma.fi\/kuvat\/video\/picture2.php.jpg\" alt=\"\" width=\"236\" height=\"48\" \/><img loading=\"lazy\" decoding=\"async\" src=\"http:\/\/motu.eurokolikonmaailma.fi\/kuvat\/video\/210px-Dvd-video-logo.svg.png\" alt=\"\" width=\"78\" height=\"48\" \/><img loading=\"lazy\" decoding=\"async\" src=\"http:\/\/motu.eurokolikonmaailma.fi\/kuvat\/video\/alue2.jpg\" alt=\"\" width=\"47\" height=\"48\" \/><img loading=\"lazy\" decoding=\"async\" src=\"http:\/\/motu.eurokolikonmaailma.fi\/kuvat\/video\/k7.jpg\" alt=\"\" width=\"48\" height=\"48\" \/><\/p>\n<h1>He-Man and the Masters of the Universe, Osa 2: Adamin rohkeus<\/h1>\n<p><a href=\"http:\/\/motu.eurokolikonmaailma.fi\/kuvat\/video\/200x_hm_vol2_back.jpg\" target=\"_blank\"><img loading=\"lazy\" decoding=\"async\" title=\"MYP MOTU DVD 2 takakansi\" src=\"http:\/\/motu.eurokolikonmaailma.fi\/kuvat\/video\/200x_hm_vol2_back.jpg\" alt=\"\" width=\"214\" height=\"300\" \/><\/a><a href=\"http:\/\/motu.eurokolikonmaailma.fi\/kuvat\/video\/200x_hm_vol2_spine.jpg\" target=\"_blank\"><img loading=\"lazy\" decoding=\"async\" title=\"MYP MOTU DVD 2 selk\u00e4mys\" src=\"http:\/\/motu.eurokolikonmaailma.fi\/kuvat\/video\/200x_hm_vol2_spine.jpg\" alt=\"\" width=\"25\" height=\"300\" \/><\/a><a href=\"http:\/\/motu.eurokolikonmaailma.fi\/kuvat\/video\/200x_hm_vol2_front.jpg\" target=\"_blank\"><img loading=\"lazy\" decoding=\"async\" title=\"MYP MOTU DVD 2 etukansi\" src=\"http:\/\/motu.eurokolikonmaailma.fi\/kuvat\/video\/200x_hm_vol2_front.jpg\" alt=\"\" width=\"211\" height=\"300\" \/><\/a><\/p>\n<p><strong>Adamin rohkeus\u00a0<strong>(The Courage of Adam)<\/strong><\/strong><\/p>\n<p>Kaikkien mielest\u00e4 He-Man on rohkea sankari, mutta Adamia harmittaa, koska h\u00e4nt\u00e4 itse\u00e4\u00e4n pidet\u00e4\u00e4n pelkurina. Jouduttuaan Skeletorin vangiksi, Adam ymm\u00e4rt\u00e4\u00e4 lopulta, ett\u00e4 He-Manin voimia tarvitaan niin kauan kuin pahat voimat hallitsevat Eterniaa.<\/p>\n<p><strong>Ilmasota (Sky War)<\/strong><\/p>\n<p>Skeletorin valheet ja juonittelut saavat aikaan sodan kahden rauhassa el\u00e4neen valtakunnan v\u00e4lille. Kun sotatoimia valmistellaan, Skeletor p\u00e4\u00e4tt\u00e4\u00e4 varastaa toisesta valtakunnasta ambrosiaa, jumalten ruokaa, joka tekee h\u00e4nest\u00e4 mahtavamman kuin He-Man.<\/p>\n<p><strong>Hirvi\u00f6 syvyyksist\u00e4 (The Deep End)<\/strong><\/p>\n<p>He-Man joutuu pelastamaan uskollisen soturinsa ja arvokkaan kristallin vedenalaisen hirvi\u00f6n kidasta. Jos kristalli r\u00e4j\u00e4ht\u00e4\u00e4, koko valtakunta ja P\u00e4\u00e4kallolinna tuhoutuisivat. Teelan on teht\u00e4v\u00e4 vaikea valinta. H\u00e4nen on pelastettava joko oma is\u00e4ns\u00e4, tai linna.<\/p>\n<p><strong>Tekniset tiedot:<br \/>\n<\/strong>* Kesto: n. 68 minuuttia<br \/>\n* Ik\u00e4raja: 7<br \/>\n&#8211; sopii yleisesti kaikenik\u00e4isille, mutta jotkin kohdat voivat olla sopimattomia pienimmille lapsille<\/p>\n<p>* Valmistumisvuosi: 2004<br \/>\n* Aluekoodi: 2<br \/>\n* \u00c4\u00e4ni: Stereo<br \/>\n* Kieli: Puhuttu suomeksi<br \/>\n* Kuvakoko: 4:3<br \/>\n* DVD-formaatti: DVD5<br \/>\n* EAN: 6415018618491<br \/>\n* Keepcase 1 DVD<br \/>\n* Julkaisija: Finnkino Oy<\/p>\n<p><a href=\"http:\/\/motu.eurokolikonmaailma.fi\/kuvat\/video\/200x_hm_vol2_disc.jpg\" target=\"_blank\"><img loading=\"lazy\" decoding=\"async\" title=\"MYP MOTU DVD 2 levy\" src=\"http:\/\/motu.eurokolikonmaailma.fi\/kuvat\/video\/200x_hm_vol2_disc.jpg\" alt=\"\" width=\"177\" height=\"180\" \/><\/a><\/p>\n","protected":false},"excerpt":{"rendered":"<p>He-Man and the Masters of the Universe, Osa 2: Adamin rohkeus Adamin rohkeus\u00a0(The Courage of Adam) Kaikkien mielest\u00e4 He-Man on rohkea sankari, mutta Adamia harmittaa, koska h\u00e4nt\u00e4 itse\u00e4\u00e4n pidet\u00e4\u00e4n pelkurina. Jouduttuaan Skeletorin vangiksi, Adam ymm\u00e4rt\u00e4\u00e4 lopulta, ett\u00e4 He-Manin voimia tarvitaan &hellip; <a href=\"https:\/\/www.eurokolikonmaailma.fi\/?page_id=2686\">Lue loppuun <span class=\"meta-nav\">&rarr;<\/span><\/a><\/p>\n","protected":false},"author":1,"featured_media":0,"parent":1056,"menu_order":0,"comment_status":"open","ping_status":"open","template":"","meta":{"footnotes":""},"class_list":["post-2686","page","type-page","status-publish","hentry"],"_links":{"self":[{"href":"https:\/\/www.eurokolikonmaailma.fi\/index.php?rest_route=\/wp\/v2\/pages\/2686","targetHints":{"allow":["GET"]}}],"collection":[{"href":"https:\/\/www.eurokolikonmaailma.fi\/index.php?rest_route=\/wp\/v2\/pages"}],"about":[{"href":"https:\/\/www.eurokolikonmaailma.fi\/index.php?rest_route=\/wp\/v2\/types\/page"}],"author":[{"embeddable":true,"href":"https:\/\/www.eurokolikonmaailma.fi\/index.php?rest_route=\/wp\/v2\/users\/1"}],"replies":[{"embeddable":true,"href":"https:\/\/www.eurokolikonmaailma.fi\/index.php?rest_route=%2Fwp%2Fv2%2Fcomments&post=2686"}],"version-history":[{"count":2,"href":"https:\/\/www.eurokolikonmaailma.fi\/index.php?rest_route=\/wp\/v2\/pages\/2686\/revisions"}],"predecessor-version":[{"id":2692,"href":"https:\/\/www.eurokolikonmaailma.fi\/index.php?rest_route=\/wp\/v2\/pages\/2686\/revisions\/2692"}],"up":[{"embeddable":true,"href":"https:\/\/www.eurokolikonmaailma.fi\/index.php?rest_route=\/wp\/v2\/pages\/1056"}],"wp:attachment":[{"href":"https:\/\/www.eurokolikonmaailma.fi\/index.php?rest_route=%2Fwp%2Fv2%2Fmedia&parent=2686"}],"curies":[{"name":"wp","href":"https:\/\/api.w.org\/{rel}","templated":true}]}}