{"id":2684,"date":"2012-11-16T14:34:27","date_gmt":"2012-11-16T12:34:27","guid":{"rendered":"http:\/\/www.eurokolikonmaailma.fi\/?page_id=2684"},"modified":"2012-11-16T14:39:41","modified_gmt":"2012-11-16T12:39:41","slug":"he-man-and-the-masters-of-the-universe-osa-7-orkon-puutarha","status":"publish","type":"page","link":"https:\/\/www.eurokolikonmaailma.fi\/?page_id=2684","title":{"rendered":"He-Man and the Masters of the Universe, Osa 7: Orkon puutarha"},"content":{"rendered":"<p><img loading=\"lazy\" decoding=\"async\" style=\"line-height: 24px;\" src=\"http:\/\/motu.eurokolikonmaailma.fi\/kuvat\/video\/picture2.php.jpg\" alt=\"\" width=\"236\" height=\"48\" \/><img loading=\"lazy\" decoding=\"async\" style=\"line-height: 24px;\" src=\"http:\/\/motu.eurokolikonmaailma.fi\/kuvat\/video\/210px-Dvd-video-logo.svg.png\" alt=\"\" width=\"78\" height=\"48\" \/><img loading=\"lazy\" decoding=\"async\" style=\"line-height: 24px;\" src=\"http:\/\/motu.eurokolikonmaailma.fi\/kuvat\/video\/alue2.jpg\" alt=\"\" width=\"47\" height=\"48\" \/><img loading=\"lazy\" decoding=\"async\" style=\"line-height: 24px;\" src=\"http:\/\/motu.eurokolikonmaailma.fi\/kuvat\/video\/k7.jpg\" alt=\"\" width=\"48\" height=\"48\" \/><\/p>\n<h1>He-Man and the Masters of the Universe, Osa 7: Orkon puutarha<\/h1>\n<p><a href=\"http:\/\/motu.eurokolikonmaailma.fi\/kuvat\/video\/200x_hm_vol7_back.jpg\" target=\"_blank\"><img loading=\"lazy\" decoding=\"async\" title=\"MYP MOTU DVD 7 takakansi\" src=\"http:\/\/motu.eurokolikonmaailma.fi\/kuvat\/video\/200x_hm_vol7_back.jpg\" alt=\"\" width=\"214\" height=\"300\" \/><\/a><a href=\"http:\/\/motu.eurokolikonmaailma.fi\/kuvat\/video\/200x_hm_vol7_spine.jpg\" target=\"_blank\"><img loading=\"lazy\" decoding=\"async\" title=\"MYP MOTU DVD 7 selk\u00e4mys\" src=\"http:\/\/motu.eurokolikonmaailma.fi\/kuvat\/video\/200x_hm_vol7_spine.jpg\" alt=\"\" width=\"25\" height=\"300\" \/><\/a><a href=\"http:\/\/motu.eurokolikonmaailma.fi\/kuvat\/video\/200x_hm_vol7_front.jpg\" target=\"_blank\"><img loading=\"lazy\" decoding=\"async\" title=\"MYP MOTU DVD 7 etukansi\" src=\"http:\/\/motu.eurokolikonmaailma.fi\/kuvat\/video\/200x_hm_vol7_front.jpg\" alt=\"\" width=\"211\" height=\"300\" \/><\/a><\/p>\n<p><strong>Orkon puutarha\u00a0<strong>(Orko&#8217;s Garden)<\/strong><\/strong><\/p>\n<p>Orko ryhtyy kunnostamaan P\u00e4\u00e4kallolinnan puutarhaa ja pyyt\u00e4\u00e4 apua Mossmanilta, joka on metsien suojelija. Kun kasvit it\u00e4v\u00e4t, niiden juuret kasvattavat hurjija voimia. Orko tajuaa tulleensa petetyksi kun oikea Mossman ilmaantuu paikalle. Mutta sill\u00e4 v\u00e4lin koko linnan v\u00e4ki on joutunut kasvien vangiksi, ja Eternian valtakuntaa uhkaa suuri tuho.<\/p>\n<p><strong>Buzz-Offin ylpeys (Buzz-Off&#8217;s Pride)<\/strong><\/p>\n<p>Buzz-Off joutuu nielem\u00e4\u00e4n ylpeytens\u00e4 ja oppimaan mit\u00e4 todellinen sankaruus tarkoittaa. Kun vallanhimoiset j\u00e4ttil\u00e4iset hy\u00f6kk\u00e4\u00e4v\u00e4t Eterniaan, He-Man joutuu sotilaineen taistelemaan niit\u00e4 vastaan. Buzz-Offin omat kostosuunnitelmat johtavat siihen, ett\u00e4 hy\u00f6kk\u00e4\u00e4j\u00e4t l\u00e4htev\u00e4t ja viev\u00e4t menness\u00e4\u00e4n kallisarvoisen kristallin.<\/p>\n<p><strong>K\u00e4\u00e4rmeluola (Snake Pit)<\/strong><\/p>\n<p>Kun Kobra Khan pakenee vankilasta, prinssi Adam, sotilaat ja Teela l\u00e4htev\u00e4t pyyt\u00e4m\u00e4\u00e4n apua Zodakilta, mahtavalta soturilta, joka auttoi Khaninkukistamisessa kauan sitten. Sill\u00e4 v\u00e4lin Khan kokoaan oman K\u00e4\u00e4rmearmeijansa.<\/p>\n<p><strong>Tekniset tiedot:<br \/>\n<\/strong>* Kesto: n. 68 minuuttia<br \/>\n* Ik\u00e4raja: 7<br \/>\n&#8211; sopii yleisesti kaikenik\u00e4isille, mutta jotkin kohdat voivat olla sopimattomia pienimmille lapsille<\/p>\n<p>* Valmistumisvuosi: 2004 (DVD 2005)<br \/>\n* Aluekoodi: 2<br \/>\n* \u00c4\u00e4ni: Stereo<br \/>\n* Kieli: Puhuttu suomeksi<br \/>\n* Kuvakoko: 4:3<br \/>\n* DVD-formaatti: DVD5<br \/>\n* EAN: 6415018618699<br \/>\n* Keepcase 1 DVD<br \/>\n* Julkaisija: Finnkino Oy<\/p>\n<p><a href=\"http:\/\/motu.eurokolikonmaailma.fi\/kuvat\/video\/200x_hm_vol7_disc.jpg\" target=\"_blank\"><img loading=\"lazy\" decoding=\"async\" title=\"MYP MOTU DVD 7 levy\" src=\"http:\/\/motu.eurokolikonmaailma.fi\/kuvat\/video\/200x_hm_vol7_disc.jpg\" alt=\"\" width=\"177\" height=\"180\" \/><\/a><\/p>\n","protected":false},"excerpt":{"rendered":"<p>He-Man and the Masters of the Universe, Osa 7: Orkon puutarha Orkon puutarha\u00a0(Orko&#8217;s Garden) Orko ryhtyy kunnostamaan P\u00e4\u00e4kallolinnan puutarhaa ja pyyt\u00e4\u00e4 apua Mossmanilta, joka on metsien suojelija. Kun kasvit it\u00e4v\u00e4t, niiden juuret kasvattavat hurjija voimia. Orko tajuaa tulleensa petetyksi kun &hellip; <a href=\"https:\/\/www.eurokolikonmaailma.fi\/?page_id=2684\">Lue loppuun <span class=\"meta-nav\">&rarr;<\/span><\/a><\/p>\n","protected":false},"author":1,"featured_media":0,"parent":1056,"menu_order":0,"comment_status":"open","ping_status":"open","template":"","meta":{"footnotes":""},"class_list":["post-2684","page","type-page","status-publish","hentry"],"_links":{"self":[{"href":"https:\/\/www.eurokolikonmaailma.fi\/index.php?rest_route=\/wp\/v2\/pages\/2684","targetHints":{"allow":["GET"]}}],"collection":[{"href":"https:\/\/www.eurokolikonmaailma.fi\/index.php?rest_route=\/wp\/v2\/pages"}],"about":[{"href":"https:\/\/www.eurokolikonmaailma.fi\/index.php?rest_route=\/wp\/v2\/types\/page"}],"author":[{"embeddable":true,"href":"https:\/\/www.eurokolikonmaailma.fi\/index.php?rest_route=\/wp\/v2\/users\/1"}],"replies":[{"embeddable":true,"href":"https:\/\/www.eurokolikonmaailma.fi\/index.php?rest_route=%2Fwp%2Fv2%2Fcomments&post=2684"}],"version-history":[{"count":3,"href":"https:\/\/www.eurokolikonmaailma.fi\/index.php?rest_route=\/wp\/v2\/pages\/2684\/revisions"}],"predecessor-version":[{"id":2687,"href":"https:\/\/www.eurokolikonmaailma.fi\/index.php?rest_route=\/wp\/v2\/pages\/2684\/revisions\/2687"}],"up":[{"embeddable":true,"href":"https:\/\/www.eurokolikonmaailma.fi\/index.php?rest_route=\/wp\/v2\/pages\/1056"}],"wp:attachment":[{"href":"https:\/\/www.eurokolikonmaailma.fi\/index.php?rest_route=%2Fwp%2Fv2%2Fmedia&parent=2684"}],"curies":[{"name":"wp","href":"https:\/\/api.w.org\/{rel}","templated":true}]}}