{"id":257,"date":"2011-05-25T13:58:41","date_gmt":"2011-05-25T10:58:41","guid":{"rendered":"http:\/\/www.eurokolikonmaailma.fi\/blogi\/?page_id=257"},"modified":"2025-05-30T15:16:42","modified_gmt":"2025-05-30T12:16:42","slug":"panthor","status":"publish","type":"page","link":"https:\/\/www.eurokolikonmaailma.fi\/?page_id=257","title":{"rendered":"Panthor"},"content":{"rendered":"<div id=\"column-center\"><img loading=\"lazy\" decoding=\"async\" title=\"Masters of the Universe Classics logo\" src=\"http:\/\/motu.eurokolikonmaailma.fi\/kuvat\/Panthor\/motuc.1.jpg\" alt=\"\" width=\"123\" height=\"47\" \/><img loading=\"lazy\" decoding=\"async\" title=\"Club Eternia merkki\" src=\"http:\/\/motu.eurokolikonmaailma.fi\/kuvat\/Panthor\/clubeternia_burst.gif\" alt=\"\" width=\"47\" height=\"47\" \/><\/div>\n<div>Tuotekoodi: T5809<\/div>\n<h1><span style=\"font-size: xx-large;\">Panthor<br \/>\n&#8211; Savage Cat of Skeletor<\/span><\/h1>\n<p>&nbsp;<\/p>\n<p><span style=\"font-size: xx-large;\"><strong><a href=\"http:\/\/motu.eurokolikonmaailma.fi\/kuvat\/Panthor\/pr_box_front_alternate2.jpg\" target=\"_blank\" rel=\"noopener\"><img loading=\"lazy\" decoding=\"async\" class=\"alignnone\" title=\"Panthor pakkaus edest\u00e4\" src=\"http:\/\/motu.eurokolikonmaailma.fi\/kuvat\/Panthor\/pr_box_front_alternate2.jpg\" alt=\"\" width=\"490\" height=\"336\" \/><\/a> <a href=\"http:\/\/motu.eurokolikonmaailma.fi\/kuvat\/Panthor\/pr_cardback.jpg\" target=\"_blank\" rel=\"noopener\"><img loading=\"lazy\" decoding=\"async\" class=\"alignnone\" title=\"Panthor pakkaus takaa\" src=\"http:\/\/motu.eurokolikonmaailma.fi\/kuvat\/Panthor\/pr_cardback.jpg\" alt=\"\" width=\"490\" height=\"316\" \/><\/a><\/strong><\/span><\/p>\n<p><strong>Oikea nimi:<\/strong> Panthor\u00ae<\/p>\n<p>During his exile from Eternos Palace\u2122, Keldor\u2122 saved a young dylinx cub from a hunter\u2019s pit in the Corridors of Lithos. The cub remained fiercely loyal to Keldor\u2122, who named him \u201cPanthor\u00ae\u201d after a tribal story his Gar mother told him as a child. The purple skinned feline remained with Keldor\u2122 even after he was transformed into the Evil Lord of Destruction\u2122 by Hordak\u2019s magic. Finding a new home in Snake Mountain\u2122, Panthor\u00ae is forever at his master\u2019s side carrying him into battle or curled up at the foot of Skeletor\u2019s throne, loyally growling at any who disagree with the Overlord of Evil\u2122.<\/p>\n<p><em>Ollessaan karkotettu Eternoksen Palatsista, Keldor pelasti nuoren dylinx pennun mets\u00e4st\u00e4j\u00e4n ansakuopasta Lithoksen K\u00e4yt\u00e4vill\u00e4. Pentu pysyi hurjan uskollisena Keldoria kohtaan, joka nimesi h\u00e4net Panthoriksi lapsena kuulemansa tarinan mukaan. Purppuran ihoinen kissael\u00e4in pysyi Keldorin kanssa, jopa t\u00e4m\u00e4n muututtua Skeletoriksi Hordakin taian kautta. L\u00f6yt\u00e4en uuden kodin K\u00e4\u00e4rmevuorelta, Panthor on aina uskollisesti is\u00e4nt\u00e4ns\u00e4 rinnalla, kantaen h\u00e4nt\u00e4 taisteluun tai ollessaan k\u00e4pestyneen\u00e4 Skeletorin valtaistuimen juurella, uskollisesti muristen kaikille, jotka ovat Pahuuden Lordin kanssa eri mielt\u00e4.<\/em><\/p>\n<p><span style=\"text-decoration: underline;\"><strong>Mukana tulevat varusteet:<\/strong><\/span><br \/>\n* irrotettava haarniska (satula ja kyp\u00e4r\u00e4)<\/p>\n<p><strong>Hinta: <\/strong>$30<\/p>\n<p><strong>Loppuunmyynti aika:<\/strong> 3 tuntia<\/p>\n<p><strong>Oman hahmon saapumiseen kulunut aika: <\/strong>25\u00a0p\u00e4iv\u00e4\u00e4 (15 arkip\u00e4iv\u00e4\u00e4)<\/p>\n<h2>Hahmokuvat:<\/h2>\n<p><a href=\"http:\/\/motu.eurokolikonmaailma.fi\/kuvat\/Panthor\/pr_face_close_helmet.jpg\"><img loading=\"lazy\" decoding=\"async\" class=\"alignnone\" title=\"Panthor edest\u00e4 kyp\u00e4r\u00e4n kanssa\" src=\"http:\/\/motu.eurokolikonmaailma.fi\/kuvat\/Panthor\/pr_face_close_helmet.jpg\" alt=\"\" width=\"284\" height=\"336\" \/><\/a><a href=\"http:\/\/motu.eurokolikonmaailma.fi\/kuvat\/Panthor\/pr_front_without_helmet.jpg\" target=\"_blank\" rel=\"noopener\"><img loading=\"lazy\" decoding=\"async\" class=\"alignnone\" title=\"Panthor edest\u00e4 ilman kyp\u00e4r\u00e4\u00e4\" src=\"http:\/\/motu.eurokolikonmaailma.fi\/kuvat\/Panthor\/pr_front_without_helmet.jpg\" alt=\"\" width=\"188\" height=\"336\" \/><\/a><a href=\"http:\/\/motu.eurokolikonmaailma.fi\/kuvat\/Panthor\/pr_helmet_side.jpg\"><img loading=\"lazy\" decoding=\"async\" title=\"Panthor kyp\u00e4r\u00e4n kanssa sivulta\" src=\"http:\/\/motu.eurokolikonmaailma.fi\/kuvat\/Panthor\/pr_helmet_side.jpg\" alt=\"\" width=\"236\" height=\"294\" \/><\/a><a href=\"http:\/\/motu.eurokolikonmaailma.fi\/kuvat\/Panthor\/pr_armor_helmet_front_angle.jpg\"><img loading=\"lazy\" decoding=\"async\" title=\"Panthor t\u00e4ydess\u00e4 varustuksessa\" src=\"http:\/\/motu.eurokolikonmaailma.fi\/kuvat\/Panthor\/pr_armor_helmet_front_angle.jpg\" alt=\"\" width=\"490\" height=\"413\" \/><\/a><\/p>\n<p>&nbsp;<\/p>\n<p><a href=\"http:\/\/motu.eurokolikonmaailma.fi\/kuvat\/Panthor\/pr_back_armor.jpg\"><img loading=\"lazy\" decoding=\"async\" title=\"Panthor takaa satulan kanssa\" src=\"http:\/\/motu.eurokolikonmaailma.fi\/kuvat\/Panthor\/pr_back_armor.jpg\" alt=\"\" width=\"244\" height=\"490\" \/><\/a><a href=\"http:\/\/motu.eurokolikonmaailma.fi\/kuvat\/Panthor\/pr_armor_back.jpg\"><img loading=\"lazy\" decoding=\"async\" title=\"Panthor takaa sivulta satulan kanssa\" src=\"http:\/\/motu.eurokolikonmaailma.fi\/kuvat\/Panthor\/pr_armor_back.jpg\" alt=\"\" width=\"490\" height=\"331\" \/><\/a><a href=\"http:\/\/motu.eurokolikonmaailma.fi\/kuvat\/Panthor\/pr_side_armor.jpg\"><img loading=\"lazy\" decoding=\"async\" title=\"Panthor sivulta satulan kanssa\" src=\"http:\/\/motu.eurokolikonmaailma.fi\/kuvat\/Panthor\/pr_side_armor.jpg\" alt=\"\" width=\"490\" height=\"304\" \/><\/a><\/p>\n<p><a href=\"http:\/\/motu.eurokolikonmaailma.fi\/kuvat\/Panthor\/pr_front_angle_armor.jpg\"><img loading=\"lazy\" decoding=\"async\" title=\"Panthor sivulta edest\u00e4 satulan kanssa\" src=\"http:\/\/motu.eurokolikonmaailma.fi\/kuvat\/Panthor\/pr_front_angle_armor.jpg\" alt=\"\" width=\"490\" height=\"365\" \/><\/a><\/p>\n<p><a href=\"http:\/\/motu.eurokolikonmaailma.fi\/kuvat\/Panthor\/pr_no_armor_back_angle.jpg\"><img loading=\"lazy\" decoding=\"async\" title=\"Panthor takaa sivulta ilman varusteita\" src=\"http:\/\/motu.eurokolikonmaailma.fi\/kuvat\/Panthor\/pr_no_armor_back_angle.jpg\" alt=\"\" width=\"490\" height=\"298\" \/><\/a><a href=\"http:\/\/motu.eurokolikonmaailma.fi\/kuvat\/Panthor\/pr_no_armor_side.jpg\"><img loading=\"lazy\" decoding=\"async\" title=\"Panthor sivulta ilman varusteita\" src=\"http:\/\/motu.eurokolikonmaailma.fi\/kuvat\/Panthor\/pr_no_armor_side.jpg\" alt=\"\" width=\"490\" height=\"259\" \/><\/a><a href=\"http:\/\/motu.eurokolikonmaailma.fi\/kuvat\/Panthor\/pr_no_armor_front_side.jpg\"><img loading=\"lazy\" decoding=\"async\" title=\"Panthor sivulta edest\u00e4 ilman varusteita\" src=\"http:\/\/motu.eurokolikonmaailma.fi\/kuvat\/Panthor\/pr_no_armor_front_side.jpg\" alt=\"\" width=\"490\" height=\"281\" \/><\/a><\/p>\n<p>&nbsp;<\/p>\n<h2>Varusteet<\/h2>\n<p><a href=\"http:\/\/motu.eurokolikonmaailma.fi\/kuvat\/Panthor\/pr_saddle.jpg\"><img loading=\"lazy\" decoding=\"async\" title=\"Panthorin satula\" src=\"http:\/\/motu.eurokolikonmaailma.fi\/kuvat\/Panthor\/pr_saddle.jpg\" alt=\"\" width=\"420\" height=\"248\" \/><\/a><a href=\"http:\/\/motu.eurokolikonmaailma.fi\/kuvat\/Panthor\/pr_helmet.jpg\"><img loading=\"lazy\" decoding=\"async\" title=\"Panthorin kyp\u00e4r\u00e4\" src=\"http:\/\/motu.eurokolikonmaailma.fi\/kuvat\/Panthor\/pr_helmet.jpg\" alt=\"\" width=\"336\" height=\"246\" \/><\/a><\/p>\n<p>&nbsp;<\/p>\n<h2>Videoesittelyni hahmosta:<\/h2>\n<p><strong>Suomi:<\/strong><\/p>\n<p><iframe loading=\"lazy\" title=\"Masters of the Universe Classics Panthor (Finnish)\" width=\"640\" height=\"360\" src=\"https:\/\/www.youtube.com\/embed\/dNo4uvwhYGQ?feature=oembed\" frameborder=\"0\" allow=\"accelerometer; autoplay; clipboard-write; encrypted-media; gyroscope; picture-in-picture; web-share\" referrerpolicy=\"strict-origin-when-cross-origin\" allowfullscreen><\/iframe><\/p>\n<p><strong>In English:<\/strong><\/p>\n<p><iframe loading=\"lazy\" title=\"Masters of the Universe Classics Panthor (English)\" width=\"640\" height=\"360\" src=\"https:\/\/www.youtube.com\/embed\/n2-FZDNYTFA?feature=oembed\" frameborder=\"0\" allow=\"accelerometer; autoplay; clipboard-write; encrypted-media; gyroscope; picture-in-picture; web-share\" referrerpolicy=\"strict-origin-when-cross-origin\" allowfullscreen><\/iframe><\/p>\n","protected":false},"excerpt":{"rendered":"<p>Tuotekoodi: T5809 Panthor &#8211; Savage Cat of Skeletor &nbsp; Oikea nimi: Panthor\u00ae During his exile from Eternos Palace\u2122, Keldor\u2122 saved a young dylinx cub from a hunter\u2019s pit in the Corridors of Lithos. The cub remained fiercely loyal to Keldor\u2122, &hellip; <a href=\"https:\/\/www.eurokolikonmaailma.fi\/?page_id=257\">Lue loppuun <span class=\"meta-nav\">&rarr;<\/span><\/a><\/p>\n","protected":false},"author":1,"featured_media":0,"parent":294,"menu_order":0,"comment_status":"open","ping_status":"closed","template":"","meta":{"footnotes":""},"class_list":["post-257","page","type-page","status-publish","hentry"],"_links":{"self":[{"href":"https:\/\/www.eurokolikonmaailma.fi\/index.php?rest_route=\/wp\/v2\/pages\/257","targetHints":{"allow":["GET"]}}],"collection":[{"href":"https:\/\/www.eurokolikonmaailma.fi\/index.php?rest_route=\/wp\/v2\/pages"}],"about":[{"href":"https:\/\/www.eurokolikonmaailma.fi\/index.php?rest_route=\/wp\/v2\/types\/page"}],"author":[{"embeddable":true,"href":"https:\/\/www.eurokolikonmaailma.fi\/index.php?rest_route=\/wp\/v2\/users\/1"}],"replies":[{"embeddable":true,"href":"https:\/\/www.eurokolikonmaailma.fi\/index.php?rest_route=%2Fwp%2Fv2%2Fcomments&post=257"}],"version-history":[{"count":17,"href":"https:\/\/www.eurokolikonmaailma.fi\/index.php?rest_route=\/wp\/v2\/pages\/257\/revisions"}],"predecessor-version":[{"id":5697,"href":"https:\/\/www.eurokolikonmaailma.fi\/index.php?rest_route=\/wp\/v2\/pages\/257\/revisions\/5697"}],"up":[{"embeddable":true,"href":"https:\/\/www.eurokolikonmaailma.fi\/index.php?rest_route=\/wp\/v2\/pages\/294"}],"wp:attachment":[{"href":"https:\/\/www.eurokolikonmaailma.fi\/index.php?rest_route=%2Fwp%2Fv2%2Fmedia&parent=257"}],"curies":[{"name":"wp","href":"https:\/\/api.w.org\/{rel}","templated":true}]}}