{"id":2523,"date":"2012-09-12T00:40:46","date_gmt":"2012-09-11T21:40:46","guid":{"rendered":"http:\/\/www.eurokolikonmaailma.fi\/?page_id=2523"},"modified":"2012-09-12T00:40:46","modified_gmt":"2012-09-11T21:40:46","slug":"mekaneck","status":"publish","type":"page","link":"https:\/\/www.eurokolikonmaailma.fi\/?page_id=2523","title":{"rendered":"Mekaneck"},"content":{"rendered":"<p><img loading=\"lazy\" decoding=\"async\" style=\"color: #000000; font-family: 'Times New Roman'; line-height: normal; font-size: medium; font-weight: bold; width: 123px; height: 47px;\" src=\"http:\/\/motu.eurokolikonmaailma.fi\/kuvat\/Mekaneck\/motuc.1.jpg\" alt=\"\" width=\"580\" height=\"221\" \/><img loading=\"lazy\" decoding=\"async\" style=\"color: #000000; font-family: 'Times New Roman'; line-height: normal; font-size: medium; font-weight: bold; width: 46px; height: 47px;\" src=\"http:\/\/motu.eurokolikonmaailma.fi\/kuvat\/Mekaneck\/clubeternia_burst.gif\" alt=\"\" width=\"79\" height=\"80\" \/><img loading=\"lazy\" decoding=\"async\" style=\"color: #000000; font-family: 'Times New Roman'; line-height: normal; font-size: medium; font-weight: bold; width: 57px; height: 47px;\" src=\"http:\/\/motu.eurokolikonmaailma.fi\/kuvat\/Mekaneck\/30th_MOTUClogo.jpg\" alt=\"\" width=\"1034\" height=\"846\" \/><br style=\"color: #000000; font-family: 'Times New Roman'; font-size: medium; font-weight: bold; line-height: normal;\" \/><span style=\"color: #000000; font-family: 'Times New Roman'; font-size: medium; line-height: normal;\">Tuotekoodi:\u00a0W8909<\/span><\/p>\n<h1>Mekaneck<br \/>\n&#8211; Heroic Human Periscope<\/h1>\n<p><img loading=\"lazy\" decoding=\"async\" style=\"-webkit-user-select: none;\" src=\"http:\/\/motu.eurokolikonmaailma.fi\/kuvat\/Mekaneck\/W8909_fullsizeimage05.jpg\" alt=\"\" width=\"211\" height=\"307\" \/>\u00a0 \u00a0 \u00a0<img decoding=\"async\" style=\"-webkit-user-select: none;\" src=\"http:\/\/motu.eurokolikonmaailma.fi\/kuvat\/Mekaneck\/W8909_fullsizeimage06.jpg\" alt=\"\" \/><\/p>\n<p><strong>Oikea nimi:<\/strong> Orius<\/p>\n<p>Injured in the Battle of the Avion during the Great Unrest, Orius was brought by Duncan\u2122 to Castle Grayskull\u00ae where he was healed by the Sorceress\u00ae. The magic spell replaced his neck with an ever-expanding mechanical construction made of microscopic nanites. By increasing or decreasing the number of nanites in his body, Orius gained the ability to grow his neck to almost unlimited length. Taking the code name Mekaneck\u00ae, he served the royal household as a loyal member of the Masters of the Universe\u00ae, using his amazing periscope neck to spy on the evil enemy.<\/p>\n<p><em>Suuren Levottomuuden Avionin taistelussa loukkaantunut, Orius tuotiin P\u00e4\u00e4kallolinnaan Duncanin toimesta, miss\u00e4 Velhotar h\u00e4net paransi. Loitsu korvasi h\u00e4nen kaulansa yliulottuvalla mekaanisella mikroskoopisista naniiteista koostuvalla rakennelmalla. Lis\u00e4\u00e4m\u00e4ll\u00e4 tai v\u00e4hent\u00e4m\u00e4ll\u00e4 naniittien m\u00e4\u00e4r\u00e4\u00e4 ruumiissaan, Orius sai taidon kasvattaa kaulaansa l\u00e4hes rajattomiin mittoihin. Ottaen itselleen koodinimen Mekaneck, h\u00e4n palveli kuninkaallista perhett\u00e4 Masters of the Universe -ryhm\u00e4n uskollisena j\u00e4senen\u00e4, k\u00e4ytt\u00e4en uskomatonta periskooppikaulaansa pahojen vihollisten vakoilemiseen.<\/em><\/p>\n","protected":false},"excerpt":{"rendered":"<p>Tuotekoodi:\u00a0W8909 Mekaneck &#8211; Heroic Human Periscope \u00a0 \u00a0 \u00a0 Oikea nimi: Orius Injured in the Battle of the Avion during the Great Unrest, Orius was brought by Duncan\u2122 to Castle Grayskull\u00ae where he was healed by the Sorceress\u00ae. The magic &hellip; <a href=\"https:\/\/www.eurokolikonmaailma.fi\/?page_id=2523\">Lue loppuun <span class=\"meta-nav\">&rarr;<\/span><\/a><\/p>\n","protected":false},"author":1,"featured_media":0,"parent":1478,"menu_order":0,"comment_status":"open","ping_status":"open","template":"","meta":{"footnotes":""},"class_list":["post-2523","page","type-page","status-publish","hentry"],"_links":{"self":[{"href":"https:\/\/www.eurokolikonmaailma.fi\/index.php?rest_route=\/wp\/v2\/pages\/2523","targetHints":{"allow":["GET"]}}],"collection":[{"href":"https:\/\/www.eurokolikonmaailma.fi\/index.php?rest_route=\/wp\/v2\/pages"}],"about":[{"href":"https:\/\/www.eurokolikonmaailma.fi\/index.php?rest_route=\/wp\/v2\/types\/page"}],"author":[{"embeddable":true,"href":"https:\/\/www.eurokolikonmaailma.fi\/index.php?rest_route=\/wp\/v2\/users\/1"}],"replies":[{"embeddable":true,"href":"https:\/\/www.eurokolikonmaailma.fi\/index.php?rest_route=%2Fwp%2Fv2%2Fcomments&post=2523"}],"version-history":[{"count":2,"href":"https:\/\/www.eurokolikonmaailma.fi\/index.php?rest_route=\/wp\/v2\/pages\/2523\/revisions"}],"predecessor-version":[{"id":2526,"href":"https:\/\/www.eurokolikonmaailma.fi\/index.php?rest_route=\/wp\/v2\/pages\/2523\/revisions\/2526"}],"up":[{"embeddable":true,"href":"https:\/\/www.eurokolikonmaailma.fi\/index.php?rest_route=\/wp\/v2\/pages\/1478"}],"wp:attachment":[{"href":"https:\/\/www.eurokolikonmaailma.fi\/index.php?rest_route=%2Fwp%2Fv2%2Fmedia&parent=2523"}],"curies":[{"name":"wp","href":"https:\/\/api.w.org\/{rel}","templated":true}]}}