{"id":2315,"date":"2012-08-12T15:07:16","date_gmt":"2012-08-12T12:07:16","guid":{"rendered":"http:\/\/www.eurokolikonmaailma.fi\/blogi\/?page_id=2315"},"modified":"2025-05-30T15:06:05","modified_gmt":"2025-05-30T12:06:05","slug":"eternian-palace-guards","status":"publish","type":"page","link":"https:\/\/www.eurokolikonmaailma.fi\/?page_id=2315","title":{"rendered":"Eternian Palace Guards"},"content":{"rendered":"<p><img loading=\"lazy\" decoding=\"async\" src=\"http:\/\/motu.eurokolikonmaailma.fi\/kuvat\/palace_guards\/motuc.1.jpg\" alt=\"\" width=\"118\" height=\"47\" border=\"0\" \/><br \/>\nTuotekoodi: R6290<\/p>\n<h1>Eternian Palace Guards<br \/>\n&#8211; Heroic Guards<\/h1>\n<p><img loading=\"lazy\" decoding=\"async\" src=\"http:\/\/motu.eurokolikonmaailma.fi\/kuvat\/palace_guards\/R6290_fullsizeimage03.jpg\" alt=\"\" width=\"231\" height=\"157\" border=\"0\" \/>\u00a0 \u00a0 \u00a0<img loading=\"lazy\" decoding=\"async\" src=\"http:\/\/motu.eurokolikonmaailma.fi\/kuvat\/palace_guards\/R6290_fullsizeimage04.jpg\" alt=\"\" width=\"231\" height=\"159\" border=\"0\" \/><\/p>\n<p><strong>Oikea nimi:\u00a0<\/strong>Varies (vaihtelee)<\/p>\n<p>From across the Light Hemisphere of Eternia\u00ae, the bravest and most noble warriors in Randor\u2019s Kingdom were recruited by Man-At-Arms\u00ae and later Clamp Champ\u2122 to help guard the Royal Family. Often called upon to aid the Masters of the Universe\u00ae, the royal guards are trained in multiple forms of hand-to-hand combat and are masters of many weapons, including the Power Staff and several types of Energy Blasters. Whenever the Royal Palace is threatened, it is the strength of the elite guardsmen which often repel evil. Brave Warriors like Lieutenant Spector\u2122 defend the Royal Family from attack.<\/p>\n<p><em>Ymp\u00e4ri Eternian Valoisaa Puolta kuningas Randorin vatakunnasta, urheimmat ja jalosyd\u00e4misimm\u00e4t soturit v\u00e4rv\u00e4ttiin Asemiehen ja my\u00f6hemmin Clamp Champin toimesta auttamaan kuninkaallisen perheen suojelemisessa. Kuninkaallinen vartio usein auttaa Masters of the Universe -ryhm\u00e4\u00e4, k\u00e4ytt\u00e4en l\u00e4hitaistelu- ja aseenk\u00e4ytt\u00f6taitojaan. Kun kuninkaallinen palatsi on uhattuna, n\u00e4iden eliittivartiomiesten voima saa pahan pakenemaan. Urhoolliset palatsin vartijat, kuten luutnantti Spector puolustaa kuninkaallista perhett\u00e4 hy\u00f6kk\u00e4yksilt\u00e4.<\/em><\/p>\n<p><strong>Hinta:\u00a0<\/strong>$40<\/p>\n<p><span style=\"text-decoration: underline;\"><strong>Mukana tulevat varusteet:<\/strong><\/span><br \/>\n* nelj\u00e4 p\u00e4\u00e4t\u00e4: vaalea, tumma, kissa ja k\u00e4\u00e4rme<br \/>\n* kaksi suusuojaa<br \/>\n* nelj\u00e4 erilaista rintapanssarilaattaa<br \/>\n* kaksi kilpe\u00e4<br \/>\n* kaksi pitk\u00e4\u00e4 kirvest\u00e4<br \/>\n* nuija<br \/>\n* lyhyt kirves<br \/>\n* kaksi irrotettavaa kokopanssaria<\/p>\n<p><strong>Loppuunmyynti aika:<\/strong>\u00a07 p\u00e4iv\u00e4\u00e4 21 tuntia 10 min<\/p>\n<p><strong>Oman hahmon saapumiseen kulunut aika:\u00a0<\/strong>14 p\u00e4iv\u00e4\u00e4 (10 arkip\u00e4iv\u00e4\u00e4)<\/p>\n<h2>Videoesittelyni hahmoista:<\/h2>\n<p><strong>Suomi<\/strong><\/p>\n<p><iframe loading=\"lazy\" title=\"Masters of the Universe Classics Palatsinvartijat (Finnish)\" width=\"640\" height=\"360\" src=\"https:\/\/www.youtube.com\/embed\/Fd1P0uM1sC4?feature=oembed\" frameborder=\"0\" allow=\"accelerometer; autoplay; clipboard-write; encrypted-media; gyroscope; picture-in-picture; web-share\" referrerpolicy=\"strict-origin-when-cross-origin\" allowfullscreen><\/iframe><\/p>\n<p><strong>In English<\/strong><\/p>\n<p><iframe loading=\"lazy\" title=\"Masters of the Universe Classics Eternian Palace Guards (English)\" width=\"640\" height=\"360\" src=\"https:\/\/www.youtube.com\/embed\/K3WZjiwY4LQ?feature=oembed\" frameborder=\"0\" allow=\"accelerometer; autoplay; clipboard-write; encrypted-media; gyroscope; picture-in-picture; web-share\" referrerpolicy=\"strict-origin-when-cross-origin\" allowfullscreen><\/iframe><\/p>\n","protected":false},"excerpt":{"rendered":"<p>Tuotekoodi: R6290 Eternian Palace Guards &#8211; Heroic Guards \u00a0 \u00a0 \u00a0 Oikea nimi:\u00a0Varies (vaihtelee) From across the Light Hemisphere of Eternia\u00ae, the bravest and most noble warriors in Randor\u2019s Kingdom were recruited by Man-At-Arms\u00ae and later Clamp Champ\u2122 to help &hellip; <a href=\"https:\/\/www.eurokolikonmaailma.fi\/?page_id=2315\">Lue loppuun <span class=\"meta-nav\">&rarr;<\/span><\/a><\/p>\n","protected":false},"author":1,"featured_media":0,"parent":294,"menu_order":0,"comment_status":"open","ping_status":"open","template":"","meta":{"footnotes":""},"class_list":["post-2315","page","type-page","status-publish","hentry"],"_links":{"self":[{"href":"https:\/\/www.eurokolikonmaailma.fi\/index.php?rest_route=\/wp\/v2\/pages\/2315","targetHints":{"allow":["GET"]}}],"collection":[{"href":"https:\/\/www.eurokolikonmaailma.fi\/index.php?rest_route=\/wp\/v2\/pages"}],"about":[{"href":"https:\/\/www.eurokolikonmaailma.fi\/index.php?rest_route=\/wp\/v2\/types\/page"}],"author":[{"embeddable":true,"href":"https:\/\/www.eurokolikonmaailma.fi\/index.php?rest_route=\/wp\/v2\/users\/1"}],"replies":[{"embeddable":true,"href":"https:\/\/www.eurokolikonmaailma.fi\/index.php?rest_route=%2Fwp%2Fv2%2Fcomments&post=2315"}],"version-history":[{"count":4,"href":"https:\/\/www.eurokolikonmaailma.fi\/index.php?rest_route=\/wp\/v2\/pages\/2315\/revisions"}],"predecessor-version":[{"id":5684,"href":"https:\/\/www.eurokolikonmaailma.fi\/index.php?rest_route=\/wp\/v2\/pages\/2315\/revisions\/5684"}],"up":[{"embeddable":true,"href":"https:\/\/www.eurokolikonmaailma.fi\/index.php?rest_route=\/wp\/v2\/pages\/294"}],"wp:attachment":[{"href":"https:\/\/www.eurokolikonmaailma.fi\/index.php?rest_route=%2Fwp%2Fv2%2Fmedia&parent=2315"}],"curies":[{"name":"wp","href":"https:\/\/api.w.org\/{rel}","templated":true}]}}