{"id":2304,"date":"2012-08-12T14:53:28","date_gmt":"2012-08-12T11:53:28","guid":{"rendered":"http:\/\/www.eurokolikonmaailma.fi\/blogi\/?page_id=2304"},"modified":"2025-05-30T15:10:44","modified_gmt":"2025-05-30T12:10:44","slug":"icarius","status":"publish","type":"page","link":"https:\/\/www.eurokolikonmaailma.fi\/?page_id=2304","title":{"rendered":"Icarius"},"content":{"rendered":"<p><img decoding=\"async\" style=\"color: #000000; font-family: 'Times New Roman'; font-size: medium; font-weight: bold; line-height: normal; width: 118px; height: 47px;\" src=\"http:\/\/motu.eurokolikonmaailma.fi\/kuvat\/icarius\/motuc.1.jpg\" alt=\"\" \/><img loading=\"lazy\" decoding=\"async\" class=\"alignnone size-full\" src=\"http:\/\/motu.eurokolikonmaailma.fi\/kuvat\/icarius\/GalacticProtectors_logo.jpg\" width=\"89\" height=\"47\" \/><img decoding=\"async\" style=\"color: #000000; font-family: 'Times New Roman'; font-size: medium; font-weight: bold; line-height: normal; width: 46px; height: 47px;\" src=\"http:\/\/motu.eurokolikonmaailma.fi\/kuvat\/icarius\/clubeternia_burst.gif\" alt=\"\" \/><br style=\"color: #000000; font-family: 'Times New Roman'; font-size: medium; font-weight: bold; line-height: normal;\" \/><span style=\"color: #000000; font-family: 'Times New Roman'; font-size: medium; line-height: normal;\">Tuotekoodi: T5801<\/span><\/p>\n<h1>Icarius<br \/>\n&#8211; Daring Spaceace<\/h1>\n<p><img decoding=\"async\" src=\"http:\/\/motu.eurokolikonmaailma.fi\/kuvat\/icarius\/Icarius_fullsizeimage05.jpg\" alt=\"\" \/>\u00a0 \u00a0 \u00a0<img decoding=\"async\" src=\"http:\/\/motu.eurokolikonmaailma.fi\/kuvat\/icarius\/Icarius_fullsizeimage06.jpg\" alt=\"\" \/>\u00a0 \u00a0\u00a0<img decoding=\"async\" src=\"http:\/\/motu.eurokolikonmaailma.fi\/kuvat\/icarius\/Icarius_fullsizeimage04.jpg\" alt=\"\" \/><\/p>\n<p><strong>Oikea nimi:<\/strong>\u00a0TC Icarius Kaz<\/p>\n<p>A great pilot from the cloud city of Levitan on planet Primus, Icarius is equipped and ready to \u201cflip\u201d into battle at a moment&#8217;s notice. After his 18th birthday, he left home to join the Galactic Protectors. Rising to the rank of Lieutenant, Icarius traveled with Captain Hydron on his quest to find the legendary twin warriors prophesied to defeat the Horde Empire. Arriving on the distant planet Eternia\u00ae shortly after the end of the Second Ultimate Battleground, they recruited not only He-Man\u00ae and She-Ra\u00ae, but several other Masters of the Universe\u00ae who were eager to pursue Skeletor\u00ae to the stars. Nicknamed \u201cFlipshot,\u201d Icarius utilizes a battle helmet, back mounted jet pack and concussion grenade wrist rockets in battle against Skeletor and his new Space Mutant army.<\/p>\n<p><em>Taitava pilotti Primus-planeetan Levitan pilvikaupungista, Icarius on varustettu ja valmiina s\u00e4nt\u00e4\u00e4m\u00e4\u00e4n taisteluun lyhyell\u00e4kin varoitusajalla. 18-vuotissyntym\u00e4p\u00e4iv\u00e4ns\u00e4 j\u00e4lkeen, h\u00e4n l\u00e4hti kotoa liittyakseen Glactisiin Suojelijoihin. Nousten arvoasteikossa luutnantiksi, Icarius matkusti kapteeni Hydronin kanssa etsim\u00e4\u00e4n legendaarisia kaksossotureita, joiden oli ennustettu peittoavan Hordi-Imperiumin. Saapuen kaukaiselle planeetta Eternialle pian Toisen Ultimaalisen Taistelukent\u00e4n j\u00e4lkeen, he v\u00e4rv\u00e4siv\u00e4t ei vain He-Manin ja She-Ran, mutta my\u00f6s useita muita Masters of the Universe -ryhm\u00e4n j\u00e4seni\u00e4, jotka olivat innokkaita jahtaamaan Skeletoria ulkoavaruuteen. &#8221;Flipshot&#8221; lempinimen saanut Icarius hy\u00f6dynt\u00e4\u00e4 taistelussa Skeletoria ja h\u00e4nen uutta Avaruusmutanttiarmeijaa vastaan taistelukyp\u00e4r\u00e4\u00e4,selk\u00e4\u00e4n kiinnitett\u00e4v\u00e4\u00e4 JetPackia ja t\u00e4r\u00e4hdysrakettikranaatteja.\u00a0<\/em><\/p>\n<p><strong><span style=\"text-decoration: underline;\">Mukana tulevat varusteet:<\/span><\/strong><br \/>\n* extra p\u00e4\u00e4<br \/>\n* irrotettava jetpack<br \/>\n* t\u00e4r\u00e4hdyskranaatinheitin<\/p>\n<p><strong>Loppuunmyynti aika:<\/strong>\u00a0n. \u00a07 p\u00e4iv\u00e4\u00e4<\/p>\n<p><strong>Oman hahmon saapumiseen kulunut aika:\u00a0<\/strong>13 p\u00e4iv\u00e4\u00e4 (8 arkip\u00e4iv\u00e4\u00e4)<\/p>\n","protected":false},"excerpt":{"rendered":"<p>Tuotekoodi: T5801 Icarius &#8211; Daring Spaceace \u00a0 \u00a0 \u00a0\u00a0 \u00a0\u00a0 Oikea nimi:\u00a0TC Icarius Kaz A great pilot from the cloud city of Levitan on planet Primus, Icarius is equipped and ready to \u201cflip\u201d into battle at a moment&#8217;s notice. After &hellip; <a href=\"https:\/\/www.eurokolikonmaailma.fi\/?page_id=2304\">Lue loppuun <span class=\"meta-nav\">&rarr;<\/span><\/a><\/p>\n","protected":false},"author":1,"featured_media":0,"parent":294,"menu_order":0,"comment_status":"open","ping_status":"open","template":"","meta":{"footnotes":""},"class_list":["post-2304","page","type-page","status-publish","hentry"],"_links":{"self":[{"href":"https:\/\/www.eurokolikonmaailma.fi\/index.php?rest_route=\/wp\/v2\/pages\/2304","targetHints":{"allow":["GET"]}}],"collection":[{"href":"https:\/\/www.eurokolikonmaailma.fi\/index.php?rest_route=\/wp\/v2\/pages"}],"about":[{"href":"https:\/\/www.eurokolikonmaailma.fi\/index.php?rest_route=\/wp\/v2\/types\/page"}],"author":[{"embeddable":true,"href":"https:\/\/www.eurokolikonmaailma.fi\/index.php?rest_route=\/wp\/v2\/users\/1"}],"replies":[{"embeddable":true,"href":"https:\/\/www.eurokolikonmaailma.fi\/index.php?rest_route=%2Fwp%2Fv2%2Fcomments&post=2304"}],"version-history":[{"count":3,"href":"https:\/\/www.eurokolikonmaailma.fi\/index.php?rest_route=\/wp\/v2\/pages\/2304\/revisions"}],"predecessor-version":[{"id":5688,"href":"https:\/\/www.eurokolikonmaailma.fi\/index.php?rest_route=\/wp\/v2\/pages\/2304\/revisions\/5688"}],"up":[{"embeddable":true,"href":"https:\/\/www.eurokolikonmaailma.fi\/index.php?rest_route=\/wp\/v2\/pages\/294"}],"wp:attachment":[{"href":"https:\/\/www.eurokolikonmaailma.fi\/index.php?rest_route=%2Fwp%2Fv2%2Fmedia&parent=2304"}],"curies":[{"name":"wp","href":"https:\/\/api.w.org\/{rel}","templated":true}]}}