{"id":2272,"date":"2012-08-12T14:00:04","date_gmt":"2012-08-12T11:00:04","guid":{"rendered":"http:\/\/www.eurokolikonmaailma.fi\/blogi\/?page_id=2272"},"modified":"2012-08-12T14:00:51","modified_gmt":"2012-08-12T11:00:51","slug":"kobra-khan","status":"publish","type":"page","link":"https:\/\/www.eurokolikonmaailma.fi\/?page_id=2272","title":{"rendered":"Kobra Khan"},"content":{"rendered":"<p><img decoding=\"async\" style=\"color: #000000; font-family: 'Times New Roman'; font-size: medium; font-weight: bold; line-height: normal; width: 123px; height: 47px;\" src=\"http:\/\/motu.eurokolikonmaailma.fi\/kuvat\/Kobra_Khan\/motuc.1.jpg\" alt=\"\" \/><img decoding=\"async\" style=\"color: #000000; font-family: 'Times New Roman'; font-size: medium; font-weight: bold; line-height: normal; width: 46px; height: 47px;\" src=\"http:\/\/motu.eurokolikonmaailma.fi\/kuvat\/Kobra_Khan\/clubeternia_burst.gif\" alt=\"\" \/><img decoding=\"async\" style=\"color: #000000; font-family: 'Times New Roman'; font-size: medium; font-weight: bold; line-height: normal; width: 57px; height: 47px;\" src=\"http:\/\/motu.eurokolikonmaailma.fi\/kuvat\/Kobra_Khan\/30th_MOTUClogo.jpg\" alt=\"\" \/><br style=\"color: #000000; font-family: 'Times New Roman'; font-size: medium; font-weight: bold; line-height: normal;\" \/><span style=\"color: #000000; font-family: 'Times New Roman'; font-size: medium; line-height: normal;\">Tuotekoodi: W8908<\/span><\/p>\n<h1>Kobra Khan<br \/>\n&#8211; Evil Masters of Snakes<\/h1>\n<p><img decoding=\"async\" style=\"width: 244px; height: 350px;\" src=\"http:\/\/motu.eurokolikonmaailma.fi\/kuvat\/Kobra_Khan\/397015_10150556106134844_57309659843_8820925_1145382736_n.jpg\" alt=\"\" \/>\u00a0 \u00a0 \u00a0<img decoding=\"async\" style=\"width: 257px; height: 350px;\" src=\"http:\/\/motu.eurokolikonmaailma.fi\/kuvat\/Kobra_Khan\/397958_10150556107059844_57309659843_8820931_1989980960_n.jpg\" alt=\"\" \/><\/p>\n<p><strong>Oikea nimi:<\/strong>\u00a0Khan of clan Kobra<\/p>\n<p>A descendent of the ancient Snake Men\u2122, Khan became fascinated with the many legends of their victories in the Great Wars. Breaking into the archives of Eternos Palace\u2122, he learned that the great King Hssss\u2122 had been locked in the Void at the end of the war. In a ruse to free his King, Khan joined forces with Skeletor\u00ae and, with the help of Evil-Lyn\u00ae, they acquired Zodak\u2019s staff, the key to freeing his Snake Men\u2122 brethren. Together he and Evil-Lyn\u00ae opened the Snake Pit portal releasing Hssss and his ageless army, returning their terror to Eternia\u00ae. Khan went on to loyally serve Hssss, controlling his prey with his evil hypnotic mist!<\/p>\n<p><em>Muinaisten K\u00e4\u00e4rmemiesten j\u00e4lkel\u00e4inen, Khan kiinnostui heid\u00e4n monista voitoistaan Suurten Sotien aikoina. Eternosin palatsin arkistoihin murtautumalla, h\u00e4n oppi, ett\u00e4 mahtava King Hssss oli vangittuna Void-ulottuvuuteen Suurten Sotien lopussa. Juoniessaan kuninkaansa vapauttamista, Khan yhdisti voimansa Skeletorin kanssa ja Evil-Lynin avulla he hankkivat Zodakin sauvan, avaimen jolla K\u00e4\u00e4rmemiehet voitaisiin vapauttaa. Yhdess\u00e4 Evil-Lynin kanssa he avasivat K\u00e4\u00e4rmekuopassa sijaitsevan portin, vapauttaen Hssss:n ja h\u00e4nen i\u00e4tt\u00f6m\u00e4n armeijansa.\u00a0K\u00e4\u00e4rmemiesten hirmuvallan palatessa Etenialle, Khan liittyi uskollisesti Hssss:n joukkoihin ja h\u00e4n kontrolloi saaliitaan ilke\u00e4n hypnoottisen sumunsa avulla!<\/em><\/p>\n<p><strong><span style=\"text-decoration: underline;\">Mukana tulevat varusteet:<\/span><\/strong><br \/>\n* extrap\u00e4\u00e4<br \/>\n* liskokaveri<br \/>\n* s\u00e4depistooli<\/p>\n","protected":false},"excerpt":{"rendered":"<p>Tuotekoodi: W8908 Kobra Khan &#8211; Evil Masters of Snakes \u00a0 \u00a0 \u00a0 Oikea nimi:\u00a0Khan of clan Kobra A descendent of the ancient Snake Men\u2122, Khan became fascinated with the many legends of their victories in the Great Wars. Breaking into &hellip; <a href=\"https:\/\/www.eurokolikonmaailma.fi\/?page_id=2272\">Lue loppuun <span class=\"meta-nav\">&rarr;<\/span><\/a><\/p>\n","protected":false},"author":1,"featured_media":0,"parent":1478,"menu_order":0,"comment_status":"open","ping_status":"open","template":"","meta":{"footnotes":""},"class_list":["post-2272","page","type-page","status-publish","hentry"],"_links":{"self":[{"href":"https:\/\/www.eurokolikonmaailma.fi\/index.php?rest_route=\/wp\/v2\/pages\/2272","targetHints":{"allow":["GET"]}}],"collection":[{"href":"https:\/\/www.eurokolikonmaailma.fi\/index.php?rest_route=\/wp\/v2\/pages"}],"about":[{"href":"https:\/\/www.eurokolikonmaailma.fi\/index.php?rest_route=\/wp\/v2\/types\/page"}],"author":[{"embeddable":true,"href":"https:\/\/www.eurokolikonmaailma.fi\/index.php?rest_route=\/wp\/v2\/users\/1"}],"replies":[{"embeddable":true,"href":"https:\/\/www.eurokolikonmaailma.fi\/index.php?rest_route=%2Fwp%2Fv2%2Fcomments&post=2272"}],"version-history":[{"count":4,"href":"https:\/\/www.eurokolikonmaailma.fi\/index.php?rest_route=\/wp\/v2\/pages\/2272\/revisions"}],"predecessor-version":[{"id":5722,"href":"https:\/\/www.eurokolikonmaailma.fi\/index.php?rest_route=\/wp\/v2\/pages\/2272\/revisions\/5722"}],"up":[{"embeddable":true,"href":"https:\/\/www.eurokolikonmaailma.fi\/index.php?rest_route=\/wp\/v2\/pages\/1478"}],"wp:attachment":[{"href":"https:\/\/www.eurokolikonmaailma.fi\/index.php?rest_route=%2Fwp%2Fv2%2Fmedia&parent=2272"}],"curies":[{"name":"wp","href":"https:\/\/api.w.org\/{rel}","templated":true}]}}