{"id":2258,"date":"2012-08-11T17:59:59","date_gmt":"2012-08-11T14:59:59","guid":{"rendered":"http:\/\/www.eurokolikonmaailma.fi\/blogi\/?page_id=2258"},"modified":"2023-07-29T23:03:31","modified_gmt":"2023-07-29T20:03:31","slug":"masters-of-the-universe-chapter-4","status":"publish","type":"page","link":"https:\/\/www.eurokolikonmaailma.fi\/?page_id=2258","title":{"rendered":"Masters of the Universe, Chapter 4"},"content":{"rendered":"<h1>Masters of the Universe, Chapter 4<br \/>\n&#8211; \u00a0Randor ($0,99)<\/h1>\n<p><a href=\"http:\/\/motu.eurokolikonmaailma.fi\/kuvat\/sarjis\/muds_04_smallcover.jpg\" target=\"_blank\" rel=\"noopener\"><img loading=\"lazy\" decoding=\"async\" class=\"alignnone\" title=\"MOTU digisarjis numero 4 kansi\" src=\"http:\/\/motu.eurokolikonmaailma.fi\/kuvat\/sarjis\/muds_04_smallcover.jpg\" alt=\"\" width=\"324\" height=\"498\" \/><\/a><\/p>\n<p>T\u00e4m\u00e4 on nelj\u00e4s osa DC Comics:n vuonna 2012 julkaisemista MOTU digisarjakuvista.<br \/>\nPrinttiversio julkaistu Masters of the Universe Paperback Volume 2:ssa.<\/p>\n<p>Julkaisuaika: 11. elokuuta 2012<\/p>\n<p><strong>Tekij\u00e4t<\/strong><\/p>\n<p><strong>Tarina:<\/strong>\u00a0Mike Costa<br \/>\n<strong>Kuvitus:<\/strong>\u00a0Eric Nguyen<br \/>\n<strong>V\u00e4rit:<\/strong>\u00a0Tony Avina<br \/>\n<strong>Tekstitt\u00e4j\u00e4:<\/strong>\u00a0Carlos Mangual<br \/>\n<strong>Toimittaja:<\/strong>\u00a0Ben Abernathy<br \/>\n<strong>Aputoimittaja:<\/strong>\u00a0Kristy Quinn<br \/>\n<strong>Kansi:<\/strong>\u00a0Eric Nguyen<\/p>\n","protected":false},"excerpt":{"rendered":"<p>Masters of the Universe, Chapter 4 &#8211; \u00a0Randor ($0,99) T\u00e4m\u00e4 on nelj\u00e4s osa DC Comics:n vuonna 2012 julkaisemista MOTU digisarjakuvista. Printtiversio julkaistu Masters of the Universe Paperback Volume 2:ssa. Julkaisuaika: 11. elokuuta 2012 Tekij\u00e4t Tarina:\u00a0Mike Costa Kuvitus:\u00a0Eric Nguyen V\u00e4rit:\u00a0Tony Avina &hellip; <a href=\"https:\/\/www.eurokolikonmaailma.fi\/?page_id=2258\">Lue loppuun <span class=\"meta-nav\">&rarr;<\/span><\/a><\/p>\n","protected":false},"author":1,"featured_media":0,"parent":4998,"menu_order":0,"comment_status":"open","ping_status":"closed","template":"","meta":{"footnotes":""},"class_list":["post-2258","page","type-page","status-publish","hentry"],"_links":{"self":[{"href":"https:\/\/www.eurokolikonmaailma.fi\/index.php?rest_route=\/wp\/v2\/pages\/2258","targetHints":{"allow":["GET"]}}],"collection":[{"href":"https:\/\/www.eurokolikonmaailma.fi\/index.php?rest_route=\/wp\/v2\/pages"}],"about":[{"href":"https:\/\/www.eurokolikonmaailma.fi\/index.php?rest_route=\/wp\/v2\/types\/page"}],"author":[{"embeddable":true,"href":"https:\/\/www.eurokolikonmaailma.fi\/index.php?rest_route=\/wp\/v2\/users\/1"}],"replies":[{"embeddable":true,"href":"https:\/\/www.eurokolikonmaailma.fi\/index.php?rest_route=%2Fwp%2Fv2%2Fcomments&post=2258"}],"version-history":[{"count":5,"href":"https:\/\/www.eurokolikonmaailma.fi\/index.php?rest_route=\/wp\/v2\/pages\/2258\/revisions"}],"predecessor-version":[{"id":5112,"href":"https:\/\/www.eurokolikonmaailma.fi\/index.php?rest_route=\/wp\/v2\/pages\/2258\/revisions\/5112"}],"up":[{"embeddable":true,"href":"https:\/\/www.eurokolikonmaailma.fi\/index.php?rest_route=\/wp\/v2\/pages\/4998"}],"wp:attachment":[{"href":"https:\/\/www.eurokolikonmaailma.fi\/index.php?rest_route=%2Fwp%2Fv2%2Fmedia&parent=2258"}],"curies":[{"name":"wp","href":"https:\/\/api.w.org\/{rel}","templated":true}]}}