{"id":2163,"date":"2012-08-03T14:24:31","date_gmt":"2012-08-03T11:24:31","guid":{"rendered":"http:\/\/www.eurokolikonmaailma.fi\/blogi\/?page_id=2163"},"modified":"2023-07-29T22:18:23","modified_gmt":"2023-07-29T19:18:23","slug":"sdcc-2012-special","status":"publish","type":"page","link":"https:\/\/www.eurokolikonmaailma.fi\/?page_id=2163","title":{"rendered":"SDCC 2012 Special"},"content":{"rendered":"<h1>Masters of the Universe #1<br \/>\n&#8211; The Lost knight<\/h1>\n<h1>He-Man and the Masters of the Universe #1<br \/>\n&#8211; The Seeker<\/h1>\n<p><a href=\"http:\/\/motu.eurokolikonmaailma.fi\/kuvat\/sarjis\/motucomiccoversdcc.jpg\" target=\"_blank\" rel=\"noopener\"><img loading=\"lazy\" decoding=\"async\" title=\"MOTU SDCC spesiaalikansi\" src=\"http:\/\/motu.eurokolikonmaailma.fi\/kuvat\/sarjis\/motucomiccoversdcc.jpg\" alt=\"\" width=\"322\" height=\"501\" \/><\/a><\/p>\n<p>T\u00e4m\u00e4 sarjakuvalehti oli ilmaistuote kaikille, jotka ostivat Vykronin SDCC 2012 messuilta. T\u00e4m\u00e4 lehti sis\u00e4lt\u00e4\u00e4 printtiversion <a href=\"https:\/\/www.eurokolikonmaailma.fi\/blogi\/?page_id=2131\">ensimm\u00e4isest\u00e4 &#8221;Masters of the Universe&#8221; digisarjiksesta<\/a> sek\u00e4 <a href=\"https:\/\/www.eurokolikonmaailma.fi\/blogi\/?page_id=2101\">ensimm\u00e4isen numeron &#8221;He-Man and the Masters of the Universe&#8221; minisarjasta<\/a>.<\/p>\n<p>Julkaisuaika: 11. hein\u00e4kuuta 2012<\/p>\n<p><strong>Tekij\u00e4t (<\/strong>Masters of the Universe #1<strong>)<\/strong><\/p>\n<p><strong>Tarina:<\/strong>\u00a0Geoff Johns<br \/>\n<strong>Kuvitus:<\/strong>\u00a0Howard Porter<br \/>\n<strong>Tussaus:<\/strong>\u00a0John Livesay<br \/>\n<strong>V\u00e4rit:<\/strong>\u00a0Carrie Strachan<br \/>\n<strong>Tekstitt\u00e4j\u00e4:<\/strong>\u00a0Sal Cipriano<br \/>\n<strong>Toimittaja:<\/strong>\u00a0Kwanza Johnson<br \/>\n<strong>Aputoimittaja:<\/strong>\u00a0Sarah Litt<br \/>\n<strong>Kansi:<\/strong>\u00a0Howard Porter &amp; John Livesay<\/p>\n<p><strong>Tekij\u00e4t (<\/strong>He-Man and the Masters of the Universe #1<strong>)<\/strong><\/p>\n<p><strong>Tarina:<\/strong>\u00a0James Robinson<br \/>\n<strong>Kuvitus:<\/strong>\u00a0Philip Tan<br \/>\n<strong>Tussaus:<\/strong>\u00a0Ruy Jose (1, 4-15, 17-19), LaBeu Underwood (2-3, 16, 20)<br \/>\n<strong>V\u00e4rit:<\/strong>\u00a0Richard &amp; Tanya Horie (1-12, 14-15, 17-18, 20), Carrie Strachan (13, 16, 19)<br \/>\n<strong>Tekstitt\u00e4j\u00e4:<\/strong>\u00a0Carlos M. Mangual<br \/>\n<strong>Toimittaja:<\/strong>\u00a0Kwanza Johnson<br \/>\n<strong>Aputoimittaja:<\/strong>\u00a0Sarah Litt<br \/>\n<strong>Kansi:<\/strong>\u00a0Philip Tan &amp; Dave Wilkins<\/p>\n","protected":false},"excerpt":{"rendered":"<p>Masters of the Universe #1 &#8211; The Lost knight He-Man and the Masters of the Universe #1 &#8211; The Seeker T\u00e4m\u00e4 sarjakuvalehti oli ilmaistuote kaikille, jotka ostivat Vykronin SDCC 2012 messuilta. T\u00e4m\u00e4 lehti sis\u00e4lt\u00e4\u00e4 printtiversion ensimm\u00e4isest\u00e4 &#8221;Masters of the Universe&#8221; &hellip; <a href=\"https:\/\/www.eurokolikonmaailma.fi\/?page_id=2163\">Lue loppuun <span class=\"meta-nav\">&rarr;<\/span><\/a><\/p>\n","protected":false},"author":1,"featured_media":0,"parent":5000,"menu_order":0,"comment_status":"open","ping_status":"closed","template":"","meta":{"footnotes":""},"class_list":["post-2163","page","type-page","status-publish","hentry"],"_links":{"self":[{"href":"https:\/\/www.eurokolikonmaailma.fi\/index.php?rest_route=\/wp\/v2\/pages\/2163","targetHints":{"allow":["GET"]}}],"collection":[{"href":"https:\/\/www.eurokolikonmaailma.fi\/index.php?rest_route=\/wp\/v2\/pages"}],"about":[{"href":"https:\/\/www.eurokolikonmaailma.fi\/index.php?rest_route=\/wp\/v2\/types\/page"}],"author":[{"embeddable":true,"href":"https:\/\/www.eurokolikonmaailma.fi\/index.php?rest_route=\/wp\/v2\/users\/1"}],"replies":[{"embeddable":true,"href":"https:\/\/www.eurokolikonmaailma.fi\/index.php?rest_route=%2Fwp%2Fv2%2Fcomments&post=2163"}],"version-history":[{"count":3,"href":"https:\/\/www.eurokolikonmaailma.fi\/index.php?rest_route=\/wp\/v2\/pages\/2163\/revisions"}],"predecessor-version":[{"id":5070,"href":"https:\/\/www.eurokolikonmaailma.fi\/index.php?rest_route=\/wp\/v2\/pages\/2163\/revisions\/5070"}],"up":[{"embeddable":true,"href":"https:\/\/www.eurokolikonmaailma.fi\/index.php?rest_route=\/wp\/v2\/pages\/5000"}],"wp:attachment":[{"href":"https:\/\/www.eurokolikonmaailma.fi\/index.php?rest_route=%2Fwp%2Fv2%2Fmedia&parent=2163"}],"curies":[{"name":"wp","href":"https:\/\/api.w.org\/{rel}","templated":true}]}}