{"id":2065,"date":"2012-06-20T22:36:48","date_gmt":"2012-06-20T19:36:48","guid":{"rendered":"http:\/\/www.eurokolikonmaailma.fi\/blogi\/?page_id=2065"},"modified":"2023-08-04T23:43:09","modified_gmt":"2023-08-04T20:43:09","slug":"vhs-he-man-and-the-masters-of-the-universe","status":"publish","type":"page","link":"https:\/\/www.eurokolikonmaailma.fi\/?page_id=2065","title":{"rendered":"VHS: He-Man and the Masters of the Universe"},"content":{"rendered":"<p><img loading=\"lazy\" decoding=\"async\" src=\"http:\/\/motu.eurokolikonmaailma.fi\/kuvat\/video\/hmatmotu_logo.jpg\" alt=\"\" width=\"76\" height=\"47\" \/><img loading=\"lazy\" decoding=\"async\" src=\"http:\/\/motu.eurokolikonmaailma.fi\/kuvat\/video\/vhs_logo.jpg\" alt=\"\" width=\"91\" height=\"46\" \/>\u00a0<img loading=\"lazy\" decoding=\"async\" src=\"http:\/\/motu.eurokolikonmaailma.fi\/kuvat\/video\/sallittu.jpg\" alt=\"\" width=\"56\" height=\"44\" \/><\/p>\n<h1>He-Man and the Masters of the Universe<\/h1>\n<p><a href=\"http:\/\/motu.eurokolikonmaailma.fi\/kuvat\/video\/hmotu_blue_rightspine.jpg\" target=\"_blank\" rel=\"noopener\"><img loading=\"lazy\" decoding=\"async\" title=\"kasettikotelon oikeanpuoleinen p\u00e4\u00e4ty\" src=\"http:\/\/motu.eurokolikonmaailma.fi\/kuvat\/video\/hmotu_blue_rightspine.jpg\" alt=\"\" width=\"48\" height=\"354\" \/><\/a><a href=\"http:\/\/motu.eurokolikonmaailma.fi\/kuvat\/video\/hmotu_blue_back.jpg\" target=\"_blank\" rel=\"noopener\"><img loading=\"lazy\" decoding=\"async\" title=\"kasettikkotelon takakansi\" src=\"http:\/\/motu.eurokolikonmaailma.fi\/kuvat\/video\/hmotu_blue_back.jpg\" alt=\"\" width=\"206\" height=\"354\" \/><\/a><a href=\"http:\/\/motu.eurokolikonmaailma.fi\/kuvat\/video\/hmotu_blue_leftspine.jpg\" target=\"_blank\" rel=\"noopener\"><img loading=\"lazy\" decoding=\"async\" title=\"kasettikotelon vasemmanpuoleinen p\u00e4\u00e4ty\" src=\"http:\/\/motu.eurokolikonmaailma.fi\/kuvat\/video\/hmotu_blue_leftspine.jpg\" alt=\"\" width=\"50\" height=\"354\" \/><\/a><a href=\"http:\/\/motu.eurokolikonmaailma.fi\/kuvat\/video\/hmotu_blue_front.jpg\" target=\"_blank\" rel=\"noopener\"><img loading=\"lazy\" decoding=\"async\" title=\"Kasettikotelon etukansi\" src=\"http:\/\/motu.eurokolikonmaailma.fi\/kuvat\/video\/hmotu_blue_front.jpg\" alt=\"\" width=\"206\" height=\"354\" \/><\/a><\/p>\n<blockquote><p>Uusi fantastinen science-fiction filmi. El\u00e4m\u00e4niloinen prinssi Adam, kosmisen kuningaskunnan ETERNIAN kruununperij\u00e4, pystyy muuttamaan muotoaan vaaran uhatessa ETERNIAA. H\u00e4nest\u00e4 tulee HE-MAN, universumin vahvin ja rohkein mies. H\u00e4nen apureinaan ovat mm. kaunis henkivartija TEELA, kuninkaallisen armeijan johtaja MAN-AT-ARMS, kummallinen ihmeolento ORKO sek\u00e4 salaper\u00e4inen jumalatar SORCERESS. HE-MANIN raaka vastustaja SKELETOR on pahuuden henkil\u00f6itym\u00e4, joka hivi\u00f6ineen ja ilke\u00e4mielisine ja rikollisine mielikuvituksineen on ainainen uhka ETERNIALLE.<\/p>\n<p>Filmin ensimm\u00e4isess\u00e4 jaksossa SKELETOR l\u00f6yt\u00e4\u00e4 satumaisen timantin, jonka maagiset s\u00e4teet saavat kaiken katoamaan. Vaarallinen ase t\u00e4m\u00e4n paholaisen k\u00e4dess\u00e4! HE-MAN uskollisine yst\u00e4vineen tuhoaa timantin pelastaakseen ETERNIAN&#8230;<br \/>\nSeuraavassa tarinassa TEELA haluaa saada selville syntyper\u00e4ns\u00e4 ja l\u00e4htee vaaralliselle matkalle Kristallimeren oraakkelin luokse. Mutta h\u00e4n joutuu SKELETORIN k\u00e4tyrin MER-MANIN ja h\u00e4nen hirvi\u00f6idens\u00e4 vangiksi. Onneksi HE-MAN ja h\u00e4nen taistelukissansa CRINGER ovat l\u00e4hist\u00f6ll\u00e4.<\/p><\/blockquote>\n<h2>Tiedot:<\/h2>\n<p>* Kesto: n. 40 minuuttia<br \/>\n* Ik\u00e4raja: sallittu (S\/T)<br \/>\n&#8211; sopii yleisesti kaikenik\u00e4isille<br \/>\n* Valmistumisvuosi: 1983 (VHS 1984)<br \/>\n*\u00a0\u00c4\u00e4ni: mono<br \/>\n* Tekstitys: Suomenkielinen teksti<br \/>\n* Kuvakoko: 4:3<br \/>\n*\u00a01 VHS<br \/>\n* Julkaisija: Select Video<\/p>\n<p>&#8211; Kasetin sis\u00e4lt\u00e4m\u00e4t jaksot: &#8221;Diamond Ray of Disappearance&#8221; &amp; &#8221;Teela&#8217;s Quest&#8221;<\/p>\n","protected":false},"excerpt":{"rendered":"<p>\u00a0 He-Man and the Masters of the Universe Uusi fantastinen science-fiction filmi. El\u00e4m\u00e4niloinen prinssi Adam, kosmisen kuningaskunnan ETERNIAN kruununperij\u00e4, pystyy muuttamaan muotoaan vaaran uhatessa ETERNIAA. H\u00e4nest\u00e4 tulee HE-MAN, universumin vahvin ja rohkein mies. H\u00e4nen apureinaan ovat mm. kaunis henkivartija TEELA, &hellip; <a href=\"https:\/\/www.eurokolikonmaailma.fi\/?page_id=2065\">Lue loppuun <span class=\"meta-nav\">&rarr;<\/span><\/a><\/p>\n","protected":false},"author":1,"featured_media":0,"parent":962,"menu_order":0,"comment_status":"open","ping_status":"open","template":"","meta":{"footnotes":""},"class_list":["post-2065","page","type-page","status-publish","hentry"],"_links":{"self":[{"href":"https:\/\/www.eurokolikonmaailma.fi\/index.php?rest_route=\/wp\/v2\/pages\/2065","targetHints":{"allow":["GET"]}}],"collection":[{"href":"https:\/\/www.eurokolikonmaailma.fi\/index.php?rest_route=\/wp\/v2\/pages"}],"about":[{"href":"https:\/\/www.eurokolikonmaailma.fi\/index.php?rest_route=\/wp\/v2\/types\/page"}],"author":[{"embeddable":true,"href":"https:\/\/www.eurokolikonmaailma.fi\/index.php?rest_route=\/wp\/v2\/users\/1"}],"replies":[{"embeddable":true,"href":"https:\/\/www.eurokolikonmaailma.fi\/index.php?rest_route=%2Fwp%2Fv2%2Fcomments&post=2065"}],"version-history":[{"count":6,"href":"https:\/\/www.eurokolikonmaailma.fi\/index.php?rest_route=\/wp\/v2\/pages\/2065\/revisions"}],"predecessor-version":[{"id":5178,"href":"https:\/\/www.eurokolikonmaailma.fi\/index.php?rest_route=\/wp\/v2\/pages\/2065\/revisions\/5178"}],"up":[{"embeddable":true,"href":"https:\/\/www.eurokolikonmaailma.fi\/index.php?rest_route=\/wp\/v2\/pages\/962"}],"wp:attachment":[{"href":"https:\/\/www.eurokolikonmaailma.fi\/index.php?rest_route=%2Fwp%2Fv2%2Fmedia&parent=2065"}],"curies":[{"name":"wp","href":"https:\/\/api.w.org\/{rel}","templated":true}]}}