{"id":2060,"date":"2012-06-13T18:18:52","date_gmt":"2012-06-13T15:18:52","guid":{"rendered":"http:\/\/www.eurokolikonmaailma.fi\/blogi\/?page_id=2060"},"modified":"2023-08-04T23:50:36","modified_gmt":"2023-08-04T20:50:36","slug":"vhs-she-ra-1","status":"publish","type":"page","link":"https:\/\/www.eurokolikonmaailma.fi\/?page_id=2060","title":{"rendered":"VHS: She-Ra, 1"},"content":{"rendered":"<p><img loading=\"lazy\" decoding=\"async\" src=\"http:\/\/motu.eurokolikonmaailma.fi\/kuvat\/video\/she_ra_logo.jpg\" alt=\"\" width=\"90\" height=\"47\" border=\"0\" \/><img loading=\"lazy\" decoding=\"async\" src=\"http:\/\/motu.eurokolikonmaailma.fi\/kuvat\/video\/vhs_logo.jpg\" alt=\"\" width=\"91\" height=\"46\" \/>\u00a0<img loading=\"lazy\" decoding=\"async\" src=\"http:\/\/motu.eurokolikonmaailma.fi\/kuvat\/video\/sallittu.jpg\" alt=\"\" width=\"56\" height=\"44\" \/><\/p>\n<h1>She-Ra mahdin prinsessa &#8211; He-Manin kaksoissisar, 1<\/h1>\n<p><a href=\"http:\/\/motu.eurokolikonmaailma.fi\/kuvat\/video\/shera_vol1_fin_back.jpg\" target=\"_blank\" rel=\"noopener\"><img loading=\"lazy\" decoding=\"async\" title=\"She-Ra VHS 1 takakansi\" src=\"http:\/\/motu.eurokolikonmaailma.fi\/kuvat\/video\/shera_vol1_fin_back.jpg\" alt=\"\" width=\"198\" height=\"338\" \/><\/a><a href=\"http:\/\/motu.eurokolikonmaailma.fi\/kuvat\/video\/shera_vol1_fin_spine.jpg\" target=\"_blank\" rel=\"noopener\"><img loading=\"lazy\" decoding=\"async\" title=\"She-Ra VHS 1 selk\u00e4mys\" src=\"http:\/\/motu.eurokolikonmaailma.fi\/kuvat\/video\/shera_vol1_fin_spine.jpg\" alt=\"\" width=\"54\" height=\"338\" \/><\/a><a href=\"http:\/\/motu.eurokolikonmaailma.fi\/kuvat\/video\/shera_vol1_fin_front.jpg\" target=\"_blank\" rel=\"noopener\"><img loading=\"lazy\" decoding=\"async\" title=\"She-Ra VHS 1 etukansi\" src=\"http:\/\/motu.eurokolikonmaailma.fi\/kuvat\/video\/shera_vol1_fin_front.jpg\" alt=\"\" width=\"202\" height=\"338\" \/><\/a><\/p>\n<blockquote><p><strong>KUKKIEN P\u00c4IV\u00c4 (Day Of The Flowers)<\/strong><\/p>\n<p>SHE-RA ja HE-MAN joutuvat taisteluun ETHERIAN ilke\u00e4n hallitsijan HORDACIN kanssa. HORDACIN monstroidit ovat viem\u00e4ss\u00e4 kaikkia miehi\u00e4 ja poikia nucleon-kaivoksille pakkoty\u00f6h\u00f6n. Taikavoimia omaava veijari ORCO on kuitenkin vahingossa taikonut SHE-RAN ja HE-MANIN taikamiekat n\u00e4kym\u00e4tt\u00f6miin.<\/p>\n<p><strong>KENRAALIN PALUU (Return Of The General)<\/strong><\/p>\n<p>HORDAC jatkaa taisteluaan kapinallisten alistamiseksi. Apuun tarvitaan HORDACIN joukoissa aikaisemmin taistellut kenraali SAUNDER, jonka perheen HORDACIN robotit ovat kidnapanneet.<\/p><\/blockquote>\n<h2>Tiedot:<\/h2>\n<p>* Kesto: n. 45 minuuttia<br \/>\n* Ik\u00e4raja: sallittu (S\/T) &#8211; I-02496<br \/>\n&#8211; sopii yleisesti kaikenik\u00e4isille<br \/>\n* Valmistumisvuosi: 1985 (VHS 1990)<br \/>\n*\u00a0\u00c4\u00e4ni: mono<br \/>\n* \u00c4\u00e4ni: Suomenkielinen teksti<br \/>\n* Kuvakoko: 4:3<br \/>\n*\u00a01 VHS<br \/>\n* Julkaisija: Oy Octagon Invest Ab<\/p>\n","protected":false},"excerpt":{"rendered":"<p>\u00a0 She-Ra mahdin prinsessa &#8211; He-Manin kaksoissisar, 1 KUKKIEN P\u00c4IV\u00c4 (Day Of The Flowers) SHE-RA ja HE-MAN joutuvat taisteluun ETHERIAN ilke\u00e4n hallitsijan HORDACIN kanssa. HORDACIN monstroidit ovat viem\u00e4ss\u00e4 kaikkia miehi\u00e4 ja poikia nucleon-kaivoksille pakkoty\u00f6h\u00f6n. Taikavoimia omaava veijari ORCO on kuitenkin &hellip; <a href=\"https:\/\/www.eurokolikonmaailma.fi\/?page_id=2060\">Lue loppuun <span class=\"meta-nav\">&rarr;<\/span><\/a><\/p>\n","protected":false},"author":1,"featured_media":0,"parent":962,"menu_order":0,"comment_status":"open","ping_status":"open","template":"","meta":{"footnotes":""},"class_list":["post-2060","page","type-page","status-publish","hentry"],"_links":{"self":[{"href":"https:\/\/www.eurokolikonmaailma.fi\/index.php?rest_route=\/wp\/v2\/pages\/2060","targetHints":{"allow":["GET"]}}],"collection":[{"href":"https:\/\/www.eurokolikonmaailma.fi\/index.php?rest_route=\/wp\/v2\/pages"}],"about":[{"href":"https:\/\/www.eurokolikonmaailma.fi\/index.php?rest_route=\/wp\/v2\/types\/page"}],"author":[{"embeddable":true,"href":"https:\/\/www.eurokolikonmaailma.fi\/index.php?rest_route=\/wp\/v2\/users\/1"}],"replies":[{"embeddable":true,"href":"https:\/\/www.eurokolikonmaailma.fi\/index.php?rest_route=%2Fwp%2Fv2%2Fcomments&post=2060"}],"version-history":[{"count":4,"href":"https:\/\/www.eurokolikonmaailma.fi\/index.php?rest_route=\/wp\/v2\/pages\/2060\/revisions"}],"predecessor-version":[{"id":5186,"href":"https:\/\/www.eurokolikonmaailma.fi\/index.php?rest_route=\/wp\/v2\/pages\/2060\/revisions\/5186"}],"up":[{"embeddable":true,"href":"https:\/\/www.eurokolikonmaailma.fi\/index.php?rest_route=\/wp\/v2\/pages\/962"}],"wp:attachment":[{"href":"https:\/\/www.eurokolikonmaailma.fi\/index.php?rest_route=%2Fwp%2Fv2%2Fmedia&parent=2060"}],"curies":[{"name":"wp","href":"https:\/\/api.w.org\/{rel}","templated":true}]}}