{"id":1839,"date":"2012-04-19T23:00:13","date_gmt":"2012-04-19T20:00:13","guid":{"rendered":"http:\/\/www.eurokolikonmaailma.fi\/blogi\/?page_id=1839"},"modified":"2025-05-30T13:22:04","modified_gmt":"2025-05-30T10:22:04","slug":"mer-man","status":"publish","type":"page","link":"https:\/\/www.eurokolikonmaailma.fi\/?page_id=1839","title":{"rendered":"Mer-Man"},"content":{"rendered":"<p><img loading=\"lazy\" decoding=\"async\" src=\"http:\/\/motu.eurokolikonmaailma.fi\/kuvat\/Mer-Man\/motuc.1.jpg\" alt=\"\" width=\"118\" height=\"47\" border=\"0\" \/><br \/>\nTuotekoodi: P4010<\/p>\n<h1><span style=\"font-size: xx-large;\">Mer-Man<br \/>\n&#8211; Ocean Warlord<\/span><\/h1>\n<p><a href=\"http:\/\/motu.eurokolikonmaailma.fi\/kuvat\/Mer-Man\/merman_box_front.jpg\" target=\"_blank\" rel=\"noopener\"><img loading=\"lazy\" decoding=\"async\" title=\"Mer-Man pakkaus edest\u00e4\" src=\"http:\/\/motu.eurokolikonmaailma.fi\/kuvat\/Mer-Man\/merman_box_front.jpg\" alt=\"\" width=\"222\" height=\"336\" \/><\/a>\u00a0 \u00a0 \u00a0<a href=\"http:\/\/motu.eurokolikonmaailma.fi\/kuvat\/Mer-Man\/merman_cb.jpg\" target=\"_blank\" rel=\"noopener\"><img loading=\"lazy\" decoding=\"async\" title=\"Mer-Man pakkaus takaa\" src=\"http:\/\/motu.eurokolikonmaailma.fi\/kuvat\/Mer-Man\/merman_cb.jpg\" alt=\"\" width=\"239\" height=\"336\" \/><\/a><\/p>\n<p>Stratoksen odotettua nopeamman loppuun myynnin vuoksi Mattel p\u00e4\u00e4tti nostaa Mer-Manin tuotantom\u00e4\u00e4r\u00e4\u00e4, mutta kaikki nostetun tuotantom\u00e4\u00e4r\u00e4n mukaiset Mer-Manit eiv\u00e4t ehtineet valmistua Mer-Manin hutikuun myyntip\u00e4iv\u00e4ksi, joten Mattel julkaisi Mer-Manin kahdessa er\u00e4ss\u00e4. 1. er\u00e4 tuli myyntiin varsinaisena myyntip\u00e4iv\u00e4n\u00e4 15.4.2009 ja 2. er\u00e4 kaksi viikkoa my\u00f6hemmin 29.4.2009. Mer-Manin 1. myyntier\u00e4n myynti ei sujunut ongelmitta, suurimpana ongelmana Mattycollector-sivustolla ollut bugi, joka esti Mer-Manin tilauksen Yhdysvaltain ulkopuolisista IP-osoitteista.<\/p>\n<p><strong>Oikea nimi:<\/strong>\u00a0Squdish Rex\u2122<\/p>\n<p><em><span style=\"text-decoration: underline;\">Alkuper\u00e4inen teksti (1. julkaisuversio):<\/span><\/em><br \/>\nRuler of the undersea realms of\u00a0Eternia\u00ae,\u00a0Mer-Man\u00ae\u00a0was forced to serve in the armies of\u00a0Skeletor\u00ae\u00a0after his kingdom was destroyed in a battle with rival ocean clans. His allegiance with\u00a0Skeletor\u00ae\u00a0brings him to the surface world more often then he would like. Lurking deep beneath the Sea of Rakash\u2122,\u00a0Mer-Man\u00ae\u00a0awaits the evil call to arms of Skeletor\u00ae!<\/p>\n<p><em>Eternian merenpinnan alaisten valtakuntien hallitsija, Mer-Man pakotettiin palvelemaan Skeletorin armeijassa, sen j\u00e4lkeen kun h\u00e4nen kuningaskuntansa oli tuhoutunut taistelussa kilpailevien valtameriklaanien kanssa. H\u00e4nen uskollisuustensa Skeletoria kanssa tuo h\u00e4net pinnan p\u00e4\u00e4lliseen maailmaan useammin kuin h\u00e4n haluaisi. Syv\u00e4ll\u00e4 Rakash meren pinnan alla v\u00e4ijyen Mer-Man odottaa Skeletorin taistelukutsua.<\/em><\/p>\n<p><span style=\"text-decoration: underline;\"><em>Uudelleen julkaisuversion teksti:<\/em><\/span><br \/>\nRuler of the undersea realms of Eternia\u00ae, Mer-Man\u00ae was forced to serve in the armies of Skeletor\u00ae after his kingdom was destroyed in a battle with rival ocean clans. His allegiance with Skeletor\u00ae brings him to the surface world more often then he would like. Cowardly on land, Mer-Man\u00ae prefers to stay in the murky waters of the Sea of Rakash\u2122, awaiting the evil call of Skeletor\u00ae.<\/p>\n<p><em>Eternian merenpinnan alaisten valtakuntien hallitsija, Mer-Man pakotettiin palvelemaan Skeletorin armeijassa, sen j\u00e4lkeen kun h\u00e4nen kuningaskuntansa oli tuhoutunut taistelussa kilpailevien valtameriklaanien kanssa. H\u00e4nen uskollisuustensa Skeletoria kanssa tuo h\u00e4net pinnan p\u00e4\u00e4lliseen maailmaan useammin kuin h\u00e4n haluaisi. Kuivalla maalla pelokas Mer-Man haluaa mieluiten pysytell\u00e4 Raksh-meren synkiss\u00e4 vesiss\u00e4 odottaen Skeletorin ilke\u00e4\u00e4 kutsua.<\/em><\/p>\n<p><strong><span style=\"text-decoration: underline;\">Mukana tulevat varusteet:<\/span><\/strong><br \/>\n* atrain<br \/>\n* korallimiekka<br \/>\n* extrap\u00e4\u00e4<br \/>\n* irrotettava haarniska<\/p>\n<p><strong>Loppuunmyynti aika (1. myyntier\u00e4):<\/strong>\u00a054 min<br \/>\n<strong>Loppuunmyynti aika (2. myyntier\u00e4):<\/strong>\u00a050 min<br \/>\n<strong>Loppuunmyynti aika (uudelleen julkaisu):\u00a0<\/strong>6 p\u00e4iv\u00e4\u00e4 21 tuntia 20 minuuttia<\/p>\n<p><strong>Oman hahmon saapumiseen kulunut aika (1. julkaisuversio):\u00a0<\/strong>21 p\u00e4iv\u00e4\u00e4 (15 arkip\u00e4iv\u00e4\u00e4)<br \/>\n<strong>Oman hahmon saapumiseen kulunut aika (uudelleen julkaisu):\u00a0<\/strong>8<strong>\u00a0<\/strong>p\u00e4iv\u00e4\u00e4 (6 arkip\u00e4iv\u00e4\u00e4)<\/p>\n<p><em><strong>Hahmokuvat on otettu uudelleen julkaisuversiosta.<\/strong><\/em><\/p>\n<h2>L\u00e4hikuvat<\/h2>\n<p><a href=\"http:\/\/motu.eurokolikonmaailma.fi\/kuvat\/Mer-Man\/mer_man_closeup_cardback.jpg\" target=\"_blank\" rel=\"noopener\"><img loading=\"lazy\" decoding=\"async\" title=\"Mer-Man l\u00e4hikuva 1\" src=\"http:\/\/motu.eurokolikonmaailma.fi\/kuvat\/Mer-Man\/mer_man_closeup_cardback.jpg\" alt=\"\" width=\"301\" height=\"320\" \/><\/a><a href=\"http:\/\/motu.eurokolikonmaailma.fi\/kuvat\/Mer-Man\/mer_man_closeup_vintage.jpg\" target=\"_blank\" rel=\"noopener\"><img loading=\"lazy\" decoding=\"async\" title=\"Mer-Man l\u00e4hikuva 2\" src=\"http:\/\/motu.eurokolikonmaailma.fi\/kuvat\/Mer-Man\/mer_man_closeup_vintage.jpg\" alt=\"\" width=\"293\" height=\"292\" \/><\/a><\/p>\n<h2>Kokovartalokuvat<\/h2>\n<p><a href=\"http:\/\/motu.eurokolikonmaailma.fi\/kuvat\/Mer-Man\/mer_man_profile.jpg\" target=\"_blank\" rel=\"noopener\"><img loading=\"lazy\" decoding=\"async\" title=\"Mer-Man aseistettuna\" src=\"http:\/\/motu.eurokolikonmaailma.fi\/kuvat\/Mer-Man\/mer_man_profile.jpg\" alt=\"\" width=\"329\" height=\"486\" \/><\/a><\/p>\n<p><a href=\"http:\/\/motu.eurokolikonmaailma.fi\/kuvat\/Mer-Man\/mer_man_front_armor.jpg\" target=\"_blank\" rel=\"noopener\"><img loading=\"lazy\" decoding=\"async\" title=\"Mer-Man edest\u00e4\" src=\"http:\/\/motu.eurokolikonmaailma.fi\/kuvat\/Mer-Man\/mer_man_front_armor.jpg\" alt=\"\" width=\"279\" height=\"486\" \/><\/a><a href=\"http:\/\/motu.eurokolikonmaailma.fi\/kuvat\/Mer-Man\/mer_man_back_armor.jpg\" target=\"_blank\" rel=\"noopener\"><img loading=\"lazy\" decoding=\"async\" title=\"Mer-Man takaa\" src=\"http:\/\/motu.eurokolikonmaailma.fi\/kuvat\/Mer-Man\/mer_man_back_armor.jpg\" alt=\"\" width=\"271\" height=\"486\" \/><\/a><\/p>\n<p><a href=\"http:\/\/motu.eurokolikonmaailma.fi\/kuvat\/Mer-Man\/mer_man_front_no_armor.jpg\" target=\"_blank\" rel=\"noopener\"><img loading=\"lazy\" decoding=\"async\" title=\"Mer-Man edest\u00e4 ilman haarniskaa\" src=\"http:\/\/motu.eurokolikonmaailma.fi\/kuvat\/Mer-Man\/mer_man_front_no_armor.jpg\" alt=\"\" width=\"293\" height=\"486\" \/><\/a><a href=\"http:\/\/motu.eurokolikonmaailma.fi\/kuvat\/Mer-Man\/mer_man_back_no_armor.jpg\" target=\"_blank\" rel=\"noopener\"><img loading=\"lazy\" decoding=\"async\" title=\"Mer-Man takaa ilman haarniskaa\" src=\"http:\/\/motu.eurokolikonmaailma.fi\/kuvat\/Mer-Man\/mer_man_back_no_armor.jpg\" alt=\"\" width=\"268\" height=\"486\" \/><\/a><\/p>\n<h2>Varusteet<\/h2>\n<p><a href=\"http:\/\/motu.eurokolikonmaailma.fi\/kuvat\/Mer-Man\/mer_man_armor_front.jpg\" target=\"_blank\" rel=\"noopener\"><img loading=\"lazy\" decoding=\"async\" title=\"Mer-Man haarniska\" src=\"http:\/\/motu.eurokolikonmaailma.fi\/kuvat\/Mer-Man\/mer_man_armor_front.jpg\" alt=\"\" width=\"304\" height=\"324\" \/><\/a><a href=\"http:\/\/motu.eurokolikonmaailma.fi\/kuvat\/Mer-Man\/mer_man_armor_back.jpg\" target=\"_blank\" rel=\"noopener\"><img loading=\"lazy\" decoding=\"async\" title=\"Mer-Man haarniska takaa\" src=\"http:\/\/motu.eurokolikonmaailma.fi\/kuvat\/Mer-Man\/mer_man_armor_back.jpg\" alt=\"\" width=\"282\" height=\"320\" \/><\/a><a href=\"http:\/\/motu.eurokolikonmaailma.fi\/kuvat\/Mer-Man\/mer_man_trident.jpg\" target=\"_blank\" rel=\"noopener\"><img loading=\"lazy\" decoding=\"async\" title=\"Mer-Man sauva\" src=\"http:\/\/motu.eurokolikonmaailma.fi\/kuvat\/Mer-Man\/mer_man_trident.jpg\" alt=\"\" width=\"540\" height=\"130\" \/><\/a><a href=\"http:\/\/motu.eurokolikonmaailma.fi\/kuvat\/Mer-Man\/mer_man_sword.jpg\" target=\"_blank\" rel=\"noopener\"><img loading=\"lazy\" decoding=\"async\" title=\"Mer-Man miekka\" src=\"http:\/\/motu.eurokolikonmaailma.fi\/kuvat\/Mer-Man\/mer_man_sword.jpg\" alt=\"\" width=\"396\" height=\"104\" \/><\/a><\/p>\n<h2>Videoesittelyni hahmosta:<\/h2>\n<p><strong>Suomi<\/strong><\/p>\n<p><em>Osa 1<br \/>\n<\/em><\/p>\n<p><iframe loading=\"lazy\" title=\"Masters of the Universe Classics Mer-Man 1\/3 (Finnish)\" width=\"640\" height=\"360\" src=\"https:\/\/www.youtube.com\/embed\/BEV0yOC_leQ?feature=oembed\" frameborder=\"0\" allow=\"accelerometer; autoplay; clipboard-write; encrypted-media; gyroscope; picture-in-picture; web-share\" referrerpolicy=\"strict-origin-when-cross-origin\" allowfullscreen><\/iframe><\/p>\n<p><em>Osa 2<br \/>\n<\/em><\/p>\n<p><iframe loading=\"lazy\" title=\"Masters of the Universe Classics Mer-Man 2\/3 (Finnish)\" width=\"640\" height=\"360\" src=\"https:\/\/www.youtube.com\/embed\/hLw3uFQKbPc?feature=oembed\" frameborder=\"0\" allow=\"accelerometer; autoplay; clipboard-write; encrypted-media; gyroscope; picture-in-picture; web-share\" referrerpolicy=\"strict-origin-when-cross-origin\" allowfullscreen><\/iframe><\/p>\n<p><em>Osa 3<br \/>\n<\/em><\/p>\n<p><iframe loading=\"lazy\" title=\"Masters of the Universe Classics Mer-Man 3\/3 (Finnish)\" width=\"640\" height=\"360\" src=\"https:\/\/www.youtube.com\/embed\/fYYE46FEuYQ?feature=oembed\" frameborder=\"0\" allow=\"accelerometer; autoplay; clipboard-write; encrypted-media; gyroscope; picture-in-picture; web-share\" referrerpolicy=\"strict-origin-when-cross-origin\" allowfullscreen><\/iframe><\/p>\n<p><strong>In English<\/strong><\/p>\n<p><em>Part 1<\/em><\/p>\n<p><iframe loading=\"lazy\" title=\"Masters of the Universe Classics Mer-Man 1\/2 (English)\" width=\"640\" height=\"360\" src=\"https:\/\/www.youtube.com\/embed\/O1jF-BvcBYA?feature=oembed\" frameborder=\"0\" allow=\"accelerometer; autoplay; clipboard-write; encrypted-media; gyroscope; picture-in-picture; web-share\" referrerpolicy=\"strict-origin-when-cross-origin\" allowfullscreen><\/iframe><\/p>\n<p><em>Part 2<\/em><\/p>\n<p><iframe loading=\"lazy\" title=\"Masters of the Universe Classics Mer-Man 2\/2 (English)\" width=\"640\" height=\"360\" src=\"https:\/\/www.youtube.com\/embed\/tq5fwA6HDis?feature=oembed\" frameborder=\"0\" allow=\"accelerometer; autoplay; clipboard-write; encrypted-media; gyroscope; picture-in-picture; web-share\" referrerpolicy=\"strict-origin-when-cross-origin\" allowfullscreen><\/iframe><\/p>\n","protected":false},"excerpt":{"rendered":"<p>Tuotekoodi: P4010 Mer-Man &#8211; Ocean Warlord \u00a0 \u00a0 \u00a0 Stratoksen odotettua nopeamman loppuun myynnin vuoksi Mattel p\u00e4\u00e4tti nostaa Mer-Manin tuotantom\u00e4\u00e4r\u00e4\u00e4, mutta kaikki nostetun tuotantom\u00e4\u00e4r\u00e4n mukaiset Mer-Manit eiv\u00e4t ehtineet valmistua Mer-Manin hutikuun myyntip\u00e4iv\u00e4ksi, joten Mattel julkaisi Mer-Manin kahdessa er\u00e4ss\u00e4. 1. er\u00e4 &hellip; <a href=\"https:\/\/www.eurokolikonmaailma.fi\/?page_id=1839\">Lue loppuun <span class=\"meta-nav\">&rarr;<\/span><\/a><\/p>\n","protected":false},"author":1,"featured_media":0,"parent":290,"menu_order":0,"comment_status":"open","ping_status":"open","template":"","meta":{"footnotes":""},"class_list":["post-1839","page","type-page","status-publish","hentry"],"_links":{"self":[{"href":"https:\/\/www.eurokolikonmaailma.fi\/index.php?rest_route=\/wp\/v2\/pages\/1839","targetHints":{"allow":["GET"]}}],"collection":[{"href":"https:\/\/www.eurokolikonmaailma.fi\/index.php?rest_route=\/wp\/v2\/pages"}],"about":[{"href":"https:\/\/www.eurokolikonmaailma.fi\/index.php?rest_route=\/wp\/v2\/types\/page"}],"author":[{"embeddable":true,"href":"https:\/\/www.eurokolikonmaailma.fi\/index.php?rest_route=\/wp\/v2\/users\/1"}],"replies":[{"embeddable":true,"href":"https:\/\/www.eurokolikonmaailma.fi\/index.php?rest_route=%2Fwp%2Fv2%2Fcomments&post=1839"}],"version-history":[{"count":6,"href":"https:\/\/www.eurokolikonmaailma.fi\/index.php?rest_route=\/wp\/v2\/pages\/1839\/revisions"}],"predecessor-version":[{"id":5605,"href":"https:\/\/www.eurokolikonmaailma.fi\/index.php?rest_route=\/wp\/v2\/pages\/1839\/revisions\/5605"}],"up":[{"embeddable":true,"href":"https:\/\/www.eurokolikonmaailma.fi\/index.php?rest_route=\/wp\/v2\/pages\/290"}],"wp:attachment":[{"href":"https:\/\/www.eurokolikonmaailma.fi\/index.php?rest_route=%2Fwp%2Fv2%2Fmedia&parent=1839"}],"curies":[{"name":"wp","href":"https:\/\/api.w.org\/{rel}","templated":true}]}}