{"id":1478,"date":"2012-03-23T17:54:49","date_gmt":"2012-03-23T15:54:49","guid":{"rendered":"http:\/\/www.eurokolikonmaailma.fi\/blogi\/?page_id=1478"},"modified":"2025-06-15T00:35:22","modified_gmt":"2025-06-14T21:35:22","slug":"2012-2","status":"publish","type":"page","link":"https:\/\/www.eurokolikonmaailma.fi\/?page_id=1478","title":{"rendered":"2012"},"content":{"rendered":"<h2>Itselt\u00e4ni l\u00f6ytyv\u00e4t vuonna 2012 julkaistut Masters of the universe Classics hahmot\/tuotteet<\/h2>\n<h3><strong>Perushahmot<\/strong><\/h3>\n<table style=\"border: 0px;\">\n<tbody>\n<tr>\n<td style=\"border: 0px;\"><a href=\"https:\/\/www.eurokolikonmaailma.fi\/blogi\/?page_id=2265\"><strong><img loading=\"lazy\" decoding=\"async\" class=\"aligncenter\" src=\"http:\/\/motu.eurokolikonmaailma.fi\/kuvat\/sorceress\/sorceress1.jpg\" alt=\"\" width=\"146\" height=\"151\" \/><\/strong><\/a><\/td>\n<td style=\"border: 0px;\"><a href=\"https:\/\/www.eurokolikonmaailma.fi\/blogi\/?page_id=2269\"><strong><img loading=\"lazy\" decoding=\"async\" class=\"aligncenter\" src=\"http:\/\/motu.eurokolikonmaailma.fi\/kuvat\/fisto\/W8902_fullsizeimage01.jpg\" alt=\"\" width=\"84\" height=\"151\" \/><\/strong><\/a><\/td>\n<td style=\"border: 0px;\"><a href=\"https:\/\/www.eurokolikonmaailma.fi\/blogi\/?page_id=2272\"><img loading=\"lazy\" decoding=\"async\" class=\"aligncenter\" src=\"http:\/\/motu.eurokolikonmaailma.fi\/kuvat\/Kobra_Khan\/w8908_fullsizeimage01.jpg\" alt=\"\" width=\"99\" height=\"151\" \/><\/a><\/td>\n<\/tr>\n<tr>\n<td style=\"border: 0px; text-align: center;\"><strong><span style=\"color: #008000;\">* The Sorceress<\/span><\/strong><\/td>\n<td style=\"border: 0px; text-align: center;\"><strong><span style=\"color: #008000;\">* Fisto<\/span><\/strong><\/td>\n<td style=\"border: 0px; text-align: center;\"><strong><span style=\"color: #ff0000;\">* Kobra Khan<\/span><\/strong><\/td>\n<\/tr>\n<tr>\n<td style=\"border: 0px; text-align: center;\"><\/td>\n<td style=\"border: 0px; text-align: center;\"><\/td>\n<td style=\"border: 0px; text-align: center;\"><\/td>\n<\/tr>\n<tr>\n<td style=\"border: 0px;\"><a href=\"https:\/\/www.eurokolikonmaailma.fi\/?page_id=2416\"><strong><img loading=\"lazy\" decoding=\"async\" class=\"aligncenter\" src=\"http:\/\/motu.eurokolikonmaailma.fi\/kuvat\/Stinkor\/stinkor.jpg\" alt=\"\" width=\"136\" height=\"151\" \/><\/strong><\/a><\/td>\n<td style=\"border: 0px;\"><a href=\"https:\/\/www.eurokolikonmaailma.fi\/?page_id=2421\"><img loading=\"lazy\" decoding=\"async\" class=\"aligncenter\" src=\"http:\/\/motu.eurokolikonmaailma.fi\/kuvat\/Slush-Head\/Slushhead.jpg\" alt=\"\" width=\"107\" height=\"150\" \/><\/a><\/td>\n<td style=\"border: 0px;\"><a href=\"https:\/\/www.eurokolikonmaailma.fi\/?page_id=2424\"><img loading=\"lazy\" decoding=\"async\" class=\"aligncenter\" src=\"http:\/\/motu.eurokolikonmaailma.fi\/kuvat\/Horde_Prime\/W8911_fullsizeimage03.jpg\" alt=\"\" width=\"108\" height=\"150\" \/><\/a><\/td>\n<\/tr>\n<tr>\n<td style=\"border: 0px; text-align: center;\"><strong><span style=\"color: #ff0000;\">* Stinkor<\/span><\/strong><\/td>\n<td style=\"border: 0px; text-align: center;\"><strong><span style=\"color: #ff0000;\">* Slush Head<\/span><\/strong><\/td>\n<td style=\"border: 0px; text-align: center;\"><strong><span style=\"color: #ff0000;\">* Horde Prime<\/span><\/strong><\/td>\n<\/tr>\n<tr>\n<td style=\"border: 0px; text-align: center;\"><\/td>\n<td style=\"border: 0px; text-align: center;\"><\/td>\n<td style=\"border: 0px; text-align: center;\"><\/td>\n<\/tr>\n<tr>\n<td style=\"border: 0px;\"><a href=\"https:\/\/www.eurokolikonmaailma.fi\/?page_id=2427\"><img loading=\"lazy\" decoding=\"async\" class=\"aligncenter\" src=\"http:\/\/motu.eurokolikonmaailma.fi\/kuvat\/Spikor\/W8917_fullsizeimage01.jpg\" alt=\"\" width=\"125\" height=\"150\" \/><\/a><\/td>\n<td style=\"border: 0px;\"><a href=\"https:\/\/www.eurokolikonmaailma.fi\/?page_id=2523\"><img loading=\"lazy\" decoding=\"async\" class=\"aligncenter\" src=\"http:\/\/motu.eurokolikonmaailma.fi\/kuvat\/Mekaneck\/W8909_fullsizeimage01.jpg\" alt=\"\" width=\"108\" height=\"150\" \/><\/a><\/td>\n<td style=\"border: 0px;\"><a href=\"https:\/\/www.eurokolikonmaailma.fi\/?page_id=2619\"><img loading=\"lazy\" decoding=\"async\" class=\"aligncenter\" style=\"-webkit-user-select: none;\" src=\"http:\/\/motu.eurokolikonmaailma.fi\/kuvat\/Frosta\/W8903_fullsizeimage01.jpg\" alt=\"\" width=\"96\" height=\"150\" \/><\/a><\/td>\n<\/tr>\n<tr>\n<td style=\"border: 0px; text-align: center;\"><strong><span style=\"color: #ff0000;\">* Spikor<\/span><\/strong><\/td>\n<td style=\"border: 0px; text-align: center;\"><strong><span style=\"color: #008000;\">* Mekaneck<\/span><\/strong><\/td>\n<td style=\"border: 0px; text-align: center;\"><strong><span style=\"color: #008000;\">* Frosta<\/span><\/strong><\/td>\n<\/tr>\n<tr>\n<td style=\"border: 0px; text-align: center;\"><\/td>\n<td style=\"border: 0px; text-align: center;\"><\/td>\n<td style=\"border: 0px; text-align: center;\"><\/td>\n<\/tr>\n<tr>\n<td style=\"border: 0px;\"><a href=\"https:\/\/www.eurokolikonmaailma.fi\/?page_id=2624\"><img loading=\"lazy\" decoding=\"async\" class=\"aligncenter\" style=\"-webkit-user-select: none;\" src=\"http:\/\/motu.eurokolikonmaailma.fi\/kuvat\/Rattlor\/Rattlor_fullsizeimage.jpg\" alt=\"\" width=\"111\" height=\"150\" \/><\/a><\/td>\n<td style=\"border: 0px;\"><a href=\"https:\/\/www.eurokolikonmaailma.fi\/?page_id=2651\"><img loading=\"lazy\" decoding=\"async\" class=\"aligncenter\" src=\"http:\/\/motu.eurokolikonmaailma.fi\/kuvat\/Dekker\/W8899_fullsizeimage01.jpg\" alt=\"\" width=\"91\" height=\"150\" \/><\/a><\/td>\n<td style=\"border: 0px;\"><img decoding=\"async\" class=\"aligncenter\" src=\"http:\/\/motu.eurokolikonmaailma.fi\/kuvat\/Mosquitor\/Y3184_fullsizeimage01.jpg\" alt=\"\" height=\"150\" \/><\/td>\n<\/tr>\n<tr>\n<td style=\"border: 0px; text-align: center;\"><strong><span style=\"color: #ff0000;\">* Rattlor<\/span><\/strong><\/td>\n<td style=\"border: 0px; text-align: center;\"><strong><span style=\"color: #008000;\">* Dekker<\/span><\/strong><\/td>\n<td style=\"border: 0px; text-align: center;\"><strong><span style=\"color: #ff0000;\">* Mosquitor<\/span><\/strong><\/td>\n<\/tr>\n<tr>\n<td style=\"border: 0px; text-align: center;\"><\/td>\n<td style=\"border: 0px; text-align: center;\"><\/td>\n<td style=\"border: 0px; text-align: center;\"><\/td>\n<\/tr>\n<\/tbody>\n<\/table>\n<h3><strong>Bonus- ja spesiaalihahmot<\/strong><\/h3>\n<table style=\"border: 0px;\">\n<tbody>\n<tr>\n<td style=\"border: 0px;\"><a href=\"https:\/\/www.eurokolikonmaailma.fi\/blogi\/?page_id=2279\"><img loading=\"lazy\" decoding=\"async\" class=\"aligncenter\" src=\"http:\/\/motu.eurokolikonmaailma.fi\/kuvat\/Star_sisters\/W8894_fullsizeimage06.jpg\" alt=\"\" width=\"221\" height=\"106\" \/><\/a><\/td>\n<td style=\"border: 0px;\"><a href=\"https:\/\/www.eurokolikonmaailma.fi\/blogi\/?page_id=1480\"><img loading=\"lazy\" decoding=\"async\" class=\"aligncenter\" src=\"http:\/\/motu.eurokolikonmaailma.fi\/kuvat\/fearless_photog\/FearlessPhotog_fullsizeimage03.jpg\" alt=\"\" width=\"82\" height=\"150\" \/><\/a><\/td>\n<td style=\"border: 0px;\"><a href=\"https:\/\/www.eurokolikonmaailma.fi\/blogi\/?page_id=1982\"><img loading=\"lazy\" decoding=\"async\" class=\"aligncenter\" src=\"http:\/\/motu.eurokolikonmaailma.fi\/kuvat\/Shadow_Weaver\/sw_main.jpg\" alt=\"\" width=\"70\" height=\"150\" \/><\/a><\/td>\n<\/tr>\n<tr>\n<td style=\"border: 0px; text-align: center;\"><strong><span style=\"color: #008000;\">* Star Sisters<\/span><\/strong><\/td>\n<td style=\"border: 0px; text-align: center;\"><strong><span style=\"color: #008000;\">Fearless Phoog\u00a0<\/span><\/strong><\/td>\n<td style=\"border: 0px; text-align: center;\"><strong><span style=\"color: #ff0000;\">Shadow Weaver<\/span><\/strong><\/td>\n<\/tr>\n<tr>\n<td style=\"border: 0px; text-align: center;\"><strong><span style=\"color: #008000;\">suurtuote (1. vuosinelj\u00e4nnes)<\/span><\/strong><\/td>\n<td style=\"border: 0px; text-align: center;\"><strong><span style=\"color: #008000;\">30-vuotishahmo 1\/6<\/span><\/strong><\/td>\n<td style=\"border: 0px; text-align: center;\"><span style=\"color: #ff0000;\"><strong>Club Eternia 2012 spesiaali<\/strong><\/span><\/td>\n<\/tr>\n<tr>\n<td style=\"border: 0px; text-align: center;\"><\/td>\n<td style=\"border: 0px; text-align: center;\"><\/td>\n<td style=\"border: 0px; text-align: center;\"><\/td>\n<\/tr>\n<tr>\n<td style=\"border: 0px;\"><a href=\"https:\/\/www.eurokolikonmaailma.fi\/?page_id=2285\"><img loading=\"lazy\" decoding=\"async\" class=\"aligncenter\" src=\"http:\/\/motu.eurokolikonmaailma.fi\/kuvat\/Draego_Man\/dm_main.jpg\" alt=\"\" width=\"106\" height=\"150\" \/><\/a><\/td>\n<td style=\"border: 0px;\"><a href=\"https:\/\/www.eurokolikonmaailma.fi\/blogi\/?page_id=2288\"><img loading=\"lazy\" decoding=\"async\" class=\"aligncenter\" src=\"http:\/\/motu.eurokolikonmaailma.fi\/kuvat\/ThunderPunch_hm\/W8922_fullsizeimage01.jpg\" alt=\"\" width=\"136\" height=\"150\" \/><\/a><\/td>\n<td style=\"border: 0px;\"><a href=\"https:\/\/www.eurokolikonmaailma.fi\/?page_id=2452\"><img loading=\"lazy\" decoding=\"async\" class=\"aligncenter\" src=\"http:\/\/motu.eurokolikonmaailma.fi\/kuvat\/Mighty_Spector\/spector.jpg\" alt=\"\" width=\"105\" height=\"150\" \/><\/a><\/td>\n<\/tr>\n<tr>\n<td style=\"border: 0px; text-align: center;\"><strong><span style=\"color: #ff0000;\">Draego-Man<\/span><\/strong><\/td>\n<td style=\"border: 0px; text-align: center;\"><strong><span style=\"color: #008000;\">* Thunder Punch He-Man<\/span><\/strong><\/td>\n<td style=\"border: 0px; text-align: center;\"><strong><span style=\"color: #008000;\">* The Mighty Spector<\/span><\/strong><\/td>\n<\/tr>\n<tr>\n<td style=\"border: 0px; text-align: center;\"><strong><span style=\"color: #ff0000;\">30-vuotishahmo 2\/6\u00a0<\/span><\/strong><\/td>\n<td style=\"border: 0px; text-align: center;\"><strong><span style=\"color: #008000;\">6&#8243; bonus (1. vuosinelj\u00e4nnes)<\/span><\/strong><\/td>\n<td style=\"border: 0px; text-align: center;\"><strong><span style=\"color: #008000;\">30-vuotishahmo 3\/6<\/span><\/strong><\/td>\n<\/tr>\n<tr>\n<td style=\"border: 0px; text-align: center;\"><\/td>\n<td style=\"border: 0px; text-align: center;\"><\/td>\n<td style=\"border: 0px; text-align: center;\"><\/td>\n<\/tr>\n<tr>\n<td style=\"border: 0px;\"><a href=\"https:\/\/www.eurokolikonmaailma.fi\/?page_id=2430\"><img loading=\"lazy\" decoding=\"async\" class=\"aligncenter\" src=\"http:\/\/motu.eurokolikonmaailma.fi\/kuvat\/Snake_maa\/W8914_fullsizeimage01.jpg\" alt=\"\" width=\"123\" height=\"150\" \/><\/a><\/td>\n<td style=\"border: 0px;\"><a href=\"https:\/\/www.eurokolikonmaailma.fi\/?page_id=2431\"><img loading=\"lazy\" decoding=\"async\" src=\"http:\/\/motu.eurokolikonmaailma.fi\/kuvat\/Griffin\/W8891_fullsizeimage01.jpg\" alt=\"\" width=\"179\" height=\"150\" \/><\/a><\/td>\n<td style=\"border: 0px;\"><a href=\"https:\/\/www.eurokolikonmaailma.fi\/?page_id=2438\"><img loading=\"lazy\" decoding=\"async\" class=\"aligncenter\" src=\"http:\/\/motu.eurokolikonmaailma.fi\/kuvat\/Vykron\/vykron_barbarian.jpg\" alt=\"\" width=\"143\" height=\"150\" \/><\/a><\/td>\n<\/tr>\n<tr>\n<td style=\"border: 0px; text-align: center;\"><strong><span style=\"color: #ff0000;\">* Snake Man-at-Arms<\/span><\/strong><\/td>\n<td style=\"border: 0px; text-align: center;\"><strong><span style=\"color: #ff0000;\">* Griffin<\/span><\/strong><\/td>\n<td style=\"border: 0px; text-align: center;\"><strong><span style=\"color: #008000;\">* Vykron<\/span><\/strong><\/td>\n<\/tr>\n<tr>\n<td style=\"border: 0px; text-align: center;\"><strong><span style=\"color: #ff0000;\">6&#8243; bonus (2. vuosinelj\u00e4nnes)<\/span><\/strong><\/td>\n<td style=\"border: 0px; text-align: center;\"><strong><span style=\"color: #ff0000;\">petohahmo (2. vuosinelj\u00e4nnes)\u00a0<\/span><\/strong><\/td>\n<td style=\"border: 0px; text-align: center;\"><strong><span style=\"color: #008000;\">SDCC-spesiaalihahmo (vain SDCC)<\/span><\/strong><\/td>\n<\/tr>\n<tr>\n<td style=\"border: 0px; text-align: center;\"><\/td>\n<td style=\"border: 0px; text-align: center;\"><\/td>\n<td style=\"border: 0px; text-align: center;\"><\/td>\n<\/tr>\n<tr>\n<td style=\"border: 0px;\"><a href=\"https:\/\/www.eurokolikonmaailma.fi\/?page_id=2438\"><img loading=\"lazy\" decoding=\"async\" class=\"aligncenter\" style=\"-webkit-user-select: none;\" src=\"http:\/\/motu.eurokolikonmaailma.fi\/kuvat\/Vykron\/vykron_military.jpg\" alt=\"\" width=\"113\" height=\"150\" \/><\/a><\/td>\n<td style=\"border: 0px;\"><a href=\"https:\/\/www.eurokolikonmaailma.fi\/?page_id=2438\"><img loading=\"lazy\" decoding=\"async\" class=\"aligncenter\" style=\"-webkit-user-select: none;\" src=\"http:\/\/motu.eurokolikonmaailma.fi\/kuvat\/Vykron\/vykron_space.jpg\" alt=\"\" width=\"129\" height=\"150\" \/><\/a><\/td>\n<td style=\"border: 0px;\"><a href=\"https:\/\/www.eurokolikonmaailma.fi\/?page_id=2442\"><img loading=\"lazy\" decoding=\"async\" class=\"aligncenter\" src=\"http:\/\/motu.eurokolikonmaailma.fi\/kuvat\/Sir_Laser_Lot\/sll_main.jpg\" alt=\"\" width=\"87\" height=\"150\" \/><\/a><\/td>\n<\/tr>\n<tr>\n<td style=\"border: 0px; text-align: center;\"><strong><span style=\"color: #008000;\">* Vykron<\/span><\/strong><\/td>\n<td style=\"border: 0px; text-align: center;\"><strong><span style=\"color: #008000;\">* Vykron<\/span><\/strong><\/td>\n<td style=\"border: 0px; text-align: center;\"><strong><span style=\"color: #008000;\">Sir Laser-Lot<\/span><\/strong><\/td>\n<\/tr>\n<tr>\n<td style=\"border: 0px; text-align: center;\"><strong><span style=\"color: #008000;\">SDCC-spesiaalihahmo<\/span><\/strong><\/td>\n<td style=\"border: 0px; text-align: center;\"><strong><span style=\"color: #008000;\">SDCC-spesiaalihahmo<\/span><\/strong><\/td>\n<td style=\"border: 0px; text-align: center;\"><strong><span style=\"color: #008000;\">30-vuotishahmo 4\/6<\/span><span style=\"color: #0000ff;\"><br \/>\n<\/span><\/strong><\/td>\n<\/tr>\n<tr>\n<td style=\"border: 0px; text-align: center;\"><\/td>\n<td style=\"border: 0px; text-align: center;\"><\/td>\n<td style=\"border: 0px; text-align: center;\"><\/td>\n<\/tr>\n<tr>\n<td style=\"border: 0px;\"><a href=\"https:\/\/www.eurokolikonmaailma.fi\/?page_id=2532\"><img loading=\"lazy\" decoding=\"async\" style=\"-webkit-user-select: none;\" src=\"http:\/\/motu.eurokolikonmaailma.fi\/kuvat\/Snake_warriors\/W8893_fullsizeimage01.jpg\" alt=\"\" width=\"94\" height=\"150\" \/><\/a><a href=\"https:\/\/www.eurokolikonmaailma.fi\/?page_id=2532\"><img loading=\"lazy\" decoding=\"async\" style=\"-webkit-user-select: none;\" src=\"http:\/\/motu.eurokolikonmaailma.fi\/kuvat\/Snake_warriors\/W8893_fullsizeimage02.jpg\" alt=\"\" width=\"104\" height=\"150\" \/><\/a><\/td>\n<td style=\"border: 0px;\"><a href=\"https:\/\/www.eurokolikonmaailma.fi\/?page_id=2528\"><img loading=\"lazy\" decoding=\"async\" class=\"aligncenter\" style=\"-webkit-user-select: none;\" src=\"http:\/\/motu.eurokolikonmaailma.fi\/kuvat\/DB_Skeletor\/W8900_fullsizeimage09.jpg\" alt=\"\" width=\"87\" height=\"150\" \/><\/a><\/td>\n<td style=\"border: 0px;\"><a href=\"https:\/\/www.eurokolikonmaailma.fi\/?page_id=2615\"><img loading=\"lazy\" decoding=\"async\" class=\"aligncenter\" style=\"-webkit-user-select: none;\" src=\"http:\/\/motu.eurokolikonmaailma.fi\/kuvat\/Cy-Chop\/W8896_fullsizeimage01.jpg\" alt=\"\" width=\"129\" height=\"150\" \/><\/a><\/td>\n<\/tr>\n<tr>\n<td style=\"border: 0px; text-align: center;\"><strong><span style=\"color: #ff0000;\">* K\u00e4\u00e4rmesoturit 2-pack<\/span><\/strong><\/td>\n<td style=\"border: 0px; text-align: center;\"><strong><span style=\"color: #ff0000;\">* Dragon Blaster Skeletor<\/span><\/strong><\/td>\n<td style=\"border: 0px; text-align: center;\"><strong><span style=\"color: #ff0000;\">* Cy-Chop<\/span><\/strong><\/td>\n<\/tr>\n<tr>\n<td style=\"border: 0px; text-align: center;\"><strong><span style=\"color: #ff0000;\">suurtuote (3. vuosinelj\u00e4nnes)\u00a0<\/span><\/strong><\/td>\n<td style=\"border: 0px; text-align: center;\"><strong><span style=\"color: #ff0000;\">6&#8243; bonus (3. vuosinelj\u00e4nnes)<\/span><\/strong><\/td>\n<td style=\"border-width: 0px; text-align: center;\">\u00a0<strong><span style=\"color: #ff0000;\">30-vuotishahmo 5\/6 \u00a0<\/span><\/strong><\/td>\n<\/tr>\n<tr>\n<td style=\"border: 0px; text-align: center;\"><\/td>\n<td style=\"border: 0px; text-align: center;\"><\/td>\n<td style=\"border-width: 0px; text-align: center;\"><\/td>\n<\/tr>\n<tr>\n<td style=\"border: 0px;\"><a href=\"https:\/\/www.eurokolikonmaailma.fi\/?page_id=2655\"><img loading=\"lazy\" decoding=\"async\" class=\"aligncenter\" src=\"http:\/\/motu.eurokolikonmaailma.fi\/kuvat\/pe_Randor\/W8897_fullsizeimage01.jpg\" alt=\"\" width=\"92\" height=\"150\" \/><\/a><\/td>\n<td style=\"border: 0px;\"><a href=\"https:\/\/www.eurokolikonmaailma.fi\/?page_id=2659\"><img loading=\"lazy\" decoding=\"async\" class=\"aligncenter\" src=\"http:\/\/motu.eurokolikonmaailma.fi\/kuvat\/CastleGrayskullman\/W8895_fullsizeimage02.jpg\" alt=\"\" width=\"96\" height=\"150\" \/><\/a><\/td>\n<td style=\"border: 0px;\"><a href=\"https:\/\/www.eurokolikonmaailma.fi\/?page_id=2703\"><img loading=\"lazy\" decoding=\"async\" class=\"aligncenter\" src=\"http:\/\/motu.eurokolikonmaailma.fi\/kuvat\/TOD_sorceress\/W8921_fullsizeimage2.jpg\" alt=\"\" width=\"83\" height=\"150\" \/><\/a><\/td>\n<\/tr>\n<tr>\n<td style=\"border: 0px; text-align: center;\"><strong><span style=\"color: #008000;\">* Palace Eternos King Randor<\/span><\/strong><\/td>\n<td style=\"border: 0px; text-align: center;\">*\u00a0<strong><span style=\"color: #008000;\">Castle Grayskullman<\/span><\/strong><\/td>\n<td style=\"border: 0px; text-align: center;\"><strong><span style=\"color: #008000;\">* Temple of Darkness Sorceress<\/span><\/strong><\/td>\n<\/tr>\n<tr>\n<td style=\"border: 0px; text-align: center;\"><strong><span style=\"color: #008000;\">6&#8243; bonus (4. vuosinelj\u00e4nnes)<\/span><\/strong><\/td>\n<td style=\"border: 0px; text-align: center;\">\u00a0<strong><span style=\"color: #008000;\">30-vuotishahmo 6\/6 (luo-hahmo -kilpailun voittaja)<\/span><\/strong><\/td>\n<td style=\"border: 0px; text-align: center;\"><strong><span style=\"color: #008000;\">travelling convention exclusive<\/span><\/strong><\/td>\n<\/tr>\n<tr>\n<td style=\"border: 0px; text-align: center;\"><\/td>\n<td style=\"border: 0px; text-align: center;\"><\/td>\n<td style=\"border: 0px; text-align: center;\"><\/td>\n<\/tr>\n<tr>\n<td style=\"border: 0px; text-align: center;\">\u00a0<a href=\"https:\/\/www.eurokolikonmaailma.fi\/?page_id=2762\"><img decoding=\"async\" src=\"http:\/\/motu.eurokolikonmaailma.fi\/kuvat\/Procrustus\/W8892_fullsizeimage01.jpg\" alt=\"\" height=\"150\" \/><\/a><\/td>\n<td style=\"border: 0px; text-align: center;\"><\/td>\n<td style=\"border: 0px;\"><\/td>\n<\/tr>\n<tr>\n<td style=\"border: 0px; text-align: center;\"><strong><span style=\"color: #008000;\">* Procrustus<\/span><\/strong><\/td>\n<td style=\"border: 0px; text-align: center;\"><\/td>\n<td style=\"border: 0px;\"><\/td>\n<\/tr>\n<tr>\n<td style=\"border: 0px; text-align: center;\"><strong><span style=\"color: #008000;\">suurhahmo<\/span><\/strong><\/td>\n<td style=\"border: 0px; text-align: center;\"><span style=\"color: #000000; font-family: Verdana, Arial, Helvetica, sans-serif; line-height: 24px;\">\u00a0<\/span><\/td>\n<td style=\"border: 0px;\"><\/td>\n<\/tr>\n<tr>\n<td style=\"border: 0px; text-align: center;\"><\/td>\n<td style=\"border: 0px; text-align: center;\"><span style=\"color: #000000; font-family: Verdana, Arial, Helvetica, sans-serif; line-height: 24px;\">\u00a0<\/span><\/td>\n<td style=\"border: 0px;\"><\/td>\n<\/tr>\n<\/tbody>\n<\/table>\n<h3><strong>Ei-hahmojulkaisut<\/strong><\/h3>\n<table style=\"border: 0px;\">\n<tbody>\n<tr>\n<td style=\"border: 0px;\"><\/td>\n<td style=\"border: 0px;\"><a href=\"https:\/\/www.eurokolikonmaailma.fi\/?page_id=5866\"><img loading=\"lazy\" decoding=\"async\" class=\"wp-image-4576 aligncenter\" src=\"http:\/\/motu.eurokolikonmaailma.fi\/kuvat\/maps\/preternia_map.jpg\" alt=\"\" width=\"225\" height=\"150\" \/><\/a><\/td>\n<td style=\"border: 0px;\"><a href=\"https:\/\/www.eurokolikonmaailma.fi\/?page_id=2629\"><img loading=\"lazy\" decoding=\"async\" class=\"aligncenter\" style=\"-webkit-user-select: none;\" src=\"http:\/\/motu.eurokolikonmaailma.fi\/kuvat\/Weapons_Pak\/W8923_fullsizeimage02.jpg\" alt=\"\" width=\"160\" height=\"158\" \/><\/a><\/td>\n<\/tr>\n<tr>\n<td style=\"border: 0px; text-align: center;\"><\/td>\n<td style=\"border: 0px; text-align: center;\">\u00a0<strong><span style=\"color: #008000;\">*<\/span><\/strong>\u00a0<strong><span style=\"color: #008000;\">Preternia -julistekartta<\/span><\/strong><\/td>\n<td style=\"border: 0px; text-align: center;\">\u00a0<strong><span style=\"color: #000080;\">* Lis\u00e4asepakkaus 3<\/span><\/strong><\/td>\n<\/tr>\n<tr>\n<td style=\"border: 0px;\"><\/td>\n<td style=\"border: 0px; text-align: center;\"><strong><span style=\"color: #008000;\">extraetu, vain tlauspalvelun j\u00e4senille (76 x 51 cm)<\/span><\/strong><\/td>\n<td style=\"border: 0px;\"><\/td>\n<\/tr>\n<tr>\n<td style=\"border: 0px; text-align: center;\"><\/td>\n<td style=\"border: 0px; text-align: center;\"><\/td>\n<td style=\"border: 0px; text-align: center;\"><\/td>\n<\/tr>\n<tr>\n<td style=\"border: 0px;\"><\/td>\n<td style=\"border: 0px;\"><\/td>\n<td style=\"border: 0px;\"><\/td>\n<\/tr>\n<tr>\n<td style=\"border: 0px; text-align: center;\"><\/td>\n<td style=\"border: 0px;\"><\/td>\n<td style=\"border: 0px;\"><\/td>\n<\/tr>\n<tr>\n<td style=\"border: 0px;\"><\/td>\n<td style=\"border: 0px;\"><\/td>\n<td style=\"border: 0px;\"><\/td>\n<\/tr>\n<tr>\n<td style=\"border: 0px; text-align: center;\"><\/td>\n<td style=\"border: 0px;\"><\/td>\n<td style=\"border: 0px;\"><\/td>\n<\/tr>\n<\/tbody>\n<\/table>\n","protected":false},"excerpt":{"rendered":"<p>Itselt\u00e4ni l\u00f6ytyv\u00e4t vuonna 2012 julkaistut Masters of the universe Classics hahmot\/tuotteet Perushahmot * The Sorceress * Fisto * Kobra Khan * Stinkor * Slush Head * Horde Prime * Spikor * Mekaneck * Frosta * Rattlor * Dekker * Mosquitor &hellip; <a href=\"https:\/\/www.eurokolikonmaailma.fi\/?page_id=1478\">Lue loppuun <span class=\"meta-nav\">&rarr;<\/span><\/a><\/p>\n","protected":false},"author":1,"featured_media":0,"parent":24,"menu_order":0,"comment_status":"open","ping_status":"open","template":"","meta":{"footnotes":""},"class_list":["post-1478","page","type-page","status-publish","hentry"],"_links":{"self":[{"href":"https:\/\/www.eurokolikonmaailma.fi\/index.php?rest_route=\/wp\/v2\/pages\/1478","targetHints":{"allow":["GET"]}}],"collection":[{"href":"https:\/\/www.eurokolikonmaailma.fi\/index.php?rest_route=\/wp\/v2\/pages"}],"about":[{"href":"https:\/\/www.eurokolikonmaailma.fi\/index.php?rest_route=\/wp\/v2\/types\/page"}],"author":[{"embeddable":true,"href":"https:\/\/www.eurokolikonmaailma.fi\/index.php?rest_route=\/wp\/v2\/users\/1"}],"replies":[{"embeddable":true,"href":"https:\/\/www.eurokolikonmaailma.fi\/index.php?rest_route=%2Fwp%2Fv2%2Fcomments&post=1478"}],"version-history":[{"count":86,"href":"https:\/\/www.eurokolikonmaailma.fi\/index.php?rest_route=\/wp\/v2\/pages\/1478\/revisions"}],"predecessor-version":[{"id":5869,"href":"https:\/\/www.eurokolikonmaailma.fi\/index.php?rest_route=\/wp\/v2\/pages\/1478\/revisions\/5869"}],"up":[{"embeddable":true,"href":"https:\/\/www.eurokolikonmaailma.fi\/index.php?rest_route=\/wp\/v2\/pages\/24"}],"wp:attachment":[{"href":"https:\/\/www.eurokolikonmaailma.fi\/index.php?rest_route=%2Fwp%2Fv2%2Fmedia&parent=1478"}],"curies":[{"name":"wp","href":"https:\/\/api.w.org\/{rel}","templated":true}]}}