{"id":1307,"date":"2012-01-25T21:40:46","date_gmt":"2012-01-25T19:40:46","guid":{"rendered":"http:\/\/www.eurokolikonmaailma.fi\/blogi\/?page_id=1307"},"modified":"2023-07-29T22:57:15","modified_gmt":"2023-07-29T19:57:15","slug":"masters-of-the-universe-topps-korttisarjan-tarrat","status":"publish","type":"page","link":"https:\/\/www.eurokolikonmaailma.fi\/?page_id=1307","title":{"rendered":"Masters of the Universe TOPPS -korttisarjan tarrat"},"content":{"rendered":"<p>Kuva aukeaa klikkaamalla uuteen ikkunaan \/ v\u00e4lilehteen.<br \/>\nKorttisarjan kortit l\u00f6ytyv\u00e4t <a href=\"https:\/\/www.eurokolikonmaailma.fi\/?page_id=1301\">t\u00e4\u00e4lt\u00e4<\/a>.<\/p>\n<table id=\"AutoNumber3\" style=\"border-collapse: collapse; width: 620px; border: 0px;\" cellspacing=\"0\" cellpadding=\"0\">\n<tbody>\n<tr>\n<td style=\"border: 0px;\" align=\"center\" width=\"180\"><a href=\"http:\/\/motu.eurokolikonmaailma.fi\/kuvat\/kortti_tarra\/t1a.jpg\" target=\"_blank\" rel=\"noopener\"><img loading=\"lazy\" decoding=\"async\" src=\"http:\/\/motu.eurokolikonmaailma.fi\/kuvat\/kortti_tarra\/t1a.jpg\" alt=\"\" width=\"180\" height=\"128\" \/><\/a><\/td>\n<td style=\"border: 0px;\" align=\"center\" width=\"180\"><a href=\"http:\/\/motu.eurokolikonmaailma.fi\/kuvat\/kortti_tarra\/t2a.jpg\" target=\"_blank\" rel=\"noopener\"><img loading=\"lazy\" decoding=\"async\" src=\"http:\/\/motu.eurokolikonmaailma.fi\/kuvat\/kortti_tarra\/t2a.jpg\" alt=\"\" width=\"180\" height=\"129\" \/><\/a><\/td>\n<td style=\"border: 0px;\" align=\"center\" width=\"180\"><img loading=\"lazy\" decoding=\"async\" src=\"http:\/\/motu.eurokolikonmaailma.fi\/kuvat\/kortti_tarra\/t3a.jpg\" alt=\"\" width=\"180\" height=\"127\" \/><\/td>\n<\/tr>\n<tr>\n<td style=\"border: 0px;\" align=\"center\" width=\"180\">Tarra 1: Man-E-Faces<\/td>\n<td style=\"border: 0px;\" align=\"center\" width=\"180\"><strong>Tarra 2: Tri-Klops<\/strong><\/td>\n<td style=\"border: 0px;\" align=\"center\" width=\"180\"><strong>Tarra 3: Mer-Man<\/strong><\/td>\n<\/tr>\n<tr>\n<td style=\"border: 0px;\" align=\"center\" width=\"180\"><a href=\"http:\/\/motu.eurokolikonmaailma.fi\/kuvat\/kortti_tarra\/t4a.jpg\" target=\"_blank\" rel=\"noopener\"><img loading=\"lazy\" decoding=\"async\" src=\"http:\/\/motu.eurokolikonmaailma.fi\/kuvat\/kortti_tarra\/t4a.jpg\" alt=\"\" width=\"180\" height=\"128\" \/><\/a><\/td>\n<td style=\"border: 0px;\" align=\"center\" width=\"180\"><img loading=\"lazy\" decoding=\"async\" src=\"http:\/\/motu.eurokolikonmaailma.fi\/kuvat\/kortti_tarra\/t5a.jpg\" alt=\"\" width=\"180\" height=\"128\" \/><\/td>\n<td style=\"border: 0px;\" align=\"center\" width=\"180\"><a href=\"http:\/\/motu.eurokolikonmaailma.fi\/kuvat\/kortti_tarra\/t6a.jpg\" target=\"_blank\" rel=\"noopener\"><img loading=\"lazy\" decoding=\"async\" src=\"http:\/\/motu.eurokolikonmaailma.fi\/kuvat\/kortti_tarra\/t6a.jpg\" alt=\"\" width=\"180\" height=\"128\" \/><\/a><\/td>\n<\/tr>\n<tr>\n<td style=\"border: 0px;\" align=\"center\" width=\"180\"><strong>Tarra 4: Beast Man<\/strong><\/td>\n<td style=\"border: 0px;\" align=\"center\" width=\"180\"><strong>Tarra 5: Stratos<\/strong><\/td>\n<td style=\"border: 0px;\" align=\"center\" width=\"180\"><strong>Tarra 6: Mekaneck<\/strong><\/td>\n<\/tr>\n<tr>\n<td style=\"border: 0px;\" align=\"center\" width=\"1800\"><a href=\"http:\/\/motu.eurokolikonmaailma.fi\/kuvat\/kortti_tarra\/t7a.jpg\" target=\"_blank\" rel=\"noopener\"><img loading=\"lazy\" decoding=\"async\" src=\"http:\/\/motu.eurokolikonmaailma.fi\/kuvat\/kortti_tarra\/t7a.jpg\" alt=\"\" width=\"180\" height=\"128\" \/><\/a><\/td>\n<td style=\"border: 0px;\" align=\"center\" width=\"180\"><a href=\"http:\/\/motu.eurokolikonmaailma.fi\/kuvat\/kortti_tarra\/t8a.jpg\" target=\"_blank\" rel=\"noopener\"><img loading=\"lazy\" decoding=\"async\" src=\"http:\/\/motu.eurokolikonmaailma.fi\/kuvat\/kortti_tarra\/t8a.jpg\" alt=\"\" width=\"180\" height=\"128\" \/><\/a><\/td>\n<td style=\"border: 0px;\" align=\"center\" width=\"180\"><a href=\"http:\/\/motu.eurokolikonmaailma.fi\/kuvat\/kortti_tarra\/t9a.jpg\" target=\"_blank\" rel=\"noopener\"><img loading=\"lazy\" decoding=\"async\" src=\"http:\/\/motu.eurokolikonmaailma.fi\/kuvat\/kortti_tarra\/t9a.jpg\" alt=\"\" width=\"180\" height=\"130\" \/><\/a><\/td>\n<\/tr>\n<tr>\n<td style=\"border: 0px;\" align=\"center\" width=\"180\"><strong>Tarra 7: Hyv\u00e4t vs pahat<\/strong><\/td>\n<td style=\"border: 0px;\" align=\"center\" width=\"180\"><strong>Tarra 8: Zodac<\/strong><\/td>\n<td style=\"border: 0px;\" align=\"center\" width=\"180\"><strong>Tarra 9: Evil-Lyn<\/strong><\/td>\n<\/tr>\n<tr>\n<td style=\"border: 0px;\" colspan=\"3\" align=\"center\" width=\"620\"><a href=\"http:\/\/motu.eurokolikonmaailma.fi\/kuvat\/kortti_tarra\/t10a.jpg\" target=\"_blank\" rel=\"noopener\"><img loading=\"lazy\" decoding=\"async\" src=\"http:\/\/motu.eurokolikonmaailma.fi\/kuvat\/kortti_tarra\/t10a.jpg\" alt=\"\" width=\"180\" height=\"129\" \/><\/a><\/td>\n<\/tr>\n<tr>\n<td style=\"border: 0px;\" colspan=\"3\" align=\"center\" width=\"620\"><strong>Tarra 10: Ram Man<\/strong><\/td>\n<\/tr>\n<\/tbody>\n<\/table>\n<table style=\"border: 0px;\">\n<tbody>\n<tr>\n<td style=\"border: 0px;\">\u00a0<a href=\"http:\/\/motu.eurokolikonmaailma.fi\/kuvat\/kortti_tarra\/t11a.jpg\" target=\"_blank\" rel=\"noopener\"><img loading=\"lazy\" decoding=\"async\" src=\"http:\/\/motu.eurokolikonmaailma.fi\/kuvat\/kortti_tarra\/t11a.jpg\" alt=\"\" width=\"128\" height=\"180\" \/><\/a><\/td>\n<td style=\"border: 0px;\">\u00a0<a href=\"http:\/\/motu.eurokolikonmaailma.fi\/kuvat\/kortti_tarra\/t12a.jpg\" target=\"_blank\" rel=\"noopener\"><img loading=\"lazy\" decoding=\"async\" src=\"http:\/\/motu.eurokolikonmaailma.fi\/kuvat\/kortti_tarra\/t12a.jpg\" alt=\"\" width=\"128\" height=\"180\" \/><\/a><\/td>\n<td style=\"border: 0px;\"><a href=\"http:\/\/motu.eurokolikonmaailma.fi\/kuvat\/kortti_tarra\/t13a.jpg\" target=\"_blank\" rel=\"noopener\"><img loading=\"lazy\" decoding=\"async\" src=\"http:\/\/motu.eurokolikonmaailma.fi\/kuvat\/kortti_tarra\/t13a.jpg\" alt=\"\" width=\"180\" height=\"128\" \/><\/a><\/td>\n<\/tr>\n<tr>\n<td style=\"border-image: initial; text-align: left; border: 0px initial initial;\"><strong>Tarra 11: Guardians of Eternia<\/strong><\/td>\n<td style=\"border: 0px;\">\u00a0<strong>Tarra 12: Skeletor<\/strong><\/td>\n<td style=\"border: 0px;\">\u00a0<strong>Tarra 13: Teela<\/strong><\/td>\n<\/tr>\n<tr>\n<td style=\"border: 0px;\">\u00a0<a href=\"http:\/\/motu.eurokolikonmaailma.fi\/kuvat\/kortti_tarra\/t14a.jpg\" target=\"_blank\" rel=\"noopener\"><img loading=\"lazy\" decoding=\"async\" src=\"http:\/\/motu.eurokolikonmaailma.fi\/kuvat\/kortti_tarra\/t14a.jpg\" alt=\"\" width=\"128\" height=\"180\" \/><\/a><\/td>\n<td style=\"border: 0px;\"><a href=\"http:\/\/motu.eurokolikonmaailma.fi\/kuvat\/kortti_tarra\/t15a.jpg\" target=\"_blank\" rel=\"noopener\"><img loading=\"lazy\" decoding=\"async\" src=\"http:\/\/motu.eurokolikonmaailma.fi\/kuvat\/kortti_tarra\/t15a.jpg\" alt=\"\" width=\"180\" height=\"128\" \/><\/a><\/td>\n<td style=\"border: 0px;\"><a href=\"http:\/\/motu.eurokolikonmaailma.fi\/kuvat\/kortti_tarra\/t16a.jpg\" target=\"_blank\" rel=\"noopener\"><img loading=\"lazy\" decoding=\"async\" src=\"http:\/\/motu.eurokolikonmaailma.fi\/kuvat\/kortti_tarra\/t16a.jpg\" alt=\"\" width=\"180\" height=\"128\" \/><\/a><\/td>\n<\/tr>\n<tr>\n<td style=\"border: 0px;\"><strong>Tarra 14: Man-At-Arms<\/strong><\/td>\n<td style=\"border: 0px;\"><strong>Tarra 15: Man-E-Faces<\/strong><\/td>\n<td style=\"border: 0px;\"><strong>Tarra 16: Skeletor &amp; Panthor<\/strong><\/td>\n<\/tr>\n<tr>\n<td style=\"border: 0px;\">\u00a0<a href=\"http:\/\/motu.eurokolikonmaailma.fi\/kuvat\/kortti_tarra\/t17a.jpg\" target=\"_blank\" rel=\"noopener\"><img loading=\"lazy\" decoding=\"async\" src=\"http:\/\/motu.eurokolikonmaailma.fi\/kuvat\/kortti_tarra\/t17a.jpg\" alt=\"\" width=\"128\" height=\"180\" \/><\/a><\/td>\n<td style=\"border: 0px;\">\u00a0<a href=\"http:\/\/motu.eurokolikonmaailma.fi\/kuvat\/kortti_tarra\/t18a.jpg\" target=\"_blank\" rel=\"noopener\"><img loading=\"lazy\" decoding=\"async\" src=\"http:\/\/motu.eurokolikonmaailma.fi\/kuvat\/kortti_tarra\/t18a.jpg\" alt=\"\" width=\"130\" height=\"180\" \/><\/a><\/td>\n<td style=\"border: 0px;\">\u00a0<a href=\"http:\/\/motu.eurokolikonmaailma.fi\/kuvat\/kortti_tarra\/t19a.jpg\" target=\"_blank\" rel=\"noopener\"><img loading=\"lazy\" decoding=\"async\" src=\"http:\/\/motu.eurokolikonmaailma.fi\/kuvat\/kortti_tarra\/t19a.jpg\" alt=\"\" width=\"128\" height=\"180\" \/><\/a><\/td>\n<\/tr>\n<tr>\n<td style=\"border: 0px;\"><strong>Tarra 17: Sorceress<\/strong><\/td>\n<td style=\"border: 0px;\">\u00a0<strong>Tarra 18: Ram-Man<\/strong><\/td>\n<td style=\"border: 0px;\"><strong>Tarra 19: He-Man &amp; Battle Cat<\/strong><\/td>\n<\/tr>\n<tr>\n<td style=\"border: 0px;\">\u00a0<a href=\"http:\/\/motu.eurokolikonmaailma.fi\/kuvat\/kortti_tarra\/t20a.jpg\" target=\"_blank\" rel=\"noopener\"><img loading=\"lazy\" decoding=\"async\" src=\"http:\/\/motu.eurokolikonmaailma.fi\/kuvat\/kortti_tarra\/t20a.jpg\" alt=\"\" width=\"127\" height=\"180\" \/><\/a><\/td>\n<td style=\"border: 0px;\">\u00a0<a href=\"http:\/\/motu.eurokolikonmaailma.fi\/kuvat\/kortti_tarra\/t21a.jpg\" target=\"_blank\" rel=\"noopener\"><img loading=\"lazy\" decoding=\"async\" src=\"http:\/\/motu.eurokolikonmaailma.fi\/kuvat\/kortti_tarra\/t21a.jpg\" alt=\"\" width=\"128\" height=\"180\" \/><\/a><\/td>\n<td style=\"border: 0px;\"><\/td>\n<\/tr>\n<tr>\n<td style=\"border: 0px;\"><strong>Tarra 20: Teela<\/strong><\/td>\n<td style=\"border: 0px;\">\u00a0<strong>Tarra 21: Evil-Lyn<\/strong><\/td>\n<td style=\"border: 0px;\"><\/td>\n<\/tr>\n<\/tbody>\n<\/table>\n<table id=\"AutoNumber1\" style=\"border-collapse: collapse; width: 600px; border: 0px;\" cellspacing=\"0\" cellpadding=\"0\">\n<tbody>\n<tr>\n<td style=\"border: 0px;\" colspan=\"5\" width=\"540\">\n<h3 align=\"center\"><strong><em>Tarrojen\u00a0k\u00e4\u00e4nt\u00f6puolista muodostuvat &#8221;palapelit&#8221;<\/em><\/strong><\/h3>\n<\/td>\n<\/tr>\n<tr>\n<td style=\"border: 0px;\" colspan=\"5\" width=\"540\">\n<p align=\"center\"><a href=\"http:\/\/motu.eurokolikonmaailma.fi\/kuvat\/kortti_tarra\/t2b.jpg\" target=\"_blank\" rel=\"noopener\"><img loading=\"lazy\" decoding=\"async\" src=\"http:\/\/motu.eurokolikonmaailma.fi\/kuvat\/kortti_tarra\/t2b.jpg\" alt=\"\" width=\"180\" height=\"128\" \/><\/a><\/p>\n<\/td>\n<\/tr>\n<tr>\n<td style=\"width: 175px; vertical-align: bottom; horizontal-align: left; border: 0px;\"><a href=\"http:\/\/motu.eurokolikonmaailma.fi\/kuvat\/kortti_tarra\/t19b2.jpg\" target=\"_blank\" rel=\"noopener\"><img loading=\"lazy\" decoding=\"async\" src=\"http:\/\/motu.eurokolikonmaailma.fi\/kuvat\/kortti_tarra\/t19b2.jpg\" alt=\"\" width=\"92\" height=\"130\" \/><\/a><\/td>\n<td style=\"width: 181px; vertical-align: bottom; horizontal-align: left; border: 0px;\"><a href=\"http:\/\/motu.eurokolikonmaailma.fi\/kuvat\/kortti_tarra\/t10b.jpg\" target=\"_blank\" rel=\"noopener\"><img loading=\"lazy\" decoding=\"async\" src=\"http:\/\/motu.eurokolikonmaailma.fi\/kuvat\/kortti_tarra\/t10b.jpg\" alt=\"\" width=\"92\" height=\"130\" \/><\/a><\/td>\n<td style=\"width: 175px; vertical-align: bottom; horizontal-align: left; border: 0px;\"><a href=\"http:\/\/motu.eurokolikonmaailma.fi\/kuvat\/kortti_tarra\/t8b.jpg\" target=\"_blank\" rel=\"noopener\"><img loading=\"lazy\" decoding=\"async\" src=\"http:\/\/motu.eurokolikonmaailma.fi\/kuvat\/kortti_tarra\/t8b.jpg\" alt=\"\" width=\"92\" height=\"130\" \/><\/a><\/td>\n<td style=\"width: 175px; vertical-align: bottom; horizontal-align: left; border: 0px;\"><a href=\"http:\/\/motu.eurokolikonmaailma.fi\/kuvat\/kortti_tarra\/t5b.jpg\" target=\"_blank\" rel=\"noopener\"><img loading=\"lazy\" decoding=\"async\" src=\"http:\/\/motu.eurokolikonmaailma.fi\/kuvat\/kortti_tarra\/t5b.jpg\" alt=\"\" width=\"92\" height=\"130\" \/><\/a><\/td>\n<td style=\"width: 177px; vertical-align: bottom; horizontal-align: left; border: 0px;\"><a href=\"http:\/\/motu.eurokolikonmaailma.fi\/kuvat\/kortti_tarra\/t4b.jpg\" target=\"_blank\" rel=\"noopener\"><img loading=\"lazy\" decoding=\"async\" src=\"http:\/\/motu.eurokolikonmaailma.fi\/kuvat\/kortti_tarra\/t4b.jpg\" alt=\"\" width=\"92\" height=\"130\" \/><\/a><\/td>\n<\/tr>\n<tr>\n<td style=\"width: 175px; vertical-align: top; border: 0px;\"><a href=\"http:\/\/motu.eurokolikonmaailma.fi\/kuvat\/kortti_tarra\/t14b.jpg\" target=\"_blank\" rel=\"noopener\"><img loading=\"lazy\" decoding=\"async\" src=\"http:\/\/motu.eurokolikonmaailma.fi\/kuvat\/kortti_tarra\/t14b.jpg\" alt=\"\" width=\"92\" height=\"130\" \/><\/a><\/td>\n<td style=\"width: 181px; vertical-align: top; border: 0px;\"><a href=\"http:\/\/motu.eurokolikonmaailma.fi\/kuvat\/kortti_tarra\/t9b.jpg\" target=\"_blank\" rel=\"noopener\"><img loading=\"lazy\" decoding=\"async\" src=\"http:\/\/motu.eurokolikonmaailma.fi\/kuvat\/kortti_tarra\/t9b.jpg\" alt=\"\" width=\"92\" height=\"130\" \/><\/a><\/td>\n<td style=\"width: 175px; vertical-align: top; border: 0px;\"><a href=\"http:\/\/motu.eurokolikonmaailma.fi\/kuvat\/kortti_tarra\/t7b.jpg\" target=\"_blank\" rel=\"noopener\"><img loading=\"lazy\" decoding=\"async\" src=\"http:\/\/motu.eurokolikonmaailma.fi\/kuvat\/kortti_tarra\/t7b.jpg\" alt=\"\" width=\"92\" height=\"130\" \/><\/a><\/td>\n<td style=\"width: 175px; vertical-align: top; border: 0px;\"><a href=\"http:\/\/motu.eurokolikonmaailma.fi\/kuvat\/kortti_tarra\/t6b.jpg\" target=\"_blank\" rel=\"noopener\"><img loading=\"lazy\" decoding=\"async\" src=\"http:\/\/motu.eurokolikonmaailma.fi\/kuvat\/kortti_tarra\/t6b.jpg\" alt=\"\" width=\"92\" height=\"130\" \/><\/a><\/td>\n<td style=\"width: 177px; vertical-align: top; border: 0px;\"><a href=\"http:\/\/motu.eurokolikonmaailma.fi\/kuvat\/kortti_tarra\/t3b.jpg\" target=\"_blank\" rel=\"noopener\"><img loading=\"lazy\" decoding=\"async\" src=\"http:\/\/motu.eurokolikonmaailma.fi\/kuvat\/kortti_tarra\/t3b.jpg\" alt=\"\" width=\"92\" height=\"130\" \/><\/a><\/td>\n<\/tr>\n<tr>\n<td style=\"border: 0px;\" width=\"175\" height=\"17\"><\/td>\n<td style=\"border: 0px;\" width=\"181\" height=\"17\"><\/td>\n<td style=\"border: 0px;\" width=\"175\" height=\"17\"><\/td>\n<td style=\"border: 0px;\" width=\"175\" height=\"17\"><\/td>\n<td style=\"border: 0px;\" width=\"177\" height=\"17\"><\/td>\n<\/tr>\n<tr>\n<td style=\"border: 0px;\" colspan=\"5\" width=\"540\" height=\"17\">\n<p align=\"center\"><a href=\"http:\/\/motu.eurokolikonmaailma.fi\/kuvat\/kortti_tarra\/t1b.jpg\" target=\"_blank\" rel=\"noopener\"><img loading=\"lazy\" decoding=\"async\" src=\"http:\/\/motu.eurokolikonmaailma.fi\/kuvat\/kortti_tarra\/t1b.jpg\" alt=\"\" width=\"180\" height=\"128\" \/><\/a><\/p>\n<\/td>\n<\/tr>\n<tr>\n<td style=\"border: 0px;\"><a href=\"http:\/\/motu.eurokolikonmaailma.fi\/kuvat\/kortti_tarra\/t18b.jpg\" target=\"_blank\" rel=\"noopener\"><img loading=\"lazy\" decoding=\"async\" src=\"http:\/\/motu.eurokolikonmaailma.fi\/kuvat\/kortti_tarra\/t18b.jpg\" alt=\"\" width=\"92\" height=\"130\" \/><\/a><\/td>\n<td style=\"border: 0px;\"><a href=\"http:\/\/motu.eurokolikonmaailma.fi\/kuvat\/kortti_tarra\/t11b.jpg\" target=\"_blank\" rel=\"noopener\"><img loading=\"lazy\" decoding=\"async\" src=\"http:\/\/motu.eurokolikonmaailma.fi\/kuvat\/kortti_tarra\/t11b.jpg\" alt=\"\" width=\"92\" height=\"130\" \/><\/a><\/td>\n<td style=\"border: 0px;\"><a href=\"http:\/\/motu.eurokolikonmaailma.fi\/kuvat\/kortti_tarra\/t13b.jpg\" target=\"_blank\" rel=\"noopener\"><img loading=\"lazy\" decoding=\"async\" src=\"http:\/\/motu.eurokolikonmaailma.fi\/kuvat\/kortti_tarra\/t13b.jpg\" alt=\"\" width=\"92\" height=\"130\" \/><\/a><\/td>\n<td style=\"border: 0px;\"><a href=\"http:\/\/motu.eurokolikonmaailma.fi\/kuvat\/kortti_tarra\/t15b.jpg\" target=\"_blank\" rel=\"noopener\"><img loading=\"lazy\" decoding=\"async\" src=\"http:\/\/motu.eurokolikonmaailma.fi\/kuvat\/kortti_tarra\/t15b.jpg\" alt=\"\" width=\"92\" height=\"130\" \/><\/a><\/td>\n<td style=\"border: 0px;\"><a href=\"http:\/\/motu.eurokolikonmaailma.fi\/kuvat\/kortti_tarra\/t12b.jpg\" target=\"_blank\" rel=\"noopener\"><img loading=\"lazy\" decoding=\"async\" src=\"http:\/\/motu.eurokolikonmaailma.fi\/kuvat\/kortti_tarra\/t12b.jpg\" alt=\"\" width=\"92\" height=\"130\" \/><\/a><\/td>\n<\/tr>\n<tr>\n<td style=\"border: 0px;\"><a href=\"http:\/\/motu.eurokolikonmaailma.fi\/kuvat\/kortti_tarra\/t19b1.jpg\" target=\"_blank\" rel=\"noopener\"><img loading=\"lazy\" decoding=\"async\" src=\"http:\/\/motu.eurokolikonmaailma.fi\/kuvat\/kortti_tarra\/t19b1.jpg\" alt=\"\" width=\"92\" height=\"130\" \/><\/a><\/td>\n<td style=\"border: 0px;\"><a href=\"http:\/\/motu.eurokolikonmaailma.fi\/kuvat\/kortti_tarra\/t21b.jpg\" target=\"_blank\" rel=\"noopener\"><img loading=\"lazy\" decoding=\"async\" src=\"http:\/\/motu.eurokolikonmaailma.fi\/kuvat\/kortti_tarra\/t21b.jpg\" alt=\"\" width=\"92\" height=\"130\" \/><\/a><\/td>\n<td style=\"border: 0px;\"><a href=\"http:\/\/motu.eurokolikonmaailma.fi\/kuvat\/kortti_tarra\/t17b.jpg\" target=\"_blank\" rel=\"noopener\"><img loading=\"lazy\" decoding=\"async\" src=\"http:\/\/motu.eurokolikonmaailma.fi\/kuvat\/kortti_tarra\/t17b.jpg\" alt=\"\" width=\"92\" height=\"130\" \/><\/a><\/td>\n<td style=\"border: 0px;\"><a href=\"http:\/\/motu.eurokolikonmaailma.fi\/kuvat\/kortti_tarra\/t20b.jpg\" target=\"_blank\" rel=\"noopener\"><img loading=\"lazy\" decoding=\"async\" src=\"http:\/\/motu.eurokolikonmaailma.fi\/kuvat\/kortti_tarra\/t20b.jpg\" alt=\"\" width=\"92\" height=\"130\" \/><\/a><\/td>\n<td style=\"border: 0px;\"><a href=\"http:\/\/motu.eurokolikonmaailma.fi\/kuvat\/kortti_tarra\/t16b.jpg\" target=\"_blank\" rel=\"noopener\"><img loading=\"lazy\" decoding=\"async\" src=\"http:\/\/motu.eurokolikonmaailma.fi\/kuvat\/kortti_tarra\/t16b.jpg\" alt=\"\" width=\"92\" height=\"130\" \/><\/a><\/td>\n<\/tr>\n<\/tbody>\n<\/table>\n","protected":false},"excerpt":{"rendered":"<p>Kuva aukeaa klikkaamalla uuteen ikkunaan \/ v\u00e4lilehteen. Korttisarjan kortit l\u00f6ytyv\u00e4t t\u00e4\u00e4lt\u00e4. Tarra 1: Man-E-Faces Tarra 2: Tri-Klops Tarra 3: Mer-Man Tarra 4: Beast Man Tarra 5: Stratos Tarra 6: Mekaneck Tarra 7: Hyv\u00e4t vs pahat Tarra 8: Zodac Tarra 9: &hellip; <a href=\"https:\/\/www.eurokolikonmaailma.fi\/?page_id=1307\">Lue loppuun <span class=\"meta-nav\">&rarr;<\/span><\/a><\/p>\n","protected":false},"author":1,"featured_media":0,"parent":164,"menu_order":0,"comment_status":"open","ping_status":"open","template":"","meta":{"footnotes":""},"class_list":["post-1307","page","type-page","status-publish","hentry"],"_links":{"self":[{"href":"https:\/\/www.eurokolikonmaailma.fi\/index.php?rest_route=\/wp\/v2\/pages\/1307","targetHints":{"allow":["GET"]}}],"collection":[{"href":"https:\/\/www.eurokolikonmaailma.fi\/index.php?rest_route=\/wp\/v2\/pages"}],"about":[{"href":"https:\/\/www.eurokolikonmaailma.fi\/index.php?rest_route=\/wp\/v2\/types\/page"}],"author":[{"embeddable":true,"href":"https:\/\/www.eurokolikonmaailma.fi\/index.php?rest_route=\/wp\/v2\/users\/1"}],"replies":[{"embeddable":true,"href":"https:\/\/www.eurokolikonmaailma.fi\/index.php?rest_route=%2Fwp%2Fv2%2Fcomments&post=1307"}],"version-history":[{"count":36,"href":"https:\/\/www.eurokolikonmaailma.fi\/index.php?rest_route=\/wp\/v2\/pages\/1307\/revisions"}],"predecessor-version":[{"id":5106,"href":"https:\/\/www.eurokolikonmaailma.fi\/index.php?rest_route=\/wp\/v2\/pages\/1307\/revisions\/5106"}],"up":[{"embeddable":true,"href":"https:\/\/www.eurokolikonmaailma.fi\/index.php?rest_route=\/wp\/v2\/pages\/164"}],"wp:attachment":[{"href":"https:\/\/www.eurokolikonmaailma.fi\/index.php?rest_route=%2Fwp%2Fv2%2Fmedia&parent=1307"}],"curies":[{"name":"wp","href":"https:\/\/api.w.org\/{rel}","templated":true}]}}