{"id":1300,"date":"2012-01-25T21:33:04","date_gmt":"2012-01-25T19:33:04","guid":{"rendered":"http:\/\/www.eurokolikonmaailma.fi\/blogi\/?page_id=1300"},"modified":"2012-01-25T21:43:13","modified_gmt":"2012-01-25T19:43:13","slug":"topps-kerailykorttisarja","status":"publish","type":"page","link":"https:\/\/www.eurokolikonmaailma.fi\/?page_id=1300","title":{"rendered":"TOPPS ker\u00e4ilykorttisarja"},"content":{"rendered":"<p align=\"left\">Topps on vuonna 1938 perustettu purukumien, makeisten ja ker\u00e4ilytuotteiden valmistamiseen erikoistunut yhti\u00f6. Vuonna 1984 Topps julkaisi Masters of the Universe aiheisen ker\u00e4ilykorttisarjan. Yhdess\u00e4 pakkauksessa oli 10korttia ja yksi tarra. Yksi tukkulaatikossa oli 36 pakkausta. Sarjaan kuuluu 88 ker\u00e4ilykorttia ja 21 erilaista tarraa.<\/p>\n<p align=\"left\">Ker\u00e4ilykortit (88 kpl) kertovat &#8221;Like Father Like Daughter&#8221; -nimisen 1980-luvun He-Man and the Masters of the Universe animaatiosarjan jakson tarinan. Jokaisen kortin etu puolella on kuva kyseisest\u00e4 sarjan jaksosta (ja yksi tai usempia puhekuplia), sek\u00e4 numero. Korttien k\u00e4\u00e4nt\u00f6puolella etupuolen kuvaa tarkentava tarinateksti. Tarinan kuvat ovat korteissa 3-87, mutta k\u00e4\u00e4nt\u00f6puolen tekstimuotoinen tarina alkaa jo kortista 1. Kortti numero 88 (molemmin puolin) on &#8221;checklist&#8221;, johon voi merkit\u00e4 kokoelmassaan jo olevat kortit.<\/p>\n<p align=\"left\">* Korttien koko: 8,9 cm x 6,8 cm<\/p>\n<p align=\"left\">Korttisarjan tarrojen etupuolella on toimintakuvia (1-10) sek\u00e4 hahmojen yksil\u00f6- ja ryhm\u00e4kuvia (11-21). Tarrojen k\u00e4\u00e4nt\u00f6puolet muodostavat kaksi erilaista isoa kuvaa (2 x 10) eriv\u00e4risill\u00e4 reunuksilla, lis\u00e4ksi kahden tarran k\u00e4\u00e4nt\u00f6puolella on pienet mallikuvat n\u00e4ist\u00e4 isoista kuvista. Huomasittekin varmaan juuri, ett\u00e4 pienen ristiriidan kirjoittamassani tekstiss\u00e4, koska 2 x 10 tarraa + 2 tekee 22 tarraa, mutta kuitenkin aiemmin puhuin 21 tarrasta. Edell\u00e4 mainittu johtuu siit\u00e4, ett\u00e4 tarraa #19 l\u00f6ytyy kahdella erilaisella k\u00e4\u00e4nt\u00f6puolella, jotka molemmat tarvitaan, mik\u00e4li halutaan muodostaa molemmat isot &#8221;palapeli&#8221; kuvat.<\/p>\n<p align=\"left\">* Tarrojen koko: 8,9 cm x 6,3 cm<\/p>\n<p align=\"left\"><span style=\"text-decoration: underline;\"><strong>Lista tarrojen k\u00e4\u00e4nt\u00f6puolista, &#8221;palapelien muodostamista varten:<\/strong><\/span><\/p>\n<p align=\"left\">#1: mallikuva punareunaisesta palapelikuvasta<br \/>\n#2: mallikuva sinireunaisesta palapelikuvasta<br \/>\n#3: sininen palapeli, oikea alareuna<br \/>\n#4: sininen palapeli, oikea yl\u00e4reuna<br \/>\n#5: sininen palapeli, 2. yl\u00e4oikealta<br \/>\n#6: sininen palapeli, 2. alaoikealta<br \/>\n#7: sininen palapeli, alakeskikohta<br \/>\n#8: sininen palapeli, yl\u00e4keskikohta<br \/>\n#9: sininen palapeli, 2. alavasemmalta<br \/>\n#10: sininen palapeli, 2. yl\u00e4vasemmalta<br \/>\n#11: punainen palapeli, 2. yl\u00e4vasemmalta<br \/>\n#12: punainen palapeli,\u00a0 oikea yl\u00e4reuna<br \/>\n#13: punainen palapeli,\u00a0 yl\u00e4keskikohta<br \/>\n#14: sininen palapeli, vasen alareuna<br \/>\n#15: punainen palapeli, 2. yl\u00e4oikealta<br \/>\n#16: punainen palapeli, oikea alareuna<br \/>\n#17: punainen palapeli,\u00a0 alakeskikohta<br \/>\n#18: punainen palapeli,\u00a0 vasen yl\u00e4reuna<br \/>\n#19 (I): sininen palapeli, vasen yl\u00e4reuna<br \/>\n#19 (II): punainen palapeli, vasen alareuna<br \/>\n#20: punainen palapeli, 2. alavasemmalta<br \/>\n#21: \u00a0punainen palapeli, 2. alaoikealta<\/p>\n<p align=\"left\"><a href=\"https:\/\/www.eurokolikonmaailma.fi\/blogi\/?page_id=1301\"><img loading=\"lazy\" decoding=\"async\" src=\"http:\/\/motu.eurokolikonmaailma.fi\/kuvat\/kortti_tarra\/1a.jpg\" alt=\"\" width=\"63\" height=\"90\" border=\"0\" \/><\/a>\u00a0<a href=\"https:\/\/www.eurokolikonmaailma.fi\/blogi\/?page_id=1301\"><span style=\"font-size: medium;\">Katso sarjan kortit<\/span><\/a><\/p>\n<p align=\"left\"><a href=\"https:\/\/www.eurokolikonmaailma.fi\/blogi\/?page_id=1307\"><img loading=\"lazy\" decoding=\"async\" style=\"border-style: solid; border-color: black; border-image: initial; border-width: 1px;\" src=\"http:\/\/motu.eurokolikonmaailma.fi\/kuvat\/kortti_tarra\/t19a.jpg\" alt=\"\" width=\"63\" height=\"90\" border=\"0\" \/><\/a>\u00a0<a href=\"https:\/\/www.eurokolikonmaailma.fi\/blogi\/?page_id=1307\"><span style=\"font-size: medium;\">Katso sarjan tarrat<\/span><\/a><\/p>\n","protected":false},"excerpt":{"rendered":"<p>Topps on vuonna 1938 perustettu purukumien, makeisten ja ker\u00e4ilytuotteiden valmistamiseen erikoistunut yhti\u00f6. Vuonna 1984 Topps julkaisi Masters of the Universe aiheisen ker\u00e4ilykorttisarjan. Yhdess\u00e4 pakkauksessa oli 10korttia ja yksi tarra. Yksi tukkulaatikossa oli 36 pakkausta. Sarjaan kuuluu 88 ker\u00e4ilykorttia ja 21 &hellip; <a href=\"https:\/\/www.eurokolikonmaailma.fi\/?page_id=1300\">Lue loppuun <span class=\"meta-nav\">&rarr;<\/span><\/a><\/p>\n","protected":false},"author":1,"featured_media":0,"parent":162,"menu_order":0,"comment_status":"open","ping_status":"open","template":"","meta":{"footnotes":""},"class_list":["post-1300","page","type-page","status-publish","hentry"],"_links":{"self":[{"href":"https:\/\/www.eurokolikonmaailma.fi\/index.php?rest_route=\/wp\/v2\/pages\/1300","targetHints":{"allow":["GET"]}}],"collection":[{"href":"https:\/\/www.eurokolikonmaailma.fi\/index.php?rest_route=\/wp\/v2\/pages"}],"about":[{"href":"https:\/\/www.eurokolikonmaailma.fi\/index.php?rest_route=\/wp\/v2\/types\/page"}],"author":[{"embeddable":true,"href":"https:\/\/www.eurokolikonmaailma.fi\/index.php?rest_route=\/wp\/v2\/users\/1"}],"replies":[{"embeddable":true,"href":"https:\/\/www.eurokolikonmaailma.fi\/index.php?rest_route=%2Fwp%2Fv2%2Fcomments&post=1300"}],"version-history":[{"count":3,"href":"https:\/\/www.eurokolikonmaailma.fi\/index.php?rest_route=\/wp\/v2\/pages\/1300\/revisions"}],"predecessor-version":[{"id":1308,"href":"https:\/\/www.eurokolikonmaailma.fi\/index.php?rest_route=\/wp\/v2\/pages\/1300\/revisions\/1308"}],"up":[{"embeddable":true,"href":"https:\/\/www.eurokolikonmaailma.fi\/index.php?rest_route=\/wp\/v2\/pages\/162"}],"wp:attachment":[{"href":"https:\/\/www.eurokolikonmaailma.fi\/index.php?rest_route=%2Fwp%2Fv2%2Fmedia&parent=1300"}],"curies":[{"name":"wp","href":"https:\/\/api.w.org\/{rel}","templated":true}]}}